{"id":771250,"date":"2025-08-28T14:59:07","date_gmt":"2025-08-28T11:59:07","guid":{"rendered":"https:\/\/roveyayinevi.com.tr\/index.php\/urun\/kafes-ciltli\/"},"modified":"2026-04-15T03:37:41","modified_gmt":"2026-04-15T00:37:41","slug":"kafes-ciltli","status":"publish","type":"product","link":"https:\/\/roveyayinevi.com.tr\/index.php\/urun\/kafes-ciltli\/","title":{"rendered":"Kafes (Ciltli)"},"content":{"rendered":"<p>Kabaday\u0131 masas\u0131nda yer alan gen\u00e7 bir kad\u0131n&#8230; Onun yan\u0131nda, onun can\u0131n\u0131 korumak i\u00e7in her \u015feyi yapacak olan bir fedai&#8230; \u00c7ok eskiden belli olan bu yazg\u0131da ge\u00e7mi\u015f ve ge\u00e7mi\u015fin anahtar\u0131 pe\u015flerini hi\u00e7 b\u0131rakmayacak. \u201cKabaday\u0131lar masas\u0131n\u0131 sarsan olay babam\u0131n bir hain taraf\u0131ndan vurulmas\u0131yd\u0131. Ailemi derinden sars\u0131p t\u00fcm do\u011fal afetleri ayn\u0131 anda ya\u015fatan olay ise Alabeyli kan\u0131 ta\u015f\u0131yor olmam\u0131zd\u0131. Bu soyad\u0131n\u0131 ta\u015f\u0131yanlardan biri oldu\u011fum i\u00e7in hayat\u0131m boyunca kay\u0131plarla, ikiye ayr\u0131lan yollar ve kilitli kap\u0131larla s\u0131nanacakt\u0131m. Kuyuya at\u0131lan karde\u015fimin ard\u0131ndan sessiz \u00e7\u0131\u011fl\u0131klar atacak, ate\u015fe d\u00fc\u015f\u00fcr\u00fclen abim i\u00e7in uas tutacakt\u0131m. Kader \u00e7izgisi beni bir yere ta\u015f\u0131yacakt\u0131. Akmaz sand\u0131\u011f\u0131m sular\u0131n akt\u0131\u011f\u0131 yere&#8230; As\u0131rlarca uza\u011f\u0131nda oldu\u011fum adamla bu yolu beraber y\u00fcr\u00fcyecektik. Ka\u00e7\u0131n\u0131lmazd\u0131. Onun i\u00e7in onunla beraber yanacakt\u0131m.\u201d <\/p>\n","protected":false},"excerpt":{"rendered":"<p>Kabaday\u0131 masas\u0131nda yer alan gen\u00e7 bir kad\u0131n&#8230; Onun yan\u0131nda, onun can\u0131n\u0131 korumak i\u00e7in her \u015feyi yapacak olan bir fedai&#8230; \u00c7ok eskiden belli olan bu yazg\u0131da ge\u00e7mi\u015f<span class=\"excerpt-hellip\"> [\u2026]<\/span><\/p>\n","protected":false},"featured_media":0,"template":"","meta":{"_monsterinsights_skip_tracking":false,"_monsterinsights_sitenote_active":false,"_monsterinsights_sitenote_note":"","_monsterinsights_sitenote_category":0},"product_brand":[],"product_cat":[12291,14777],"product_tag":[],"class_list":{"0":"post-771250","1":"product","2":"type-product","3":"status-publish","5":"product_cat-edebiyat","6":"product_cat-fantastik","7":"pa_cilt-ciltli","8":"pa_tur-kitap","9":"pa_yayinevi-lolla-yayinlari","10":"pa_yazar-laviniapiaf","12":"first","13":"instock","14":"sale","15":"shipping-taxable","16":"purchasable","17":"product-type-simple"},"_links":{"self":[{"href":"https:\/\/roveyayinevi.com.tr\/index.php\/wp-json\/wp\/v2\/product\/771250","targetHints":{"allow":["GET"]}}],"collection":[{"href":"https:\/\/roveyayinevi.com.tr\/index.php\/wp-json\/wp\/v2\/product"}],"about":[{"href":"https:\/\/roveyayinevi.com.tr\/index.php\/wp-json\/wp\/v2\/types\/product"}],"wp:attachment":[{"href":"https:\/\/roveyayinevi.com.tr\/index.php\/wp-json\/wp\/v2\/media?parent=771250"}],"wp:term":[{"taxonomy":"product_brand","embeddable":true,"href":"https:\/\/roveyayinevi.com.tr\/index.php\/wp-json\/wp\/v2\/product_brand?post=771250"},{"taxonomy":"product_cat","embeddable":true,"href":"https:\/\/roveyayinevi.com.tr\/index.php\/wp-json\/wp\/v2\/product_cat?post=771250"},{"taxonomy":"product_tag","embeddable":true,"href":"https:\/\/roveyayinevi.com.tr\/index.php\/wp-json\/wp\/v2\/product_tag?post=771250"}],"curies":[{"name":"wp","href":"https:\/\/api.w.org\/{rel}","templated":true}]}}