{"id":771210,"date":"2025-08-28T14:57:40","date_gmt":"2025-08-28T11:57:40","guid":{"rendered":"https:\/\/roveyayinevi.com.tr\/index.php\/urun\/andersenden-masallar\/"},"modified":"2026-04-15T03:37:40","modified_gmt":"2026-04-15T00:37:40","slug":"andersenden-masallar","status":"publish","type":"product","link":"https:\/\/roveyayinevi.com.tr\/index.php\/urun\/andersenden-masallar\/","title":{"rendered":"Andersen&#8217;den Masallar"},"content":{"rendered":"<p>\u00c7i\u00e7ekte patlamaya benzer bir \u015fey oldu ve ta\u00e7 yapraklar\u0131 birdenbire a\u00e7\u0131ld\u0131. Art\u0131k \u00e7i\u00e7e\u011fin ger\u00e7ek bir lale oldu\u011fu besbelliydi. Tam ortas\u0131nda minicik, sevimli bir k\u0131z \u00e7ocu\u011fu oturuyordu. Bir parmaktan daha b\u00fcy\u00fck olmad\u0131\u011f\u0131 i\u00e7in ona Parmak K\u0131z ad\u0131 verildi.D\u00fcnyan\u0131n en \u00fcnl\u00fc hikayecilerinden olan Andersen\u2019in masal ve karakterlerini bu kitapta bir araya getirdik. Parmak k\u0131z, \u00e7irkin \u00f6rdek yavrusu, u\u00e7an sand\u0131k, kibrit\u00e7i k\u0131z ve di\u011ferleri\u2026<\/p>\n","protected":false},"excerpt":{"rendered":"<p>\u00c7i\u00e7ekte patlamaya benzer bir \u015fey oldu ve ta\u00e7 yapraklar\u0131 birdenbire a\u00e7\u0131ld\u0131. Art\u0131k \u00e7i\u00e7e\u011fin ger\u00e7ek bir lale oldu\u011fu besbelliydi. Tam ortas\u0131nda minicik, sevimli bir k\u0131z \u00e7ocu\u011fu oturuyordu.<span class=\"excerpt-hellip\"> [\u2026]<\/span><\/p>\n","protected":false},"featured_media":0,"template":"","meta":{"_monsterinsights_skip_tracking":false,"_monsterinsights_sitenote_active":false,"_monsterinsights_sitenote_note":"","_monsterinsights_sitenote_category":0},"product_brand":[],"product_cat":[12274,12284],"product_tag":[],"class_list":{"0":"post-771210","1":"product","2":"type-product","3":"status-publish","5":"product_cat-cocuk-ve-genclik-kitaplari","6":"product_cat-hikayeler","7":"pa_cilt-ciltsiz","8":"pa_tur-kitap","9":"pa_yayinevi-yediveren-cocuk","10":"pa_yazar-hans-christian-andersen","12":"first","13":"instock","14":"sale","15":"shipping-taxable","16":"purchasable","17":"product-type-simple"},"_links":{"self":[{"href":"https:\/\/roveyayinevi.com.tr\/index.php\/wp-json\/wp\/v2\/product\/771210","targetHints":{"allow":["GET"]}}],"collection":[{"href":"https:\/\/roveyayinevi.com.tr\/index.php\/wp-json\/wp\/v2\/product"}],"about":[{"href":"https:\/\/roveyayinevi.com.tr\/index.php\/wp-json\/wp\/v2\/types\/product"}],"wp:attachment":[{"href":"https:\/\/roveyayinevi.com.tr\/index.php\/wp-json\/wp\/v2\/media?parent=771210"}],"wp:term":[{"taxonomy":"product_brand","embeddable":true,"href":"https:\/\/roveyayinevi.com.tr\/index.php\/wp-json\/wp\/v2\/product_brand?post=771210"},{"taxonomy":"product_cat","embeddable":true,"href":"https:\/\/roveyayinevi.com.tr\/index.php\/wp-json\/wp\/v2\/product_cat?post=771210"},{"taxonomy":"product_tag","embeddable":true,"href":"https:\/\/roveyayinevi.com.tr\/index.php\/wp-json\/wp\/v2\/product_tag?post=771210"}],"curies":[{"name":"wp","href":"https:\/\/api.w.org\/{rel}","templated":true}]}}