{"id":771203,"date":"2025-08-28T14:57:26","date_gmt":"2025-08-28T11:57:26","guid":{"rendered":"https:\/\/roveyayinevi.com.tr\/index.php\/urun\/kanit-pesinde-gizli-teskilat\/"},"modified":"2026-04-15T03:37:39","modified_gmt":"2026-04-15T00:37:39","slug":"kanit-pesinde-gizli-teskilat","status":"publish","type":"product","link":"https:\/\/roveyayinevi.com.tr\/index.php\/urun\/kanit-pesinde-gizli-teskilat\/","title":{"rendered":"Kan\u0131t Pe\u015finde &#8211; Gizli Te\u015fkilat"},"content":{"rendered":"<p>Ekranlar\u0131n en pop\u00fcler dizisini seyretmek i\u00e7in hayranlar\u0131 televizyon kar\u015f\u0131s\u0131na oturmu\u015fken yay\u0131n aniden kesilir. Kara Matem isimli bir karakter gizli bir te\u015fkilattan bahseder. Polisin g\u00fcndemi, bu esrarengiz olay\u0131 ayd\u0131nlatmak i\u00e7in yapt\u0131\u011f\u0131 her denemede ba\u015fka bir olayla de\u011fi\u015fmektedir. Oyun i\u00e7inde oyunun oynand\u0131\u011f\u0131, b\u00fcy\u00fck bir tiyatronun sergilendi\u011fini anlad\u0131klar\u0131nda her \u015fey de\u011fi\u015fecektir. Psikolog Yaman Erdem\u2019in t\u00fcm d\u00fc\u011f\u00fcmleri \u00e7\u00f6zecek bu maceras\u0131n\u0131 nefesinizi tutarak okuyacaks\u0131n\u0131z.<\/p>\n","protected":false},"excerpt":{"rendered":"<p>Ekranlar\u0131n en pop\u00fcler dizisini seyretmek i\u00e7in hayranlar\u0131 televizyon kar\u015f\u0131s\u0131na oturmu\u015fken yay\u0131n aniden kesilir. Kara Matem isimli bir karakter gizli bir te\u015fkilattan bahseder. Polisin g\u00fcndemi, bu esrarengiz<span class=\"excerpt-hellip\"> [\u2026]<\/span><\/p>\n","protected":false},"featured_media":0,"template":"","meta":{"_monsterinsights_skip_tracking":false,"_monsterinsights_sitenote_active":false,"_monsterinsights_sitenote_note":"","_monsterinsights_sitenote_category":0},"product_brand":[],"product_cat":[12803,12291],"product_tag":[],"class_list":{"0":"post-771203","1":"product","2":"type-product","3":"status-publish","5":"product_cat-aksiyon-macera","6":"product_cat-edebiyat","7":"pa_cilt-ciltsiz","8":"pa_tur-kitap","9":"pa_yayinevi-acayip-kitaplar","10":"pa_yazar-cihangir-defterdar","12":"first","13":"instock","14":"sale","15":"shipping-taxable","16":"purchasable","17":"product-type-simple"},"_links":{"self":[{"href":"https:\/\/roveyayinevi.com.tr\/index.php\/wp-json\/wp\/v2\/product\/771203","targetHints":{"allow":["GET"]}}],"collection":[{"href":"https:\/\/roveyayinevi.com.tr\/index.php\/wp-json\/wp\/v2\/product"}],"about":[{"href":"https:\/\/roveyayinevi.com.tr\/index.php\/wp-json\/wp\/v2\/types\/product"}],"wp:attachment":[{"href":"https:\/\/roveyayinevi.com.tr\/index.php\/wp-json\/wp\/v2\/media?parent=771203"}],"wp:term":[{"taxonomy":"product_brand","embeddable":true,"href":"https:\/\/roveyayinevi.com.tr\/index.php\/wp-json\/wp\/v2\/product_brand?post=771203"},{"taxonomy":"product_cat","embeddable":true,"href":"https:\/\/roveyayinevi.com.tr\/index.php\/wp-json\/wp\/v2\/product_cat?post=771203"},{"taxonomy":"product_tag","embeddable":true,"href":"https:\/\/roveyayinevi.com.tr\/index.php\/wp-json\/wp\/v2\/product_tag?post=771203"}],"curies":[{"name":"wp","href":"https:\/\/api.w.org\/{rel}","templated":true}]}}