{"id":771202,"date":"2025-08-28T14:57:24","date_gmt":"2025-08-28T11:57:24","guid":{"rendered":"https:\/\/roveyayinevi.com.tr\/index.php\/urun\/cumhuriyetin-yildizlari-4-gazi-yasargil\/"},"modified":"2026-04-15T03:37:39","modified_gmt":"2026-04-15T00:37:39","slug":"cumhuriyetin-yildizlari-4-gazi-yasargil","status":"publish","type":"product","link":"https:\/\/roveyayinevi.com.tr\/index.php\/urun\/cumhuriyetin-yildizlari-4-gazi-yasargil\/","title":{"rendered":"Cumhuriyetin Y\u0131ld\u0131zlar\u0131 4 &#8211; Gazi Ya\u015fargil"},"content":{"rendered":"<p>Sadece beynin koridorlardan olu\u015ftu\u011funu de\u011fil ayn\u0131 zamanda o koridorlar\u0131n nas\u0131l tedavi edilebilece\u011finin de yollar\u0131n\u0131 ayd\u0131nlatt\u0131. Y\u00fczy\u0131l\u0131n bilim adam\u0131 se\u00e7ilerek ismini tarihe silinmez harflerle yazd\u0131rd\u0131. En g\u00fczeli ise onun \u00e7al\u0131\u015fmalar\u0131 sayesinde insanlar hastal\u0131klar\u0131n\u0131 atlat\u0131p ailelerine kavu\u015fabildi.   Cumhuriyetin de\u011ferleriyle ya\u015fay\u0131p y\u0131zd\u0131zla\u015fan Gazi Ya\u015fargil&#8217;in hayat hik\u00e2yesi, her bir sat\u0131r\u0131yla size ilham kayna\u011f\u0131 olacak.<\/p>\n","protected":false},"excerpt":{"rendered":"<p>Sadece beynin koridorlardan olu\u015ftu\u011funu de\u011fil ayn\u0131 zamanda o koridorlar\u0131n nas\u0131l tedavi edilebilece\u011finin de yollar\u0131n\u0131 ayd\u0131nlatt\u0131. Y\u00fczy\u0131l\u0131n bilim adam\u0131 se\u00e7ilerek ismini tarihe silinmez harflerle yazd\u0131rd\u0131. En g\u00fczeli<span class=\"excerpt-hellip\"> [\u2026]<\/span><\/p>\n","protected":false},"featured_media":0,"template":"","meta":{"_monsterinsights_skip_tracking":false,"_monsterinsights_sitenote_active":false,"_monsterinsights_sitenote_note":"","_monsterinsights_sitenote_category":0},"product_brand":[],"product_cat":[12274,12284],"product_tag":[],"class_list":{"0":"post-771202","1":"product","2":"type-product","3":"status-publish","5":"product_cat-cocuk-ve-genclik-kitaplari","6":"product_cat-hikayeler","7":"pa_cilt-ciltsiz","8":"pa_tur-kitap","9":"pa_yayinevi-acayip-kitaplar","10":"pa_yazar-eda-bayrak","12":"first","13":"instock","14":"sale","15":"shipping-taxable","16":"purchasable","17":"product-type-simple"},"_links":{"self":[{"href":"https:\/\/roveyayinevi.com.tr\/index.php\/wp-json\/wp\/v2\/product\/771202","targetHints":{"allow":["GET"]}}],"collection":[{"href":"https:\/\/roveyayinevi.com.tr\/index.php\/wp-json\/wp\/v2\/product"}],"about":[{"href":"https:\/\/roveyayinevi.com.tr\/index.php\/wp-json\/wp\/v2\/types\/product"}],"wp:attachment":[{"href":"https:\/\/roveyayinevi.com.tr\/index.php\/wp-json\/wp\/v2\/media?parent=771202"}],"wp:term":[{"taxonomy":"product_brand","embeddable":true,"href":"https:\/\/roveyayinevi.com.tr\/index.php\/wp-json\/wp\/v2\/product_brand?post=771202"},{"taxonomy":"product_cat","embeddable":true,"href":"https:\/\/roveyayinevi.com.tr\/index.php\/wp-json\/wp\/v2\/product_cat?post=771202"},{"taxonomy":"product_tag","embeddable":true,"href":"https:\/\/roveyayinevi.com.tr\/index.php\/wp-json\/wp\/v2\/product_tag?post=771202"}],"curies":[{"name":"wp","href":"https:\/\/api.w.org\/{rel}","templated":true}]}}