{"id":771201,"date":"2025-08-28T14:57:22","date_gmt":"2025-08-28T11:57:22","guid":{"rendered":"https:\/\/roveyayinevi.com.tr\/index.php\/urun\/cumhuriyetin-yildizlari-6-turkan-saylan\/"},"modified":"2026-04-15T03:37:39","modified_gmt":"2026-04-15T00:37:39","slug":"cumhuriyetin-yildizlari-6-turkan-saylan","status":"publish","type":"product","link":"https:\/\/roveyayinevi.com.tr\/index.php\/urun\/cumhuriyetin-yildizlari-6-turkan-saylan\/","title":{"rendered":"Cumhuriyetin Y\u0131ld\u0131zlar\u0131 6 &#8211; T\u00fcrkan Saylan"},"content":{"rendered":"<p>T\u00fcrkan Saylan &#8211; Cumhuriyetin Y\u0131ld\u0131zlar\u0131 6 Kitap A\u00e7\u0131klamas\u0131 Hastal\u0131klar\u0131 y\u00fcz\u00fcnden ah\u0131rlara, cinsiyetleri y\u00fcz\u00fcnden evlere kapat\u0131lan insanlara elini uzatm\u0131\u015f bir iyilik mele\u011fi. Kendisini kimseden ay\u0131rmayan y\u00fcce g\u00f6n\u00fcll\u00fc bir doktor ve e\u011fitim sava\u015f\u00e7\u0131s\u0131. Sayesinde T\u00fcrkiye c\u00fczzam hastalar\u0131n\u0131n en az oldu\u011fu \u00fclkeler aras\u0131na girdi. K\u0131z \u00e7ocuklar\u0131 okullar\u0131na kavu\u015ftu. Cumhuriyetin de\u011ferleriyle ya\u015fay\u0131p y\u0131zd\u0131zla\u015fan T\u00fcrkan Saylan\u2019\u0131n hayat hikayesi, her bir sat\u0131r\u0131yla size ilham kayna\u011f\u0131 olacak.<\/p>\n","protected":false},"excerpt":{"rendered":"<p>T\u00fcrkan Saylan &#8211; Cumhuriyetin Y\u0131ld\u0131zlar\u0131 6 Kitap A\u00e7\u0131klamas\u0131 Hastal\u0131klar\u0131 y\u00fcz\u00fcnden ah\u0131rlara, cinsiyetleri y\u00fcz\u00fcnden evlere kapat\u0131lan insanlara elini uzatm\u0131\u015f bir iyilik mele\u011fi. Kendisini kimseden ay\u0131rmayan y\u00fcce g\u00f6n\u00fcll\u00fc<span class=\"excerpt-hellip\"> [\u2026]<\/span><\/p>\n","protected":false},"featured_media":0,"template":"","meta":{"_monsterinsights_skip_tracking":false,"_monsterinsights_sitenote_active":false,"_monsterinsights_sitenote_note":"","_monsterinsights_sitenote_category":0},"product_brand":[],"product_cat":[12274,12284],"product_tag":[],"class_list":{"0":"post-771201","1":"product","2":"type-product","3":"status-publish","5":"product_cat-cocuk-ve-genclik-kitaplari","6":"product_cat-hikayeler","7":"pa_cilt-ciltsiz","8":"pa_tur-kitap","9":"pa_yayinevi-acayip-kitaplar","10":"pa_yazar-eda-bayrak","12":"first","13":"instock","14":"sale","15":"shipping-taxable","16":"purchasable","17":"product-type-simple"},"_links":{"self":[{"href":"https:\/\/roveyayinevi.com.tr\/index.php\/wp-json\/wp\/v2\/product\/771201","targetHints":{"allow":["GET"]}}],"collection":[{"href":"https:\/\/roveyayinevi.com.tr\/index.php\/wp-json\/wp\/v2\/product"}],"about":[{"href":"https:\/\/roveyayinevi.com.tr\/index.php\/wp-json\/wp\/v2\/types\/product"}],"wp:attachment":[{"href":"https:\/\/roveyayinevi.com.tr\/index.php\/wp-json\/wp\/v2\/media?parent=771201"}],"wp:term":[{"taxonomy":"product_brand","embeddable":true,"href":"https:\/\/roveyayinevi.com.tr\/index.php\/wp-json\/wp\/v2\/product_brand?post=771201"},{"taxonomy":"product_cat","embeddable":true,"href":"https:\/\/roveyayinevi.com.tr\/index.php\/wp-json\/wp\/v2\/product_cat?post=771201"},{"taxonomy":"product_tag","embeddable":true,"href":"https:\/\/roveyayinevi.com.tr\/index.php\/wp-json\/wp\/v2\/product_tag?post=771201"}],"curies":[{"name":"wp","href":"https:\/\/api.w.org\/{rel}","templated":true}]}}

Cumhuriyetin Yıldızları 6 &#8211; Türkan Saylan

<p>Türkan Saylan &#8211; Cumhuriyetin Yıldızları 6 Kitap Açıklaması Hastalıkları yüzünden ahırlara, cinsiyetleri yüzünden evlere kapatılan insanlara elini uzatmış bir iyilik meleği. Kendisini kimseden ayırmayan yüce gönüllü bir doktor ve eğitim savaşçısı. Sayesinde Türkiye cüzzam hastalarının en az olduğu ülkeler arasına girdi. Kız çocukları okullarına kavuştu. Cumhuriyetin değerleriyle yaşayıp yızdızlaşan Türkan Saylan’ın hayat hikayesi, her bir satırıyla size ilham kaynağı olacak.</p>

<p>Türkan Saylan &#8211; Cumhuriyetin Yıldızları 6 Kitap Açıklaması Hastalıkları yüzünden ahırlara, cinsiyetleri yüzünden evlere kapatılan insanlara elini uzatmış bir iyilik meleği. Kendisini kimseden ayırmayan yüce gönüllü<span class="excerpt-hellip"> […]</span></p>
