{"id":771198,"date":"2025-08-28T14:57:15","date_gmt":"2025-08-28T11:57:15","guid":{"rendered":"https:\/\/roveyayinevi.com.tr\/index.php\/urun\/olum-ormani-beyin-avcisi\/"},"modified":"2026-04-15T03:37:39","modified_gmt":"2026-04-15T00:37:39","slug":"olum-ormani-beyin-avcisi","status":"publish","type":"product","link":"https:\/\/roveyayinevi.com.tr\/index.php\/urun\/olum-ormani-beyin-avcisi\/","title":{"rendered":"\u00d6l\u00fcm Orman\u0131 &#8211; Beyin Avc\u0131s\u0131"},"content":{"rendered":"<p>Yemye\u015fil ormanlar\u0131, bereketli topraklar\u0131 ve de\u011ferli madenleriyle insanl\u0131\u011f\u0131n do\u011fu\u015funa ev sahipli\u011fi yapan Afrika y\u00fczlerce y\u0131ld\u0131r s\u00f6m\u00fcr\u00fclmektedir.  Devletlerin otoritesi zay\u0131flam\u0131\u015f, halk ac\u0131mas\u0131z \u00e7etelerin ve gizli \u00f6rg\u00fctlerin insaf\u0131na terk edilmi\u015ftir.Ba\u015far\u0131yla tamamlad\u0131\u011f\u0131n kurtarma operasyonu d\u00f6n\u00fc\u015f\u00fc bir s\u00fcrprizle kar\u015f\u0131la\u015f\u0131yorsun. Talihsiz kara k\u0131tan\u0131n tam ortas\u0131nda yer alan Demokratik Kongo Cumhuriyeti\u2019ne giden T\u00fcrkiye b\u00fcy\u00fckel\u00e7isinin yak\u0131n korumas\u0131 olarak atand\u0131\u011f\u0131n\u0131 \u00f6\u011freniyorsun. Sorunsuz ba\u015flayan yolculu\u011funuz u\u00e7a\u011fa isabet eden y\u0131ld\u0131r\u0131mla k\u00e2busa d\u00f6n\u00fc\u015f\u00fcyor ve kendinizi balta girmemi\u015f a\u011fa\u00e7lar\u0131n ortas\u0131nda buluyorsunuz.Tehlikelerle dolu \u00f6l\u00fcm orman\u0131ndan kurtulabilmek i\u00e7in zek\u00e2 sorular\u0131n\u0131 \u00e7\u00f6z, do\u011fru tercihleri yap ve tuzaklardan kurtul. Soluk solu\u011fa okuyaca\u011f\u0131n bu maceran\u0131n kahraman\u0131 sen ol!<\/p>\n","protected":false},"excerpt":{"rendered":"<p>Yemye\u015fil ormanlar\u0131, bereketli topraklar\u0131 ve de\u011ferli madenleriyle insanl\u0131\u011f\u0131n do\u011fu\u015funa ev sahipli\u011fi yapan Afrika y\u00fczlerce y\u0131ld\u0131r s\u00f6m\u00fcr\u00fclmektedir. Devletlerin otoritesi zay\u0131flam\u0131\u015f, halk ac\u0131mas\u0131z \u00e7etelerin ve gizli \u00f6rg\u00fctlerin insaf\u0131na<span class=\"excerpt-hellip\"> [\u2026]<\/span><\/p>\n","protected":false},"featured_media":0,"template":"","meta":{"_monsterinsights_skip_tracking":false,"_monsterinsights_sitenote_active":false,"_monsterinsights_sitenote_note":"","_monsterinsights_sitenote_category":0},"product_brand":[],"product_cat":[12416,12291],"product_tag":[],"class_list":{"0":"post-771198","1":"product","2":"type-product","3":"status-publish","5":"product_cat-cizgi-roman","6":"product_cat-edebiyat","7":"pa_cilt-ciltsiz","8":"pa_tur-kitap","9":"pa_yayinevi-acayip-kitaplar","10":"pa_yazar-ahmet-baki-yerli","12":"first","13":"instock","14":"sale","15":"shipping-taxable","16":"purchasable","17":"product-type-simple"},"_links":{"self":[{"href":"https:\/\/roveyayinevi.com.tr\/index.php\/wp-json\/wp\/v2\/product\/771198","targetHints":{"allow":["GET"]}}],"collection":[{"href":"https:\/\/roveyayinevi.com.tr\/index.php\/wp-json\/wp\/v2\/product"}],"about":[{"href":"https:\/\/roveyayinevi.com.tr\/index.php\/wp-json\/wp\/v2\/types\/product"}],"wp:attachment":[{"href":"https:\/\/roveyayinevi.com.tr\/index.php\/wp-json\/wp\/v2\/media?parent=771198"}],"wp:term":[{"taxonomy":"product_brand","embeddable":true,"href":"https:\/\/roveyayinevi.com.tr\/index.php\/wp-json\/wp\/v2\/product_brand?post=771198"},{"taxonomy":"product_cat","embeddable":true,"href":"https:\/\/roveyayinevi.com.tr\/index.php\/wp-json\/wp\/v2\/product_cat?post=771198"},{"taxonomy":"product_tag","embeddable":true,"href":"https:\/\/roveyayinevi.com.tr\/index.php\/wp-json\/wp\/v2\/product_tag?post=771198"}],"curies":[{"name":"wp","href":"https:\/\/api.w.org\/{rel}","templated":true}]}}