{"id":771159,"date":"2025-08-28T14:55:56","date_gmt":"2025-08-28T11:55:56","guid":{"rendered":"https:\/\/roveyayinevi.com.tr\/index.php\/urun\/kibris-baskini\/"},"modified":"2026-04-15T03:37:38","modified_gmt":"2026-04-15T00:37:38","slug":"kibris-baskini","status":"publish","type":"product","link":"https:\/\/roveyayinevi.com.tr\/index.php\/urun\/kibris-baskini\/","title":{"rendered":"K\u0131br\u0131s Bask\u0131n\u0131"},"content":{"rendered":"<p>K\u0131br\u0131s\u2019\u0131n derin sular\u0131nda kaybolmu\u015f bir s\u0131r\u2026 Barnabas \u0130ncili\u2019ni ele ge\u00e7irmek i\u00e7in y\u00fcr\u00fct\u00fclen uluslararas\u0131 bir operasyon\u2026 Ve bu plana kar\u015f\u0131 duran T\u00fcrk devlet akl\u0131n\u0131n en cesur adamlar\u0131\u2026 Amerikan istihbarat\u0131n\u0131n en karanl\u0131k operasyonlar\u0131ndan biri Ma\u00e7ka\u2019dan Vazelon Manast\u0131r\u0131\u2019ndan K\u0131br\u0131s\u2019a uzan\u0131yor. CIA ajanlar\u0131, sahte kimlikler, ihanetler ve derin ittifaklar\u2026 Alparslan ve ekibi, tarihin en kritik noktalar\u0131ndan birinde, sadece bir elin parmaklar\u0131 kadar ki\u015fiyle, t\u00fcm d\u00fcnyaya kar\u015f\u0131 koymaya haz\u0131rlan\u0131yor. Bu sadece bir kitap de\u011fil, bir inanc\u0131n, vatan sevgisinin ve kahramanl\u0131\u011f\u0131n hik\u00e2yesi! Gerilim, aksiyon ve tarih dolu bir maceraya haz\u0131r olun!<\/p>\n","protected":false},"excerpt":{"rendered":"<p>K\u0131br\u0131s\u2019\u0131n derin sular\u0131nda kaybolmu\u015f bir s\u0131r\u2026 Barnabas \u0130ncili\u2019ni ele ge\u00e7irmek i\u00e7in y\u00fcr\u00fct\u00fclen uluslararas\u0131 bir operasyon\u2026 Ve bu plana kar\u015f\u0131 duran T\u00fcrk devlet akl\u0131n\u0131n en cesur adamlar\u0131\u2026<span class=\"excerpt-hellip\"> [\u2026]<\/span><\/p>\n","protected":false},"featured_media":0,"template":"","meta":{"_monsterinsights_skip_tracking":false,"_monsterinsights_sitenote_active":false,"_monsterinsights_sitenote_note":"","_monsterinsights_sitenote_category":0},"product_brand":[],"product_cat":[12803,12291],"product_tag":[],"class_list":{"0":"post-771159","1":"product","2":"type-product","3":"status-publish","5":"product_cat-aksiyon-macera","6":"product_cat-edebiyat","7":"pa_cilt-ciltsiz","8":"pa_tur-kitap","9":"pa_yayinevi-yediveren-yayinlari","10":"pa_yazar-gokhan-celik","12":"first","13":"instock","14":"sale","15":"shipping-taxable","16":"purchasable","17":"product-type-simple"},"_links":{"self":[{"href":"https:\/\/roveyayinevi.com.tr\/index.php\/wp-json\/wp\/v2\/product\/771159","targetHints":{"allow":["GET"]}}],"collection":[{"href":"https:\/\/roveyayinevi.com.tr\/index.php\/wp-json\/wp\/v2\/product"}],"about":[{"href":"https:\/\/roveyayinevi.com.tr\/index.php\/wp-json\/wp\/v2\/types\/product"}],"wp:attachment":[{"href":"https:\/\/roveyayinevi.com.tr\/index.php\/wp-json\/wp\/v2\/media?parent=771159"}],"wp:term":[{"taxonomy":"product_brand","embeddable":true,"href":"https:\/\/roveyayinevi.com.tr\/index.php\/wp-json\/wp\/v2\/product_brand?post=771159"},{"taxonomy":"product_cat","embeddable":true,"href":"https:\/\/roveyayinevi.com.tr\/index.php\/wp-json\/wp\/v2\/product_cat?post=771159"},{"taxonomy":"product_tag","embeddable":true,"href":"https:\/\/roveyayinevi.com.tr\/index.php\/wp-json\/wp\/v2\/product_tag?post=771159"}],"curies":[{"name":"wp","href":"https:\/\/api.w.org\/{rel}","templated":true}]}}