{"id":771158,"date":"2025-08-28T14:55:54","date_gmt":"2025-08-28T11:55:54","guid":{"rendered":"https:\/\/roveyayinevi.com.tr\/index.php\/urun\/hancinin-karisi-ve-12-oyku-daha\/"},"modified":"2026-04-15T03:37:38","modified_gmt":"2026-04-15T00:37:38","slug":"hancinin-karisi-ve-12-oyku-daha","status":"publish","type":"product","link":"https:\/\/roveyayinevi.com.tr\/index.php\/urun\/hancinin-karisi-ve-12-oyku-daha\/","title":{"rendered":"Hanc\u0131n\u0131n Kar\u0131s\u0131 ve 12 \u00d6yk\u00fc Daha"},"content":{"rendered":"<p>\u201cSadece hik\u00e2ye anlat\u0131yorum.\u201d der Sait Faik, ama onun hik\u00e2yeleri s\u0131radan anlat\u0131lar de\u011fildir. \u0130stanbul\u2019un sokaklar\u0131, deniz kokan k\u0131y\u0131lar\u0131, bal\u0131k\u00e7\u0131lar, i\u015fsizler, \u00e7ocuklar ve hayalleri h\u0131rpalanm\u0131\u015f insanlar\u2026 Onun kaleminde her biri birer kahramana d\u00f6n\u00fc\u015f\u00fcr. Sait Faik\u2019in \u00f6yk\u00fcleri, insan\u0131n insana duydu\u011fu sevginin, do\u011fayla kurdu\u011fu ba\u011f\u0131n ve \u00f6zg\u00fcrl\u00fc\u011f\u00fcn en samimi ifadelerindendir. Bu kitap, usta yazar\u0131n benzersiz g\u00f6zlem g\u00fcc\u00fc ve \u015fiirsel diliyle kaleme ald\u0131\u011f\u0131 13 \u00f6yk\u00fcy\u00fc bir araya getiriyor. Her sat\u0131r\u0131nda, \u0130stanbul\u2019un unutulmaz atmosferini, denizi, insan\u0131 ve insan ruhunun derinliklerini ke\u015ffedeceksiniz. Kitapta yer alan \u00f6yk\u00fcler: Kumarbaz Hayri Efendi, Barometre, Bir Ev Sahibi, Halla\u00e7, Jimnastik Yapan Adam, Hanc\u0131n\u0131n Kar\u0131s\u0131, Lo\u011fusa, Kalorifer ve Bahar, I Kalorifer II Bahar, Kayseri Yolcular\u0131, Tiyatro Kumpanyas\u0131, Bulamayan<\/p>\n","protected":false},"excerpt":{"rendered":"<p>\u201cSadece hik\u00e2ye anlat\u0131yorum.\u201d der Sait Faik, ama onun hik\u00e2yeleri s\u0131radan anlat\u0131lar de\u011fildir. \u0130stanbul\u2019un sokaklar\u0131, deniz kokan k\u0131y\u0131lar\u0131, bal\u0131k\u00e7\u0131lar, i\u015fsizler, \u00e7ocuklar ve hayalleri h\u0131rpalanm\u0131\u015f insanlar\u2026 Onun kaleminde<span class=\"excerpt-hellip\"> [\u2026]<\/span><\/p>\n","protected":false},"featured_media":0,"template":"","meta":{"_monsterinsights_skip_tracking":false,"_monsterinsights_sitenote_active":false,"_monsterinsights_sitenote_note":"","_monsterinsights_sitenote_category":0},"product_brand":[],"product_cat":[12291,12711],"product_tag":[],"class_list":{"0":"post-771158","1":"product","2":"type-product","3":"status-publish","5":"product_cat-edebiyat","6":"product_cat-roman-oyku","7":"pa_cilt-ciltsiz","8":"pa_tur-kitap","9":"pa_yayinevi-yediveren-yayinlari","10":"pa_yazar-sait-faik-abasiyanik","12":"first","13":"instock","14":"sale","15":"shipping-taxable","16":"purchasable","17":"product-type-simple"},"_links":{"self":[{"href":"https:\/\/roveyayinevi.com.tr\/index.php\/wp-json\/wp\/v2\/product\/771158","targetHints":{"allow":["GET"]}}],"collection":[{"href":"https:\/\/roveyayinevi.com.tr\/index.php\/wp-json\/wp\/v2\/product"}],"about":[{"href":"https:\/\/roveyayinevi.com.tr\/index.php\/wp-json\/wp\/v2\/types\/product"}],"wp:attachment":[{"href":"https:\/\/roveyayinevi.com.tr\/index.php\/wp-json\/wp\/v2\/media?parent=771158"}],"wp:term":[{"taxonomy":"product_brand","embeddable":true,"href":"https:\/\/roveyayinevi.com.tr\/index.php\/wp-json\/wp\/v2\/product_brand?post=771158"},{"taxonomy":"product_cat","embeddable":true,"href":"https:\/\/roveyayinevi.com.tr\/index.php\/wp-json\/wp\/v2\/product_cat?post=771158"},{"taxonomy":"product_tag","embeddable":true,"href":"https:\/\/roveyayinevi.com.tr\/index.php\/wp-json\/wp\/v2\/product_tag?post=771158"}],"curies":[{"name":"wp","href":"https:\/\/api.w.org\/{rel}","templated":true}]}}