{"id":771154,"date":"2025-08-28T14:55:45","date_gmt":"2025-08-28T11:55:45","guid":{"rendered":"https:\/\/roveyayinevi.com.tr\/index.php\/urun\/belki-derdimize-care-bir-cicek\/"},"modified":"2026-04-15T03:37:38","modified_gmt":"2026-04-15T00:37:38","slug":"belki-derdimize-care-bir-cicek","status":"publish","type":"product","link":"https:\/\/roveyayinevi.com.tr\/index.php\/urun\/belki-derdimize-care-bir-cicek\/","title":{"rendered":"Belki Derdimize \u00c7are Bir \u00c7i\u00e7ek"},"content":{"rendered":"<p>\u015eimdi ey g\u00fczel insan, gel birlikte g\u00fczel av\u0131na \u00e7\u0131kal\u0131m, ruhu mest eden bir rayiha geliyor uzaktan, gel o kokuyu izleyelim, belki derdimize \u00e7are bir \u00e7i\u00e7ektir.   Modern insan, k\u00f6ks\u00fczl\u00fck ve kimlik bunal\u0131m\u0131 i\u00e7inde savrulurken, hakikat yerine parlat\u0131lm\u0131\u015f imgelerle yetinmeye zorlan\u0131yor. \u00d6zg\u00fcrl\u00fc\u011f\u00fcn s\u0131n\u0131r bilmekten ge\u00e7ti\u011fini unutan bir \u00e7a\u011fda, vicdan\u0131n sesini duymak m\u00fcmk\u00fcn m\u00fc? Sadettin \u00d6kten, Kemal Sayar ve Mehmet Din\u00e7\u2019in anlat\u0131mlar\u0131yla \u015fekillenen bu eser, insan\u0131n i\u00e7 d\u00fcnyas\u0131ndaki b\u00fcy\u00fck sorulara cesaretle bak\u0131yor: Mesuliyet ahl\u00e2k\u0131 neden zay\u0131flad\u0131? \u0130nsan yaln\u0131zla\u015f\u0131rken hangi de\u011ferlerini kaybetti? Ger\u00e7ek teselli nedir ve hakikat alg\u0131s\u0131 nas\u0131l \u00e7arp\u0131t\u0131l\u0131yor? Bu sayfalarda, insan\u0131n kendi kalbine, vicdan\u0131na ve yarat\u0131c\u0131yla olan ba\u011flar\u0131na dair derin bir yolculu\u011fa \u00e7\u0131kacaks\u0131n\u0131z. Belki de en b\u00fcy\u00fck de\u011fi\u015fim, g\u00f6zlerinizi g\u00f6ky\u00fcz\u00fcne \u00e7evirip bir kez daha d\u00fc\u015f\u00fcnmekle ba\u015flayacak. <\/p>\n","protected":false},"excerpt":{"rendered":"<p>\u015eimdi ey g\u00fczel insan, gel birlikte g\u00fczel av\u0131na \u00e7\u0131kal\u0131m, ruhu mest eden bir rayiha geliyor uzaktan, gel o kokuyu izleyelim, belki derdimize \u00e7are bir \u00e7i\u00e7ektir. Modern<span class=\"excerpt-hellip\"> [\u2026]<\/span><\/p>\n","protected":false},"featured_media":0,"template":"","meta":{"_monsterinsights_skip_tracking":false,"_monsterinsights_sitenote_active":false,"_monsterinsights_sitenote_note":"","_monsterinsights_sitenote_category":0},"product_brand":[],"product_cat":[12291,30969],"product_tag":[],"class_list":{"0":"post-771154","1":"product","2":"type-product","3":"status-publish","5":"product_cat-edebiyat","6":"product_cat-soylesi-edebiyat","7":"pa_cilt-ciltsiz","8":"pa_tur-kitap","9":"pa_yayinevi-tk-yayinlari","10":"pa_yazar-kolektif","12":"first","13":"instock","14":"sale","15":"shipping-taxable","16":"purchasable","17":"product-type-simple"},"_links":{"self":[{"href":"https:\/\/roveyayinevi.com.tr\/index.php\/wp-json\/wp\/v2\/product\/771154","targetHints":{"allow":["GET"]}}],"collection":[{"href":"https:\/\/roveyayinevi.com.tr\/index.php\/wp-json\/wp\/v2\/product"}],"about":[{"href":"https:\/\/roveyayinevi.com.tr\/index.php\/wp-json\/wp\/v2\/types\/product"}],"wp:attachment":[{"href":"https:\/\/roveyayinevi.com.tr\/index.php\/wp-json\/wp\/v2\/media?parent=771154"}],"wp:term":[{"taxonomy":"product_brand","embeddable":true,"href":"https:\/\/roveyayinevi.com.tr\/index.php\/wp-json\/wp\/v2\/product_brand?post=771154"},{"taxonomy":"product_cat","embeddable":true,"href":"https:\/\/roveyayinevi.com.tr\/index.php\/wp-json\/wp\/v2\/product_cat?post=771154"},{"taxonomy":"product_tag","embeddable":true,"href":"https:\/\/roveyayinevi.com.tr\/index.php\/wp-json\/wp\/v2\/product_tag?post=771154"}],"curies":[{"name":"wp","href":"https:\/\/api.w.org\/{rel}","templated":true}]}}