{"id":771146,"date":"2025-08-28T14:55:28","date_gmt":"2025-08-28T11:55:28","guid":{"rendered":"https:\/\/roveyayinevi.com.tr\/index.php\/urun\/ravenin-pesinde-ciltli\/"},"modified":"2026-04-15T03:37:38","modified_gmt":"2026-04-15T00:37:38","slug":"ravenin-pesinde-ciltli","status":"publish","type":"product","link":"https:\/\/roveyayinevi.com.tr\/index.php\/urun\/ravenin-pesinde-ciltli\/","title":{"rendered":"Raven&#8217;in Pe\u015finde (Ciltli)"},"content":{"rendered":"<p>RAVEN  AKADEM\u0130S\u0130  SER\u0130S\u0130-2   H\u0130\u00c7B\u0130R A\u015eK  \u0130HANET\u0130N G\u00d6LGES\u0130NDEN TAMAMEN KA\u00c7AMAZ.   Rowenan La Blanc, ge\u00e7mi\u015fin k\u00fcllerinden y\u00fckselen bir ad\u0131 ta\u015f\u0131yordu. Raven Akademisi\u2019ne ad\u0131m att\u0131\u011f\u0131nda sadece plan\u0131n\u0131n i\u015fleyece\u011fini ve suikast\u00e7\u0131l\u0131k e\u011fitimi g\u00f6rece\u011fini d\u00fc\u015f\u00fcnm\u00fc\u015ft\u00fc. Oysa kar\u015f\u0131s\u0131nda duran \u015fey, annesinin kanla yaz\u0131lm\u0131\u015f kaderi ve kendi elleriyle par\u00e7alamak zorunda kalaca\u011f\u0131 bir hayatt\u0131. Yabanc\u0131 bir d\u00fc\u015fman, dost maskesi takabilir miydi? A\u015fk, d\u00fc\u015fmanla ayn\u0131 masada otururken ba\u015f\u0131n\u0131 d\u00f6nd\u00fcrebilirdi. Bazen sevdi\u011fin ki\u015finin ellerinde yok olmay\u0131 istemek kadar delice bir \u015fey yoktu. Rowenan\u2019\u0131n yolu, kalbini yakan duygular ve ruhunu kemiren ger\u00e7eklerle \u00f6r\u00fcl\u00fcyd\u00fc\u2026 Peki ya en karanl\u0131k s\u0131rlar ortaya \u00e7\u0131kt\u0131\u011f\u0131nda? Ger\u00e7ekler ilk kimi yok edecekti?<\/p>\n","protected":false},"excerpt":{"rendered":"<p>RAVEN AKADEM\u0130S\u0130 SER\u0130S\u0130-2 H\u0130\u00c7B\u0130R A\u015eK \u0130HANET\u0130N G\u00d6LGES\u0130NDEN TAMAMEN KA\u00c7AMAZ. Rowenan La Blanc, ge\u00e7mi\u015fin k\u00fcllerinden y\u00fckselen bir ad\u0131 ta\u015f\u0131yordu. Raven Akademisi\u2019ne ad\u0131m att\u0131\u011f\u0131nda sadece plan\u0131n\u0131n i\u015fleyece\u011fini ve<span class=\"excerpt-hellip\"> [\u2026]<\/span><\/p>\n","protected":false},"featured_media":0,"template":"","meta":{"_monsterinsights_skip_tracking":false,"_monsterinsights_sitenote_active":false,"_monsterinsights_sitenote_note":"","_monsterinsights_sitenote_category":0},"product_brand":[],"product_cat":[12291,14777],"product_tag":[],"class_list":{"0":"post-771146","1":"product","2":"type-product","3":"status-publish","5":"product_cat-edebiyat","6":"product_cat-fantastik","7":"pa_cilt-ciltli","8":"pa_tur-kitap","9":"pa_yayinevi-marti-yayinlari","10":"pa_yazar-selin-solaris","12":"first","13":"instock","14":"sale","15":"shipping-taxable","16":"purchasable","17":"product-type-simple"},"_links":{"self":[{"href":"https:\/\/roveyayinevi.com.tr\/index.php\/wp-json\/wp\/v2\/product\/771146","targetHints":{"allow":["GET"]}}],"collection":[{"href":"https:\/\/roveyayinevi.com.tr\/index.php\/wp-json\/wp\/v2\/product"}],"about":[{"href":"https:\/\/roveyayinevi.com.tr\/index.php\/wp-json\/wp\/v2\/types\/product"}],"wp:attachment":[{"href":"https:\/\/roveyayinevi.com.tr\/index.php\/wp-json\/wp\/v2\/media?parent=771146"}],"wp:term":[{"taxonomy":"product_brand","embeddable":true,"href":"https:\/\/roveyayinevi.com.tr\/index.php\/wp-json\/wp\/v2\/product_brand?post=771146"},{"taxonomy":"product_cat","embeddable":true,"href":"https:\/\/roveyayinevi.com.tr\/index.php\/wp-json\/wp\/v2\/product_cat?post=771146"},{"taxonomy":"product_tag","embeddable":true,"href":"https:\/\/roveyayinevi.com.tr\/index.php\/wp-json\/wp\/v2\/product_tag?post=771146"}],"curies":[{"name":"wp","href":"https:\/\/api.w.org\/{rel}","templated":true}]}}