{"id":771139,"date":"2025-08-28T14:55:14","date_gmt":"2025-08-28T11:55:14","guid":{"rendered":"https:\/\/roveyayinevi.com.tr\/index.php\/urun\/fatih-zaman-i-veladet\/"},"modified":"2026-04-15T03:37:38","modified_gmt":"2026-04-15T00:37:38","slug":"fatih-zaman-i-veladet","status":"publish","type":"product","link":"https:\/\/roveyayinevi.com.tr\/index.php\/urun\/fatih-zaman-i-veladet\/","title":{"rendered":"Fatih Zaman-I Veladet"},"content":{"rendered":"<p>\u201cArt\u0131k zaman\u0131 gelmi\u015fti; beyaz tay h\u00fccuma kalkmak istedi\u011fini \u00f6n ayaklar\u0131 ile g\u00f6klere yolalmaya \u00e7al\u0131\u015farak anlatmaya \u00e7al\u0131\u015f\u0131yordu. Tay\u0131n yelesine \u015fefkat dolu narin bir dokunu\u015funard\u0131ndan k\u0131l\u0131c\u0131n\u0131n kabzas\u0131n\u0131 kavrad\u0131 elleri. H\u0131r\u00e7\u0131n bak\u0131\u015flar\u0131 tozu dumana katarak cenkeden neferleri s\u00fczerken, as\u0131ld\u0131 k\u0131l\u0131c\u0131na b\u00fct\u00fcn g\u00fcc\u00fcyle.\u0130\u015fte burada titredi y\u00fcrek, nemlendi g\u00f6zler ve sars\u0131ld\u0131 heybetli beden. Var g\u00fcc\u00fcyleas\u0131lmaya ba\u015flad\u0131 k\u0131l\u0131c\u0131na. Ama ne yapsa olmuyor, k\u0131l\u0131c\u0131 bir t\u00fcrl\u00fc k\u0131n\u0131ndan \u00e7\u0131km\u0131yordu.Beyaz tay huzursuzla\u015fmaya ba\u015flam\u0131\u015ft\u0131, vadinin k\u0131rm\u0131z\u0131ya d\u00f6nmeye ba\u015flayan renginehayranl\u0131kla bak\u0131yor ve elinden bir \u015fey gelmemesi can\u0131n\u0131 yak\u0131yordu.Neferlerin en \u00f6n\u00fcnde k\u0131l\u0131c\u0131n\u0131n bo\u015f ge\u00e7medi\u011fi bir yi\u011fit \u00e7arpt\u0131 g\u00f6z\u00fcne. Meydan yi\u011fitlerekucak a\u00e7m\u0131\u015ft\u0131 besbelli. G\u00f6rd\u00fc\u011f\u00fc bu yi\u011fit, var g\u00fcc\u00fcyle k\u0131l\u0131c\u0131n\u0131 sall\u0131yor, her hamlede av\u0131n\u0131\u00e2deta ikiye b\u00f6l\u00fcyordu. Onun bu h\u00e2lini g\u00f6ren nefer daha bir a\u015fka geliyor ve meydansiyaha boyanm\u0131\u015f y\u00fczlere dar ediliyordu. Yi\u011fidin onca hamlesine ra\u011fmen yana\u011f\u0131ndakigamzeleri g\u00f6rebiliyor, tebess\u00fcmlerini ta y\u00fcre\u011finde hissediyordu.Y\u00fcre\u011fini dolduran k\u0131l\u0131\u00e7 kalkan sesleri heyecan\u0131na heyecan kat\u0131yor, bir an \u00f6nce cenketmenin, hatta \u015fehadetin tad\u0131na varmak istiyordu. Bir gayret daha as\u0131ld\u0131 k\u0131l\u0131ca amaolmad\u0131, olmuyordu. Beyaz tay daha bir h\u0131rslanm\u0131\u015ft\u0131 ama olacaklar\u0131 o da anlam\u0131\u015ft\u0131. Sahibineler oldu\u011funu anlamaya \u00e7al\u0131\u015fsa da bunu ba\u015faramayaca\u011f\u0131n\u0131n fark\u0131ndayd\u0131. Hilalin ate\u015fiile yanan y\u00fcre\u011fine su serpmesi i\u00e7in bir defa daha as\u0131ld\u0131 kabzaya var g\u00fcc\u00fcyle.Y\u00fcre\u011finden hayk\u0131rd\u0131\u011f\u0131 na\u011fmeler bu defa g\u00f6klere y\u00fckselmeye ba\u015flam\u0131\u015ft\u0131:\u201cYa Allah!\u201d<\/p>\n","protected":false},"excerpt":{"rendered":"<p>\u201cArt\u0131k zaman\u0131 gelmi\u015fti; beyaz tay h\u00fccuma kalkmak istedi\u011fini \u00f6n ayaklar\u0131 ile g\u00f6klere yolalmaya \u00e7al\u0131\u015farak anlatmaya \u00e7al\u0131\u015f\u0131yordu. Tay\u0131n yelesine \u015fefkat dolu narin bir dokunu\u015funard\u0131ndan k\u0131l\u0131c\u0131n\u0131n kabzas\u0131n\u0131 kavrad\u0131<span class=\"excerpt-hellip\"> [\u2026]<\/span><\/p>\n","protected":false},"featured_media":0,"template":"","meta":{"_monsterinsights_skip_tracking":false,"_monsterinsights_sitenote_active":false,"_monsterinsights_sitenote_note":"","_monsterinsights_sitenote_category":0},"product_brand":[],"product_cat":[12291,12745],"product_tag":[],"class_list":{"0":"post-771139","1":"product","2":"type-product","3":"status-publish","5":"product_cat-edebiyat","6":"product_cat-tarihi-roman","7":"pa_cilt-ciltsiz","8":"pa_tur-kitap","9":"pa_yayinevi-yediveren-yayinlari","10":"pa_yazar-gokhan-celik","12":"first","13":"instock","14":"sale","15":"shipping-taxable","16":"purchasable","17":"product-type-simple"},"_links":{"self":[{"href":"https:\/\/roveyayinevi.com.tr\/index.php\/wp-json\/wp\/v2\/product\/771139","targetHints":{"allow":["GET"]}}],"collection":[{"href":"https:\/\/roveyayinevi.com.tr\/index.php\/wp-json\/wp\/v2\/product"}],"about":[{"href":"https:\/\/roveyayinevi.com.tr\/index.php\/wp-json\/wp\/v2\/types\/product"}],"wp:attachment":[{"href":"https:\/\/roveyayinevi.com.tr\/index.php\/wp-json\/wp\/v2\/media?parent=771139"}],"wp:term":[{"taxonomy":"product_brand","embeddable":true,"href":"https:\/\/roveyayinevi.com.tr\/index.php\/wp-json\/wp\/v2\/product_brand?post=771139"},{"taxonomy":"product_cat","embeddable":true,"href":"https:\/\/roveyayinevi.com.tr\/index.php\/wp-json\/wp\/v2\/product_cat?post=771139"},{"taxonomy":"product_tag","embeddable":true,"href":"https:\/\/roveyayinevi.com.tr\/index.php\/wp-json\/wp\/v2\/product_tag?post=771139"}],"curies":[{"name":"wp","href":"https:\/\/api.w.org\/{rel}","templated":true}]}}