{"id":771135,"date":"2025-08-28T14:55:05","date_gmt":"2025-08-28T11:55:05","guid":{"rendered":"https:\/\/roveyayinevi.com.tr\/index.php\/urun\/karabibik-11\/"},"modified":"2026-04-15T03:37:38","modified_gmt":"2026-04-15T00:37:38","slug":"karabibik-11","status":"publish","type":"product","link":"https:\/\/roveyayinevi.com.tr\/index.php\/urun\/karabibik-11\/","title":{"rendered":"Karabibik"},"content":{"rendered":"<p>Karabibik bug\u00fcn erkenden uyanm\u0131\u015ft\u0131. Tarlas\u0131na \u00e7it \u00e7evirmek i\u00e7in d\u00fcn Mat\u0131rl\u0131 tepelerinden kesti\u011fi me\u015fe \u00e7al\u0131lar\u0131n\u0131n dallar\u0131 harman yerinde koca bir y\u0131\u011f\u0131n halinde durmaktayd\u0131. Sa\u011f elinde a\u011fz\u0131 \u00e7entikli bir tahra bulunmakta olup ge\u00e7en seneden beri nadasl\u0131 bekleyen tarlada a\u011f\u0131r ad\u0131mlarla dal y\u0131\u011f\u0131n\u0131na do\u011fru y\u00fcr\u00fcmekteydi. Aya\u011f\u0131ndaki b\u00fcy\u00fck, kal\u0131n pen\u00e7eli, s\u00f6k\u00fck ayakkab\u0131lar\u0131n\u0131 b\u00fcy\u00fck bir zorlukla s\u00fcr\u00fcklemekte  art\u0131k \u00e7\u00fcr\u00fcmek \u00fczere olan, rengi, cinsi belirsiz, \u00e7e\u015fitli renklerde yamal\u0131 dizli\u011finin deliklerinden i\u00e7donunun toprak rengine \u00e7alar rengi g\u00f6z\u00fckmekte  bir eski tezkere askerinin kim bilir ka\u00e7 sene \u00f6nce hediyesi olmak \u00fczere sahip oldu\u011fu ceketi, tutar giyilir yan\u0131 kalmad\u0131\u011f\u0131 halde ve bedenini kavrayamaz durumda olmakla beraber yine de s\u0131rt\u0131nda bulunmakta  bu ceketin alt\u0131nda kirli g\u00f6mle\u011finin g\u00f6\u011fs\u00fc, yakas\u0131 b\u00fcsb\u00fct\u00fcn a\u00e7\u0131k kalarak kay\u0131\u015f gibi sert ve siyah olan v\u00fccudunun g\u00f6\u011f\u00fcs ve ba\u011f\u0131r k\u0131s\u0131mlar\u0131n\u0131 hep a\u00e7\u0131kta b\u0131rakmaktayd\u0131.<\/p>\n","protected":false},"excerpt":{"rendered":"<p>Karabibik bug\u00fcn erkenden uyanm\u0131\u015ft\u0131. Tarlas\u0131na \u00e7it \u00e7evirmek i\u00e7in d\u00fcn Mat\u0131rl\u0131 tepelerinden kesti\u011fi me\u015fe \u00e7al\u0131lar\u0131n\u0131n dallar\u0131 harman yerinde koca bir y\u0131\u011f\u0131n halinde durmaktayd\u0131. Sa\u011f elinde a\u011fz\u0131 \u00e7entikli<span class=\"excerpt-hellip\"> [\u2026]<\/span><\/p>\n","protected":false},"featured_media":0,"template":"","meta":{"_monsterinsights_skip_tracking":false,"_monsterinsights_sitenote_active":false,"_monsterinsights_sitenote_note":"","_monsterinsights_sitenote_category":0},"product_brand":[],"product_cat":[12291,12711],"product_tag":[],"class_list":{"0":"post-771135","1":"product","2":"type-product","3":"status-publish","5":"product_cat-edebiyat","6":"product_cat-roman-oyku","7":"pa_cilt-ciltsiz","8":"pa_tur-kitap","9":"pa_yayinevi-yediveren-yayinlari","10":"pa_yazar-nabizade-nazim","12":"first","13":"instock","14":"sale","15":"shipping-taxable","16":"purchasable","17":"product-type-simple"},"_links":{"self":[{"href":"https:\/\/roveyayinevi.com.tr\/index.php\/wp-json\/wp\/v2\/product\/771135","targetHints":{"allow":["GET"]}}],"collection":[{"href":"https:\/\/roveyayinevi.com.tr\/index.php\/wp-json\/wp\/v2\/product"}],"about":[{"href":"https:\/\/roveyayinevi.com.tr\/index.php\/wp-json\/wp\/v2\/types\/product"}],"wp:attachment":[{"href":"https:\/\/roveyayinevi.com.tr\/index.php\/wp-json\/wp\/v2\/media?parent=771135"}],"wp:term":[{"taxonomy":"product_brand","embeddable":true,"href":"https:\/\/roveyayinevi.com.tr\/index.php\/wp-json\/wp\/v2\/product_brand?post=771135"},{"taxonomy":"product_cat","embeddable":true,"href":"https:\/\/roveyayinevi.com.tr\/index.php\/wp-json\/wp\/v2\/product_cat?post=771135"},{"taxonomy":"product_tag","embeddable":true,"href":"https:\/\/roveyayinevi.com.tr\/index.php\/wp-json\/wp\/v2\/product_tag?post=771135"}],"curies":[{"name":"wp","href":"https:\/\/api.w.org\/{rel}","templated":true}]}}