{"id":771131,"date":"2025-08-28T14:54:58","date_gmt":"2025-08-28T11:54:58","guid":{"rendered":"https:\/\/roveyayinevi.com.tr\/index.php\/urun\/duygusal-zeka-4\/"},"modified":"2026-04-03T03:29:21","modified_gmt":"2026-04-03T00:29:21","slug":"duygusal-zeka-4","status":"publish","type":"product","link":"https:\/\/roveyayinevi.com.tr\/index.php\/urun\/duygusal-zeka-4\/","title":{"rendered":"Duygusal Zeka"},"content":{"rendered":"<p>Duygusal zeka, ba\u015fkalar\u0131n\u0131n duygular\u0131n\u0131 anlama ve daha da \u00f6tesi bu duygular\u0131 y\u00f6nlendirme yetene\u011fidir. Bu zek\u00e2 t\u00fcr\u00fc, \u00f6zellikleri itibariyle de modern psikolojinin son y\u0131llarda en fazla ilgilendi\u011fi alanlardan birisi olmay\u0131 ba\u015farm\u0131\u015f durumdad\u0131r. Duygusal zekada ilk \u00f6nce ki\u015fi kendi karma\u015f\u0131k duygular\u0131n\u0131 anlamaktad\u0131r. Ard\u0131ndan ise ki\u015fi kar\u015f\u0131s\u0131ndakinin duygular\u0131n\u0131 anlamada ve de \u00e7ok daha \u00f6nemlisi bu duygular\u0131 y\u00f6nlendirmektedir. Duygular\u0131 do\u011fru tan\u0131mlama ve g\u00f6sterme duygusal zekan\u0131n \u00f6nemli bir par\u00e7as\u0131d\u0131r; kendi ve ba\u015fkalar\u0131n\u0131n duygular\u0131n\u0131 daha net ve \u00e7abuk fark edenler, duygulara y\u00f6nelik tepkilerini daha uygun bi\u00e7imlerde verebilirler. \u00c7evredekilerle empati kurabilen, duygular\u0131n\u0131 fark edebilen ve bu fark\u0131ndal\u0131kla kendi davran\u0131\u015flar\u0131n\u0131 \u015fekillendirenler ise sosyal ili\u015fkilerde di\u011ferleri taraf\u0131ndan daha samimi ve otantik olarak alg\u0131lan\u0131rlar. Duygusal zeka, insan\u0131n duygular\u0131na ne kadar h\u00fckmedebildi\u011fini ve onlar\u0131 nas\u0131l daha verimli kullanabilece\u011fini g\u00f6sterir. Duygusal g\u00fc\u00e7leri gerekti\u011fi gibi kullanmas\u0131n\u0131 bilen, yani EQ&#8217;su y\u00fcksek insanlar, \u00f6zel ve mesleki hayatlar\u0131nda kolayl\u0131\u011f\u0131 ve mutlulu\u011fu yakalayabilmi\u015f kimselerdir. \u00c7evresindekilerin ve kendi hislerinin fark\u0131nda olmak, g\u00fcnl\u00fck ya\u015famda kar\u015f\u0131la\u015f\u0131lan sorunlar\u0131n \u00fcstesinden gelebilme potansiyelini artt\u0131rmaktad\u0131r.<\/p>\n","protected":false},"excerpt":{"rendered":"<p>Duygusal zeka, ba\u015fkalar\u0131n\u0131n duygular\u0131n\u0131 anlama ve daha da \u00f6tesi bu duygular\u0131 y\u00f6nlendirme yetene\u011fidir. Bu zek\u00e2 t\u00fcr\u00fc, \u00f6zellikleri itibariyle de modern psikolojinin son y\u0131llarda en fazla ilgilendi\u011fi<span class=\"excerpt-hellip\"> [\u2026]<\/span><\/p>\n","protected":false},"featured_media":0,"template":"","meta":{"_monsterinsights_skip_tracking":false,"_monsterinsights_sitenote_active":false,"_monsterinsights_sitenote_note":"","_monsterinsights_sitenote_category":0},"product_brand":[],"product_cat":[12364,12376],"product_tag":[],"class_list":{"0":"post-771131","1":"product","2":"type-product","3":"status-publish","5":"product_cat-genel-konular","6":"product_cat-kisisel-gelisim","7":"pa_cilt-ciltsiz","8":"pa_tur-kitap","9":"pa_yayinevi-eftalya-kitap","10":"pa_yazar-meltem-soyuguzel","12":"first","13":"instock","14":"sale","15":"shipping-taxable","16":"purchasable","17":"product-type-simple"},"_links":{"self":[{"href":"https:\/\/roveyayinevi.com.tr\/index.php\/wp-json\/wp\/v2\/product\/771131","targetHints":{"allow":["GET"]}}],"collection":[{"href":"https:\/\/roveyayinevi.com.tr\/index.php\/wp-json\/wp\/v2\/product"}],"about":[{"href":"https:\/\/roveyayinevi.com.tr\/index.php\/wp-json\/wp\/v2\/types\/product"}],"wp:attachment":[{"href":"https:\/\/roveyayinevi.com.tr\/index.php\/wp-json\/wp\/v2\/media?parent=771131"}],"wp:term":[{"taxonomy":"product_brand","embeddable":true,"href":"https:\/\/roveyayinevi.com.tr\/index.php\/wp-json\/wp\/v2\/product_brand?post=771131"},{"taxonomy":"product_cat","embeddable":true,"href":"https:\/\/roveyayinevi.com.tr\/index.php\/wp-json\/wp\/v2\/product_cat?post=771131"},{"taxonomy":"product_tag","embeddable":true,"href":"https:\/\/roveyayinevi.com.tr\/index.php\/wp-json\/wp\/v2\/product_tag?post=771131"}],"curies":[{"name":"wp","href":"https:\/\/api.w.org\/{rel}","templated":true}]}}