{"id":771128,"date":"2025-08-28T14:54:52","date_gmt":"2025-08-28T11:54:52","guid":{"rendered":"https:\/\/roveyayinevi.com.tr\/index.php\/urun\/inovasyon-ve-pazarlama-2\/"},"modified":"2026-04-08T03:33:56","modified_gmt":"2026-04-08T00:33:56","slug":"inovasyon-ve-pazarlama-2","status":"publish","type":"product","link":"https:\/\/roveyayinevi.com.tr\/index.php\/urun\/inovasyon-ve-pazarlama-2\/","title":{"rendered":"\u0130novasyon Ve Pazarlama"},"content":{"rendered":"<p>\u0130novasyon hem yarat\u0131c\u0131 fikirlerden ticari fayda yaratma s\u00fcrecine, hem de bu s\u00fcrecin sonunda ortaya \u00e7\u0131kan yeni \u00fcr\u00fcnler, hizmetler vei\u015f modellerinin toplam\u0131na verilen bir add\u0131r. Yani ayn\u0131 kelime hem ger\u00e7ekle\u015ftirilen s\u00fcreci, hem de bu s\u00fcrecin \u00fcr\u00fcnlerini adland\u0131r\u0131lmak da kullan\u0131lmaktad\u0131r. \u0130novasyon d\u00fcnya i\u015f liderlerinin g\u00fcndeminin deen \u00fcst s\u0131ras\u0131na oturmu\u015ftur. \u0130novasyon s\u00fcreci iki a\u015famadan olu\u015fur: Birinci a\u015fama, yeni ve yarat\u0131c\u0131 fikrin ortaya \u00e7\u0131kmas\u0131d\u0131r. \u0130kinci a\u015fama ise yarat\u0131c\u0131 fikri ya\u015fama ge\u00e7irmek, yani \u00fcr\u00fcne, hizmete ve s\u00fcrece yans\u0131tarak i\u015fletmeye k\u00e2r olarak d\u00f6nmesini sa\u011flamakt\u0131r. \u0130novasyon yarat\u0131c\u0131l\u0131ktan sonra gelen bir s\u00fcre\u00e7tir. Yarat\u0131c\u0131l\u0131k bak\u0131m\u0131ndan ne kadar g\u00fc\u00e7l\u00fcyseniz inovasyon bak\u0131m\u0131ndan da o kadar g\u00fc\u00e7l\u00fc olabilirsiniz. Yarat\u0131c\u0131l\u0131k, inovasyonun hammaddesidir. \u0130novasyon yolculu\u011funa ke\u015fifle ba\u015flan\u0131r. \u0130cat ile devam eder. Ke\u015fif icada d\u00f6n\u00fc\u015f\u00fcrse insanl\u0131k i\u00e7in yararl\u0131 hale gelir. \u0130novasyon, fikrin pazarlanabilir hale d\u00f6n\u00fc\u015fmesi ve ticari hale gelmi\u015f yenilik \u015feklinde de tan\u0131mlanmaktad\u0131r. \u0130novasyon k\u0131saca &#8220;eski k\u00f6ye ye \u00e2det getirmektir.&#8221;<\/p>\n","protected":false},"excerpt":{"rendered":"<p>\u0130novasyon hem yarat\u0131c\u0131 fikirlerden ticari fayda yaratma s\u00fcrecine, hem de bu s\u00fcrecin sonunda ortaya \u00e7\u0131kan yeni \u00fcr\u00fcnler, hizmetler vei\u015f modellerinin toplam\u0131na verilen bir add\u0131r. Yani ayn\u0131<span class=\"excerpt-hellip\"> [\u2026]<\/span><\/p>\n","protected":false},"featured_media":0,"template":"","meta":{"_monsterinsights_skip_tracking":false,"_monsterinsights_sitenote_active":false,"_monsterinsights_sitenote_note":"","_monsterinsights_sitenote_category":0},"product_brand":[],"product_cat":[12364,12376],"product_tag":[],"class_list":{"0":"post-771128","1":"product","2":"type-product","3":"status-publish","5":"product_cat-genel-konular","6":"product_cat-kisisel-gelisim","7":"pa_cilt-ciltsiz","8":"pa_tur-kitap","9":"pa_yayinevi-eftalya-kitap","10":"pa_yazar-gazanfer-balaban","12":"first","13":"instock","14":"sale","15":"shipping-taxable","16":"purchasable","17":"product-type-simple"},"_links":{"self":[{"href":"https:\/\/roveyayinevi.com.tr\/index.php\/wp-json\/wp\/v2\/product\/771128","targetHints":{"allow":["GET"]}}],"collection":[{"href":"https:\/\/roveyayinevi.com.tr\/index.php\/wp-json\/wp\/v2\/product"}],"about":[{"href":"https:\/\/roveyayinevi.com.tr\/index.php\/wp-json\/wp\/v2\/types\/product"}],"wp:attachment":[{"href":"https:\/\/roveyayinevi.com.tr\/index.php\/wp-json\/wp\/v2\/media?parent=771128"}],"wp:term":[{"taxonomy":"product_brand","embeddable":true,"href":"https:\/\/roveyayinevi.com.tr\/index.php\/wp-json\/wp\/v2\/product_brand?post=771128"},{"taxonomy":"product_cat","embeddable":true,"href":"https:\/\/roveyayinevi.com.tr\/index.php\/wp-json\/wp\/v2\/product_cat?post=771128"},{"taxonomy":"product_tag","embeddable":true,"href":"https:\/\/roveyayinevi.com.tr\/index.php\/wp-json\/wp\/v2\/product_tag?post=771128"}],"curies":[{"name":"wp","href":"https:\/\/api.w.org\/{rel}","templated":true}]}}