{"id":771125,"date":"2025-08-28T14:54:47","date_gmt":"2025-08-28T11:54:47","guid":{"rendered":"https:\/\/roveyayinevi.com.tr\/index.php\/urun\/okumanin-tarihi-2\/"},"modified":"2026-04-15T03:37:37","modified_gmt":"2026-04-15T00:37:37","slug":"okumanin-tarihi-2","status":"publish","type":"product","link":"https:\/\/roveyayinevi.com.tr\/index.php\/urun\/okumanin-tarihi-2\/","title":{"rendered":"Okuman\u0131n Tarihi"},"content":{"rendered":"<p>Okumak, insanl\u0131\u011f\u0131n belki de en \u00e7arp\u0131c\u0131 ve kal\u0131c\u0131 ba\u015far\u0131lar\u0131ndan biridir. Bu mucizenin k\u00f6kenlerinden g\u00fcn\u00fcm\u00fcze uzanan ser\u00fcvenini g\u00f6zler \u00f6n\u00fcne seren Okuman\u0131n Tarihi \u2019nde Mezopotamya\u2019n\u0131n \u00e7iviyaz\u0131lar\u0131n\u0131n karma\u015f\u0131kl\u0131\u011f\u0131ndan Antik M\u0131s\u0131r\u2019da sesli okumaya, Roma \u0130mparatorlu\u011fu&#8217;nda yay\u0131lan kodeks k\u00fclt\u00fcr\u00fcnden, R\u00f6nesans\u2019\u0131n bas\u0131l\u0131 kitap devrimine ve nihayet internet \u00e7a\u011f\u0131n\u0131n ekranlar\u0131na dek, okuman\u0131n farkl\u0131 bi\u00e7im ve anlamlar\u0131 inceleniyor. Steven Roger Fischer, okuman\u0131n bireysel ya\u015famlar\u0131m\u0131z\u0131n yan\u0131 s\u0131ra toplumsal ya\u015fam\u0131m\u0131z\u0131 nas\u0131l etkiledi\u011fini tarihsel, k\u00fclt\u00fcrel ve teknolojik ba\u011flamlar\u0131yla ele al\u0131yor. Okuman\u0131n toplumlar\u0131 d\u00f6n\u00fc\u015ft\u00fcren g\u00fcc\u00fcn\u00fc, insan bilincinin geli\u015fimini \u015fekillendiren etkisini ve gelecekte bizi bekleyen olas\u0131 d\u00f6n\u00fc\u015f\u00fcmleri ortaya koyuyor. Okuman\u0131n Tarihi, akademik disiplinlerin s\u0131n\u0131rlar\u0131n\u0131 a\u015fan, genel okur kitlesinin de rahatl\u0131kla okuyabilece\u011fi bir eser olarak, okumay\u0131 hayat\u0131n\u0131n vazge\u00e7ilmezi sayan, tarihe ve k\u00fclt\u00fcre merakl\u0131 herkesin k\u00fct\u00fcphanesinde yer almas\u0131 gereken temel bir kaynak niteli\u011finde.<\/p>\n","protected":false},"excerpt":{"rendered":"<p>Okumak, insanl\u0131\u011f\u0131n belki de en \u00e7arp\u0131c\u0131 ve kal\u0131c\u0131 ba\u015far\u0131lar\u0131ndan biridir. Bu mucizenin k\u00f6kenlerinden g\u00fcn\u00fcm\u00fcze uzanan ser\u00fcvenini g\u00f6zler \u00f6n\u00fcne seren Okuman\u0131n Tarihi \u2019nde Mezopotamya\u2019n\u0131n \u00e7iviyaz\u0131lar\u0131n\u0131n karma\u015f\u0131kl\u0131\u011f\u0131ndan Antik<span class=\"excerpt-hellip\"> [\u2026]<\/span><\/p>\n","protected":false},"featured_media":0,"template":"","meta":{"_monsterinsights_skip_tracking":false,"_monsterinsights_sitenote_active":false,"_monsterinsights_sitenote_note":"","_monsterinsights_sitenote_category":0},"product_brand":[],"product_cat":[12370,12304],"product_tag":[],"class_list":{"0":"post-771125","1":"product","2":"type-product","3":"status-publish","5":"product_cat-arastirma-inceleme","6":"product_cat-tarih","7":"pa_cilt-ciltsiz","8":"pa_tur-kitap","9":"pa_yayinevi-is-bankasi-kultur-yayinlari","10":"pa_yazar-steven-roger-fischer","12":"first","13":"instock","14":"sale","15":"shipping-taxable","16":"purchasable","17":"product-type-simple"},"_links":{"self":[{"href":"https:\/\/roveyayinevi.com.tr\/index.php\/wp-json\/wp\/v2\/product\/771125","targetHints":{"allow":["GET"]}}],"collection":[{"href":"https:\/\/roveyayinevi.com.tr\/index.php\/wp-json\/wp\/v2\/product"}],"about":[{"href":"https:\/\/roveyayinevi.com.tr\/index.php\/wp-json\/wp\/v2\/types\/product"}],"wp:attachment":[{"href":"https:\/\/roveyayinevi.com.tr\/index.php\/wp-json\/wp\/v2\/media?parent=771125"}],"wp:term":[{"taxonomy":"product_brand","embeddable":true,"href":"https:\/\/roveyayinevi.com.tr\/index.php\/wp-json\/wp\/v2\/product_brand?post=771125"},{"taxonomy":"product_cat","embeddable":true,"href":"https:\/\/roveyayinevi.com.tr\/index.php\/wp-json\/wp\/v2\/product_cat?post=771125"},{"taxonomy":"product_tag","embeddable":true,"href":"https:\/\/roveyayinevi.com.tr\/index.php\/wp-json\/wp\/v2\/product_tag?post=771125"}],"curies":[{"name":"wp","href":"https:\/\/api.w.org\/{rel}","templated":true}]}}