{"id":771123,"date":"2025-08-28T14:54:43","date_gmt":"2025-08-28T11:54:43","guid":{"rendered":"https:\/\/roveyayinevi.com.tr\/index.php\/urun\/isabelle-ciltli\/"},"modified":"2026-04-15T03:37:37","modified_gmt":"2026-04-15T00:37:37","slug":"isabelle-ciltli","status":"publish","type":"product","link":"https:\/\/roveyayinevi.com.tr\/index.php\/urun\/isabelle-ciltli\/","title":{"rendered":"Isabelle (Ciltli)"},"content":{"rendered":"<p>1890\u2019l\u0131 y\u0131llar&#8230; Gen\u00e7 akademisyen G\u00e9rard Lacase, doktora tezinin ara\u015ft\u0131rmas\u0131 i\u00e7in Normandiya\u2019ya, Floche ve Saint-Aur\u00e9ol ailelerinin kald\u0131\u011f\u0131 Quartfourche \u015eatosu\u2019na gider. Devri ge\u00e7mi\u015f soylulu\u011fun kasveti, ta\u015fran\u0131n bo\u011fucu havas\u0131 i\u00e7inde Lacase, k\u00fct\u00fcphanede eski bir mektup bulur. Bu unutulmu\u015f belgede, \u015fato ahalisine d\u00e2hil olmas\u0131na ra\u011fmen ortada hi\u00e7 g\u00f6r\u00fcnmeyen bir kad\u0131ndan s\u00f6z edilmektedir. Yoklu\u011fu, o\u011flu Casimir\u2019in \u015fatodaki varl\u0131\u011f\u0131yla daha da a\u00e7\u0131klanamaz hale gelen Isabelle\u2019dir bu. Lacase\u2019\u0131n bir portrede suretini g\u00f6rd\u00fc\u011f\u00fc, gizemli Isabelle\u2019e sevdalanmas\u0131 uzun s\u00fcrmeyecektir. 1911 y\u0131l\u0131nda yay\u0131mlanan Isabelle roman\u0131nda Andr\u00e9 Gide, merak ve hayranl\u0131k duygular\u0131n\u0131n birbirini kam\u00e7\u0131lay\u0131\u015f\u0131n\u0131 \u00f6zg\u00fcn \u00fcslubuyla anlat\u0131yor. <\/p>\n","protected":false},"excerpt":{"rendered":"<p>1890\u2019l\u0131 y\u0131llar&#8230; Gen\u00e7 akademisyen G\u00e9rard Lacase, doktora tezinin ara\u015ft\u0131rmas\u0131 i\u00e7in Normandiya\u2019ya, Floche ve Saint-Aur\u00e9ol ailelerinin kald\u0131\u011f\u0131 Quartfourche \u015eatosu\u2019na gider. Devri ge\u00e7mi\u015f soylulu\u011fun kasveti, ta\u015fran\u0131n bo\u011fucu havas\u0131<span class=\"excerpt-hellip\"> [\u2026]<\/span><\/p>\n","protected":false},"featured_media":0,"template":"","meta":{"_monsterinsights_skip_tracking":false,"_monsterinsights_sitenote_active":false,"_monsterinsights_sitenote_note":"","_monsterinsights_sitenote_category":0},"product_brand":[],"product_cat":[12291,13376],"product_tag":[],"class_list":{"0":"post-771123","1":"product","2":"type-product","3":"status-publish","5":"product_cat-edebiyat","6":"product_cat-fransiz-edebiyati","7":"pa_cilt-ciltli","8":"pa_tur-kitap","9":"pa_yayinevi-is-bankasi-kultur-yayinlari","10":"pa_yazar-andre-gide","12":"first","13":"instock","14":"sale","15":"shipping-taxable","16":"purchasable","17":"product-type-simple"},"_links":{"self":[{"href":"https:\/\/roveyayinevi.com.tr\/index.php\/wp-json\/wp\/v2\/product\/771123","targetHints":{"allow":["GET"]}}],"collection":[{"href":"https:\/\/roveyayinevi.com.tr\/index.php\/wp-json\/wp\/v2\/product"}],"about":[{"href":"https:\/\/roveyayinevi.com.tr\/index.php\/wp-json\/wp\/v2\/types\/product"}],"wp:attachment":[{"href":"https:\/\/roveyayinevi.com.tr\/index.php\/wp-json\/wp\/v2\/media?parent=771123"}],"wp:term":[{"taxonomy":"product_brand","embeddable":true,"href":"https:\/\/roveyayinevi.com.tr\/index.php\/wp-json\/wp\/v2\/product_brand?post=771123"},{"taxonomy":"product_cat","embeddable":true,"href":"https:\/\/roveyayinevi.com.tr\/index.php\/wp-json\/wp\/v2\/product_cat?post=771123"},{"taxonomy":"product_tag","embeddable":true,"href":"https:\/\/roveyayinevi.com.tr\/index.php\/wp-json\/wp\/v2\/product_tag?post=771123"}],"curies":[{"name":"wp","href":"https:\/\/api.w.org\/{rel}","templated":true}]}}