{"id":771107,"date":"2025-08-28T14:54:10","date_gmt":"2025-08-28T11:54:10","guid":{"rendered":"https:\/\/roveyayinevi.com.tr\/index.php\/urun\/cocuk-gelisimi-atlasi\/"},"modified":"2026-04-15T03:37:37","modified_gmt":"2026-04-15T00:37:37","slug":"cocuk-gelisimi-atlasi","status":"publish","type":"product","link":"https:\/\/roveyayinevi.com.tr\/index.php\/urun\/cocuk-gelisimi-atlasi\/","title":{"rendered":"\u00c7ocuk Geli\u015fimi Atlas\u0131"},"content":{"rendered":"<p>&#8220;Ebeveyn olmak, \u00e7ocu\u011funuzun d\u00fcnyas\u0131na yap\u0131lan en \u00f6zel yolculuktur. Onun ilk ad\u0131mlar\u0131na e\u015flik eder, g\u00f6zlerindeki heyecan\u0131 hisseder, en derin kayg\u0131lar\u0131nda yan\u0131nda olursunuz. Ama bazen, en do\u011fruyu yapmak isterken kendinizi \u00e7aresiz ve yetersiz hissedebilirsiniz\u2026 Peki, bu yolculukta ona nas\u0131l rehberlik edece\u011finizi biliyor musunuz?&#8221; \u00c7ocu\u011funuzun geli\u015fimini en iyi \u015fekilde desteklemek i\u00e7in neler yapabilirsiniz? Onun duygular\u0131n\u0131 anlamak ve sa\u011fl\u0131kl\u0131 bir ba\u011f kurmak i\u00e7in hangi ad\u0131mlar\u0131 atmal\u0131s\u0131n\u0131z? Karde\u015f k\u0131skan\u00e7l\u0131\u011f\u0131, \u00f6fke n\u00f6betleri ve s\u0131n\u0131r koyma gibi konularda bilin\u00e7li ebeveynlik nas\u0131l m\u00fcmk\u00fcn olur? Ebeveyn olarak kendi duygular\u0131n\u0131z\u0131 nas\u0131l y\u00f6netebilir ve stresle nas\u0131l ba\u015fa \u00e7\u0131kabilirsiniz? Ebeveyn olduktan sonra yeni rollerinizle dengeyi nas\u0131l kuracaks\u0131n\u0131z? Bu kitap, \u00e7ocu\u011funuzun d\u00fcnyas\u0131n\u0131 daha iyi anlaman\u0131z\u0131, onun geli\u015fim s\u00fcrecinde bilin\u00e7li ad\u0131mlar atman\u0131z\u0131 ve sa\u011fl\u0131kl\u0131 bir ebeveyn-\u00e7ocuk ili\u015fkisi kurman\u0131z\u0131 sa\u011flayacak bir rehber. Bilimsel bilgiler, ger\u00e7ek ya\u015famdan \u00f6rnekler ve pratik \u00f6nerilerle dolu bu kitap, ebeveynlik yolculu\u011funuzu daha bilin\u00e7li ve keyifli hale getirmek i\u00e7in yan\u0131n\u0131zda olacak. \u00c7ocu\u011funuzun g\u00f6zlerinden d\u00fcnyaya bakmaya ve ebeveynlik yolculu\u011funuzu yeniden ke\u015ffetmeye haz\u0131r m\u0131s\u0131n\u0131z?<\/p>\n","protected":false},"excerpt":{"rendered":"<p>&#8220;Ebeveyn olmak, \u00e7ocu\u011funuzun d\u00fcnyas\u0131na yap\u0131lan en \u00f6zel yolculuktur. Onun ilk ad\u0131mlar\u0131na e\u015flik eder, g\u00f6zlerindeki heyecan\u0131 hisseder, en derin kayg\u0131lar\u0131nda yan\u0131nda olursunuz. Ama bazen, en do\u011fruyu yapmak<span class=\"excerpt-hellip\"> [\u2026]<\/span><\/p>\n","protected":false},"featured_media":0,"template":"","meta":{"_monsterinsights_skip_tracking":false,"_monsterinsights_sitenote_active":false,"_monsterinsights_sitenote_note":"","_monsterinsights_sitenote_category":0},"product_brand":[],"product_cat":[26509,13365],"product_tag":[],"class_list":{"0":"post-771107","1":"product","2":"type-product","3":"status-publish","5":"product_cat-cocuk-gelisimi","6":"product_cat-saglik","7":"pa_cilt-ciltsiz","8":"pa_tur-kitap","9":"pa_yayinevi-bambuk-yayinevi","10":"pa_yazar-ilay-atik-bayrak","12":"first","13":"instock","14":"sale","15":"shipping-taxable","16":"purchasable","17":"product-type-simple"},"_links":{"self":[{"href":"https:\/\/roveyayinevi.com.tr\/index.php\/wp-json\/wp\/v2\/product\/771107","targetHints":{"allow":["GET"]}}],"collection":[{"href":"https:\/\/roveyayinevi.com.tr\/index.php\/wp-json\/wp\/v2\/product"}],"about":[{"href":"https:\/\/roveyayinevi.com.tr\/index.php\/wp-json\/wp\/v2\/types\/product"}],"wp:attachment":[{"href":"https:\/\/roveyayinevi.com.tr\/index.php\/wp-json\/wp\/v2\/media?parent=771107"}],"wp:term":[{"taxonomy":"product_brand","embeddable":true,"href":"https:\/\/roveyayinevi.com.tr\/index.php\/wp-json\/wp\/v2\/product_brand?post=771107"},{"taxonomy":"product_cat","embeddable":true,"href":"https:\/\/roveyayinevi.com.tr\/index.php\/wp-json\/wp\/v2\/product_cat?post=771107"},{"taxonomy":"product_tag","embeddable":true,"href":"https:\/\/roveyayinevi.com.tr\/index.php\/wp-json\/wp\/v2\/product_tag?post=771107"}],"curies":[{"name":"wp","href":"https:\/\/api.w.org\/{rel}","templated":true}]}}