{"id":771096,"date":"2025-08-28T14:53:49","date_gmt":"2025-08-28T11:53:49","guid":{"rendered":"https:\/\/roveyayinevi.com.tr\/index.php\/urun\/gecmisin-izinde-kesan-nufus-defterlerinin-anlattiklari\/"},"modified":"2026-04-15T03:37:37","modified_gmt":"2026-04-15T00:37:37","slug":"gecmisin-izinde-kesan-nufus-defterlerinin-anlattiklari","status":"publish","type":"product","link":"https:\/\/roveyayinevi.com.tr\/index.php\/urun\/gecmisin-izinde-kesan-nufus-defterlerinin-anlattiklari\/","title":{"rendered":"Ge\u00e7mi\u015fin \u0130zinde: Ke\u015fan N\u00fcfus Defterlerinin Anlatt\u0131klar\u0131"},"content":{"rendered":"<p>\u0130nsanlar\u0131n \u00f6zg\u00fcn nitelikleri ve karakterleri nas\u0131l onlar\u0131 biricik ve \u00f6zel k\u0131l\u0131yorsa, kentler de ta\u015f\u0131d\u0131klar\u0131 tarih, k\u00fclt\u00fcr ve kimlik ile di\u011ferlerinden ayr\u0131\u015f\u0131r ve anlam kazan\u0131r. Bir kenti de\u011ferli k\u0131lan, onun hakk\u0131nda anlat\u0131lanlar, yaz\u0131lanlar ve payla\u015f\u0131lan hik\u00e2yelerdir. Ne kadar \u00e7ok anlat\u0131l\u0131rsa, ne kadar \u00e7ok yaz\u0131l\u0131rsa, bir kent o denli g\u00f6r\u00fcn\u00fcr hale gelir, bilinirli\u011fi ve de\u011feri artar. \u0130\u015fte bu d\u00fc\u015f\u00fcnceden hareketle, Ke\u015fan\u2019\u0131n ge\u00e7mi\u015fine \u0131\u015f\u0131k tutmak, ona g\u00fc\u00e7l\u00fc bir kimlik kazand\u0131rmak ve bu kimli\u011fi daha da peki\u015ftirmek amac\u0131yla bu \u00e7al\u0131\u015fma haz\u0131rland\u0131. <\/p>\n","protected":false},"excerpt":{"rendered":"<p>\u0130nsanlar\u0131n \u00f6zg\u00fcn nitelikleri ve karakterleri nas\u0131l onlar\u0131 biricik ve \u00f6zel k\u0131l\u0131yorsa, kentler de ta\u015f\u0131d\u0131klar\u0131 tarih, k\u00fclt\u00fcr ve kimlik ile di\u011ferlerinden ayr\u0131\u015f\u0131r ve anlam kazan\u0131r. Bir kenti<span class=\"excerpt-hellip\"> [\u2026]<\/span><\/p>\n","protected":false},"featured_media":0,"template":"","meta":{"_monsterinsights_skip_tracking":false,"_monsterinsights_sitenote_active":false,"_monsterinsights_sitenote_note":"","_monsterinsights_sitenote_category":0},"product_brand":[],"product_cat":[12304,13650],"product_tag":[],"class_list":{"0":"post-771096","1":"product","2":"type-product","3":"status-publish","5":"product_cat-tarih","6":"product_cat-turk-tarihi-arastirmalari","7":"pa_cilt-ciltsiz","8":"pa_tur-kitap","9":"pa_yayinevi-soncag-akademik-kitaplar","10":"pa_yazar-fatma-calik-orhun","12":"first","13":"instock","14":"sale","15":"shipping-taxable","16":"purchasable","17":"product-type-simple"},"_links":{"self":[{"href":"https:\/\/roveyayinevi.com.tr\/index.php\/wp-json\/wp\/v2\/product\/771096","targetHints":{"allow":["GET"]}}],"collection":[{"href":"https:\/\/roveyayinevi.com.tr\/index.php\/wp-json\/wp\/v2\/product"}],"about":[{"href":"https:\/\/roveyayinevi.com.tr\/index.php\/wp-json\/wp\/v2\/types\/product"}],"wp:attachment":[{"href":"https:\/\/roveyayinevi.com.tr\/index.php\/wp-json\/wp\/v2\/media?parent=771096"}],"wp:term":[{"taxonomy":"product_brand","embeddable":true,"href":"https:\/\/roveyayinevi.com.tr\/index.php\/wp-json\/wp\/v2\/product_brand?post=771096"},{"taxonomy":"product_cat","embeddable":true,"href":"https:\/\/roveyayinevi.com.tr\/index.php\/wp-json\/wp\/v2\/product_cat?post=771096"},{"taxonomy":"product_tag","embeddable":true,"href":"https:\/\/roveyayinevi.com.tr\/index.php\/wp-json\/wp\/v2\/product_tag?post=771096"}],"curies":[{"name":"wp","href":"https:\/\/api.w.org\/{rel}","templated":true}]}}