{"id":771086,"date":"2025-08-28T14:53:33","date_gmt":"2025-08-28T11:53:33","guid":{"rendered":"https:\/\/roveyayinevi.com.tr\/index.php\/urun\/tavsancan-ile-faresu-serisi-seti-11-kitap-takim\/"},"modified":"2026-04-15T03:37:36","modified_gmt":"2026-04-15T00:37:36","slug":"tavsancan-ile-faresu-serisi-seti-11-kitap-takim","status":"publish","type":"product","link":"https:\/\/roveyayinevi.com.tr\/index.php\/urun\/tavsancan-ile-faresu-serisi-seti-11-kitap-takim\/","title":{"rendered":"Tav\u015fancan ile Faresu Serisi Seti &#8211; 11 Kitap Tak\u0131m"},"content":{"rendered":"<p>Tav\u015fancan ile Faresu\u2019nun maceralar\u0131 1 milyondan fazla okura ula\u015ft\u0131! B\u00fct\u00fcn d\u00fcnyada \u00e7ocuklar\u0131n zevkle okudu\u011fu, elliden fazla dile \u00e7evrilen Gruffalo\u2019nun \u00e7izeri Axel Scheffler\u2019in yaz\u0131p resimledi\u011fi, \u00e7ocuklar\u0131n d\u00fcnyas\u0131na \u00f6zg\u00fc konular\u0131n ele al\u0131nd\u0131\u011f\u0131 \u201cTav\u015fancan ile Faresu\u201d kitaplar\u0131n\u0131n tamam\u0131 \u015fimdi tek bir \u00e7antada!<\/p>\n","protected":false},"excerpt":{"rendered":"<p>Tav\u015fancan ile Faresu\u2019nun maceralar\u0131 1 milyondan fazla okura ula\u015ft\u0131! B\u00fct\u00fcn d\u00fcnyada \u00e7ocuklar\u0131n zevkle okudu\u011fu, elliden fazla dile \u00e7evrilen Gruffalo\u2019nun \u00e7izeri Axel Scheffler\u2019in yaz\u0131p resimledi\u011fi, \u00e7ocuklar\u0131n d\u00fcnyas\u0131na<span class=\"excerpt-hellip\"> [\u2026]<\/span><\/p>\n","protected":false},"featured_media":0,"template":"","meta":{"_monsterinsights_skip_tracking":false,"_monsterinsights_sitenote_active":false,"_monsterinsights_sitenote_note":"","_monsterinsights_sitenote_category":0},"product_brand":[],"product_cat":[12274,12518],"product_tag":[],"class_list":{"0":"post-771086","1":"product","2":"type-product","3":"status-publish","5":"product_cat-cocuk-ve-genclik-kitaplari","6":"product_cat-okul-oncesi-kitaplar","7":"pa_cilt-ciltsiz","8":"pa_tur-kitap","9":"pa_yayinevi-hep-kitap","10":"pa_yazar-axel-scheffler","12":"first","13":"instock","14":"sale","15":"shipping-taxable","16":"purchasable","17":"product-type-simple"},"_links":{"self":[{"href":"https:\/\/roveyayinevi.com.tr\/index.php\/wp-json\/wp\/v2\/product\/771086","targetHints":{"allow":["GET"]}}],"collection":[{"href":"https:\/\/roveyayinevi.com.tr\/index.php\/wp-json\/wp\/v2\/product"}],"about":[{"href":"https:\/\/roveyayinevi.com.tr\/index.php\/wp-json\/wp\/v2\/types\/product"}],"wp:attachment":[{"href":"https:\/\/roveyayinevi.com.tr\/index.php\/wp-json\/wp\/v2\/media?parent=771086"}],"wp:term":[{"taxonomy":"product_brand","embeddable":true,"href":"https:\/\/roveyayinevi.com.tr\/index.php\/wp-json\/wp\/v2\/product_brand?post=771086"},{"taxonomy":"product_cat","embeddable":true,"href":"https:\/\/roveyayinevi.com.tr\/index.php\/wp-json\/wp\/v2\/product_cat?post=771086"},{"taxonomy":"product_tag","embeddable":true,"href":"https:\/\/roveyayinevi.com.tr\/index.php\/wp-json\/wp\/v2\/product_tag?post=771086"}],"curies":[{"name":"wp","href":"https:\/\/api.w.org\/{rel}","templated":true}]}}