{"id":771073,"date":"2025-08-28T14:53:09","date_gmt":"2025-08-28T11:53:09","guid":{"rendered":"https:\/\/roveyayinevi.com.tr\/index.php\/urun\/varolusun-izinde\/"},"modified":"2026-04-15T03:37:36","modified_gmt":"2026-04-15T00:37:36","slug":"varolusun-izinde","status":"publish","type":"product","link":"https:\/\/roveyayinevi.com.tr\/index.php\/urun\/varolusun-izinde\/","title":{"rendered":"Varolu\u015fun \u0130zinde"},"content":{"rendered":"<p>\u0130nsan varolu\u015funun zorluklar\u0131yla ba\u015f etmek veanlam aray\u0131\u015f\u0131na \u0131\u015f\u0131k tutmak&#8230; \u0130nsan\u0131n kendini tan\u0131ma yolculu\u011fu, en derin i\u00e7sel sorular\u0131 yan\u0131tlamak i\u00e7in \u00e7\u0131kt\u0131\u011f\u0131,durmaks\u0131z\u0131n de\u011fi\u015fen ve geli\u015fen bir s\u00fcre\u00e7tir.Varolu\u015f\u00e7u terapi, bireylerin bu yolculukta kar\u015f\u0131la\u015ft\u0131klar\u0131 kayg\u0131, anlam, \u00f6zg\u00fcrl\u00fck, ili\u015fkiler ve \u00f6l\u00fcm gibib\u00fcy\u00fck temalar \u00fczerinde d\u00fc\u015f\u00fcnme cesaretini g\u00f6stermesine rehberlik eder. Bu kitap, sadece bir terapi rehberi de\u011fil, insan ya\u015fam\u0131n\u0131n evrensel \u00e7eli\u015fkileriyle y\u00fczle\u015fen bir pusula niteli\u011finde. Emmy van Deurzen ve Claire Arnold-Baker&#8217;\u0131n rehberli\u011finde, varolu\u015f\u00e7u terapinin \u00f6nc\u00fc lerinden gelen ger\u00e7ek vaka \u00f6rnekleri ve etkili analizlerle destekle nen bu eser, okurlara kendilerini, ba\u015fkalar\u0131n\u0131 ve i\u00e7inde ya\u015fad\u0131klar\u0131 d\u00fcnyay\u0131 daha iyi anlama yolunda i\u00e7sel bir rehber sunuyor.<\/p>\n","protected":false},"excerpt":{"rendered":"<p>\u0130nsan varolu\u015funun zorluklar\u0131yla ba\u015f etmek veanlam aray\u0131\u015f\u0131na \u0131\u015f\u0131k tutmak&#8230; \u0130nsan\u0131n kendini tan\u0131ma yolculu\u011fu, en derin i\u00e7sel sorular\u0131 yan\u0131tlamak i\u00e7in \u00e7\u0131kt\u0131\u011f\u0131,durmaks\u0131z\u0131n de\u011fi\u015fen ve geli\u015fen bir s\u00fcre\u00e7tir.Varolu\u015f\u00e7u terapi,<span class=\"excerpt-hellip\"> [\u2026]<\/span><\/p>\n","protected":false},"featured_media":0,"template":"","meta":{"_monsterinsights_skip_tracking":false,"_monsterinsights_sitenote_active":false,"_monsterinsights_sitenote_note":"","_monsterinsights_sitenote_category":0},"product_brand":[],"product_cat":[12358,12357],"product_tag":[],"class_list":{"0":"post-771073","1":"product","2":"type-product","3":"status-publish","5":"product_cat-genel-psikoloji","6":"product_cat-psikoloji","7":"pa_cilt-ciltsiz","8":"pa_tur-kitap","9":"pa_yayinevi-epsilon-yayinlari","10":"pa_yazar-emmy-van-deurzen-claire-arnold-baker","12":"first","13":"instock","14":"sale","15":"shipping-taxable","16":"purchasable","17":"product-type-simple"},"_links":{"self":[{"href":"https:\/\/roveyayinevi.com.tr\/index.php\/wp-json\/wp\/v2\/product\/771073","targetHints":{"allow":["GET"]}}],"collection":[{"href":"https:\/\/roveyayinevi.com.tr\/index.php\/wp-json\/wp\/v2\/product"}],"about":[{"href":"https:\/\/roveyayinevi.com.tr\/index.php\/wp-json\/wp\/v2\/types\/product"}],"wp:attachment":[{"href":"https:\/\/roveyayinevi.com.tr\/index.php\/wp-json\/wp\/v2\/media?parent=771073"}],"wp:term":[{"taxonomy":"product_brand","embeddable":true,"href":"https:\/\/roveyayinevi.com.tr\/index.php\/wp-json\/wp\/v2\/product_brand?post=771073"},{"taxonomy":"product_cat","embeddable":true,"href":"https:\/\/roveyayinevi.com.tr\/index.php\/wp-json\/wp\/v2\/product_cat?post=771073"},{"taxonomy":"product_tag","embeddable":true,"href":"https:\/\/roveyayinevi.com.tr\/index.php\/wp-json\/wp\/v2\/product_tag?post=771073"}],"curies":[{"name":"wp","href":"https:\/\/api.w.org\/{rel}","templated":true}]}}