{"id":771071,"date":"2025-08-28T14:53:05","date_gmt":"2025-08-28T11:53:05","guid":{"rendered":"https:\/\/roveyayinevi.com.tr\/index.php\/urun\/nereden-nereye-anadolu-ajansi\/"},"modified":"2026-04-15T03:37:36","modified_gmt":"2026-04-15T00:37:36","slug":"nereden-nereye-anadolu-ajansi","status":"publish","type":"product","link":"https:\/\/roveyayinevi.com.tr\/index.php\/urun\/nereden-nereye-anadolu-ajansi\/","title":{"rendered":"Nereden Nereye Anadolu Ajans\u0131"},"content":{"rendered":"<p>liderlig\u0306indeki Tu\u0308rki- ye\u2019de Anadolu Ajans\u0131n\u0131n yas\u0327ad\u0131g\u0306\u0131 kapasite art\u0131s\u0327\u0131 incelenmektedir. Bu bag\u0306lamda 2002-2024 y\u0131llar\u0131n\u0131 kars\u0327\u0131las\u0327t\u0131rmal\u0131 verilere dayal\u0131 s\u0327ekilde analiz eden c\u0327al\u0131s\u0327ma, kamu yay\u0131nc\u0131l\u0131g\u0306\u0131na yap\u0131lan yat\u0131r\u0131mlar sonucunda Anadolu Ajans\u0131n\u0131n nereden nereye geldig\u0306ini somut s\u0327ekilde ortaya koymaktad\u0131r. Bu tarihlerde Tu\u0308rkiye\u2019nin, dig\u0306er pek c\u0327ok alanda oldug\u0306u gibi, yas\u0327ad\u0131g\u0306\u0131 pozitif deg\u0306is\u0327im ve do\u0308nu\u0308s\u0327u\u0308mu\u0308n yans\u0131malar\u0131n\u0131 AA o\u0308lc\u0327eg\u0306inde irdeleyen bu eser, kendi alan\u0131nda o\u0308nemli bir bos\u0327lug\u0306u doldurmaktad\u0131r. Cumhurbas\u0327kan\u0131 Erdog\u0306an liderlig\u0306inde takip edilen politikalar\u0131n iletis\u0327im alan\u0131ndaki en o\u0308nemli tas\u0327\u0131y\u0131c\u0131s\u0131 konumundaki Anadolu Ajans\u0131, kurulus\u0327 misyonuyla da uyumlu s\u0327ekilde cihans\u0327u\u0308mul bir haber ajans\u0131 olarak ku\u0308resel o\u0308lc\u0327ekte hakikatin yan\u0131nda bulunmaya ve bu dog\u0306rultuda haberi savunma- ya devam etmektedir. Kurtulus\u0327 Savas\u0327\u0131\u2019n\u0131n zor y\u0131llar\u0131nda, 6 Nisan 1920\u2019de, Mustafa Kemal Atatu\u0308rk\u2019u\u0308n talimat\u0131yla kurulan Anadolu Ajans\u0131, Milli\u0302 Mu\u0308cadele\u2019nin hakl\u0131 tezlerini gu\u0308c\u0327lu\u0308 bir s\u0327ekilde du\u0308nyaya duyurmus\u0327tur. Bu haber yolculug\u0306u, yap\u0131lan yat\u0131r\u0131mlar neticesinde daha gu\u0308c\u0327lu\u0308 nitelikler kazanarak yoluna devam etmektedir. Osmanl\u0131 Devleti\u2019nden Tu\u0308rkiye Cumhuriyeti\u2019ne gec\u0327is\u0327 su\u0308recinin temel o\u0308zellik- lerini de bar\u0131nd\u0131ran Anadolu Ajans\u0131, bas\u0131n alan\u0131ndaki su\u0308reklilig\u0306in miras\u0131n\u0131 tas\u0327\u0131maktad\u0131r. Elinizdeki eser, bu anlamda Anadolu Ajans\u0131n\u0131n kurulus\u0327 su\u0308recinin ku\u0308ltu\u0308rel atmosferine dair bir c\u0327erc\u0327eve c\u0327izmekte ve su\u0308reklilik unsur- lar\u0131n\u0131n u\u0308zerinde durmaktad\u0131r <\/p>\n","protected":false},"excerpt":{"rendered":"<p>liderlig\u0306indeki Tu\u0308rki- ye\u2019de Anadolu Ajans\u0131n\u0131n yas\u0327ad\u0131g\u0306\u0131 kapasite art\u0131s\u0327\u0131 incelenmektedir. Bu bag\u0306lamda 2002-2024 y\u0131llar\u0131n\u0131 kars\u0327\u0131las\u0327t\u0131rmal\u0131 verilere dayal\u0131 s\u0327ekilde analiz eden c\u0327al\u0131s\u0327ma, kamu yay\u0131nc\u0131l\u0131g\u0306\u0131na yap\u0131lan yat\u0131r\u0131mlar sonucunda Anadolu<span class=\"excerpt-hellip\"> [\u2026]<\/span><\/p>\n","protected":false},"featured_media":0,"template":"","meta":{"_monsterinsights_skip_tracking":false,"_monsterinsights_sitenote_active":false,"_monsterinsights_sitenote_note":"","_monsterinsights_sitenote_category":0},"product_brand":[],"product_cat":[12337],"product_tag":[],"class_list":{"0":"post-771071","1":"product","2":"type-product","3":"status-publish","5":"product_cat-politika-siyaset","6":"pa_cilt-ciltsiz","7":"pa_tur-kitap","8":"pa_yayinevi-anadolu-ajansi-yayinevi","9":"pa_yazar-yusuf-ozkir","11":"first","12":"instock","13":"sale","14":"shipping-taxable","15":"purchasable","16":"product-type-simple"},"_links":{"self":[{"href":"https:\/\/roveyayinevi.com.tr\/index.php\/wp-json\/wp\/v2\/product\/771071","targetHints":{"allow":["GET"]}}],"collection":[{"href":"https:\/\/roveyayinevi.com.tr\/index.php\/wp-json\/wp\/v2\/product"}],"about":[{"href":"https:\/\/roveyayinevi.com.tr\/index.php\/wp-json\/wp\/v2\/types\/product"}],"wp:attachment":[{"href":"https:\/\/roveyayinevi.com.tr\/index.php\/wp-json\/wp\/v2\/media?parent=771071"}],"wp:term":[{"taxonomy":"product_brand","embeddable":true,"href":"https:\/\/roveyayinevi.com.tr\/index.php\/wp-json\/wp\/v2\/product_brand?post=771071"},{"taxonomy":"product_cat","embeddable":true,"href":"https:\/\/roveyayinevi.com.tr\/index.php\/wp-json\/wp\/v2\/product_cat?post=771071"},{"taxonomy":"product_tag","embeddable":true,"href":"https:\/\/roveyayinevi.com.tr\/index.php\/wp-json\/wp\/v2\/product_tag?post=771071"}],"curies":[{"name":"wp","href":"https:\/\/api.w.org\/{rel}","templated":true}]}}