{"id":771070,"date":"2025-08-28T14:53:02","date_gmt":"2025-08-28T11:53:02","guid":{"rendered":"https:\/\/roveyayinevi.com.tr\/index.php\/urun\/bir-yasamin-oteki-yuzu-1950-2025\/"},"modified":"2026-04-15T03:37:36","modified_gmt":"2026-04-15T00:37:36","slug":"bir-yasamin-oteki-yuzu-1950-2025","status":"publish","type":"product","link":"https:\/\/roveyayinevi.com.tr\/index.php\/urun\/bir-yasamin-oteki-yuzu-1950-2025\/","title":{"rendered":"Bir Ya\u015fam\u0131n \u00d6teki Y\u00fcz\u00fc (1950-2025)"},"content":{"rendered":"<p>Binbo\u011fa eteklerinde, Dall\u0131kavak k\u00f6y\u00fcnde do\u011fan yazar, ta\u015ft\u0131\u015f\u0131lmaz bir Atat\u00fcrk\u00e7\u00fcd\u00fcr. Do\u011fru, dosdo\u011fru olmay\u0131 ailesinden, T\u00fcrk\u00e7eyi Muzaffer \u00d6\u011fretmen\u2019inden \u00f6\u011frendi. Ortaokulda \u00f6rnek \u00f6\u011frenci, Kayseri Lisesi\u2019nin \u201cnura ko\u015fan gen\u00e7lerinden\u201d biri ve Kartallar Yuvas\u0131 Harbiyelidir. Alt\u0131 y\u0131l\u0131 il jandarma komutanl\u0131\u011f\u0131nda ge\u00e7en 33 y\u0131ll\u0131k meslek ya\u015fam\u0131 ve tan\u0131k oldu\u011fu sosyo-ekonomik, politik ve ger\u00e7e\u011fin ger\u00e7e\u011fi g\u00f6zlemlerini sokaktaki adam yal\u0131nl\u0131\u011f\u0131 ile aktarmay\u0131 da kamu hizmeti saymaktad\u0131r. Bu \u00e7al\u0131\u015fman\u0131n, T\u00fcrk gen\u00e7li\u011fi, jandarma, polis, fak\u00fclte ve y\u00fcksekokullar\u0131 ile Harbiyelilere yard\u0131mc\u0131 ders kitab\u0131 olaca\u011f\u0131 inanc\u0131ndad\u0131r. \u0130stanbul Barosu\u2019na mensuptur. \u201cBu kitab\u0131 yazd\u0131\u011f\u0131 i\u00e7in arkada\u015f\u0131m 2460 Haydar Aksu\u2019yu candan kutluyorum.\u201d 2465 Ergin Saygun \u201cBinlerce Mustafa Kemal askerlerinden birinin hik\u00e2yesi bu kitap okunmal\u0131, okutulmal\u0131d\u0131r.\u201d Prof. Dr. Naki Selmanpako\u011flu \u201cB\u00fct\u00fcn yak\u0131n \u00e7abalar\u0131na kar\u015f\u0131n Cumhuriyetimizin diren\u00e7le ayakta kalmas\u0131n\u0131n ard\u0131ndan 1923 Devrimi\u2019ne ba\u011fl\u0131 bilin\u00e7li halk \u00e7ocuklar\u0131n\u0131n adanm\u0131\u015fl\u0131klar\u0131 vard\u0131r. Bunlardan biri de yurtsever insan Haydar Aksu\u2019dur.\u201d I\u015f\u0131k Kansu <\/p>\n","protected":false},"excerpt":{"rendered":"<p>Binbo\u011fa eteklerinde, Dall\u0131kavak k\u00f6y\u00fcnde do\u011fan yazar, ta\u015ft\u0131\u015f\u0131lmaz bir Atat\u00fcrk\u00e7\u00fcd\u00fcr. Do\u011fru, dosdo\u011fru olmay\u0131 ailesinden, T\u00fcrk\u00e7eyi Muzaffer \u00d6\u011fretmen\u2019inden \u00f6\u011frendi. Ortaokulda \u00f6rnek \u00f6\u011frenci, Kayseri Lisesi\u2019nin \u201cnura ko\u015fan gen\u00e7lerinden\u201d biri<span class=\"excerpt-hellip\"> [\u2026]<\/span><\/p>\n","protected":false},"featured_media":0,"template":"","meta":{"_monsterinsights_skip_tracking":false,"_monsterinsights_sitenote_active":false,"_monsterinsights_sitenote_note":"","_monsterinsights_sitenote_category":0},"product_brand":[],"product_cat":[13701,12291],"product_tag":[],"class_list":{"0":"post-771070","1":"product","2":"type-product","3":"status-publish","5":"product_cat-ani-mektup-gunluk","6":"product_cat-edebiyat","7":"pa_cilt-ciltsiz","8":"pa_tur-kitap","9":"pa_yayinevi-cumhuriyet-kitaplari","10":"pa_yazar-haydar-aksu","12":"first","13":"instock","14":"sale","15":"shipping-taxable","16":"purchasable","17":"product-type-simple"},"_links":{"self":[{"href":"https:\/\/roveyayinevi.com.tr\/index.php\/wp-json\/wp\/v2\/product\/771070","targetHints":{"allow":["GET"]}}],"collection":[{"href":"https:\/\/roveyayinevi.com.tr\/index.php\/wp-json\/wp\/v2\/product"}],"about":[{"href":"https:\/\/roveyayinevi.com.tr\/index.php\/wp-json\/wp\/v2\/types\/product"}],"wp:attachment":[{"href":"https:\/\/roveyayinevi.com.tr\/index.php\/wp-json\/wp\/v2\/media?parent=771070"}],"wp:term":[{"taxonomy":"product_brand","embeddable":true,"href":"https:\/\/roveyayinevi.com.tr\/index.php\/wp-json\/wp\/v2\/product_brand?post=771070"},{"taxonomy":"product_cat","embeddable":true,"href":"https:\/\/roveyayinevi.com.tr\/index.php\/wp-json\/wp\/v2\/product_cat?post=771070"},{"taxonomy":"product_tag","embeddable":true,"href":"https:\/\/roveyayinevi.com.tr\/index.php\/wp-json\/wp\/v2\/product_tag?post=771070"}],"curies":[{"name":"wp","href":"https:\/\/api.w.org\/{rel}","templated":true}]}}