{"id":771061,"date":"2025-08-28T14:52:42","date_gmt":"2025-08-28T11:52:42","guid":{"rendered":"https:\/\/roveyayinevi.com.tr\/index.php\/urun\/detaylar\/"},"modified":"2026-04-08T03:33:54","modified_gmt":"2026-04-08T00:33:54","slug":"detaylar","status":"publish","type":"product","link":"https:\/\/roveyayinevi.com.tr\/index.php\/urun\/detaylar\/","title":{"rendered":"Detaylar"},"content":{"rendered":"<p>2024 ULUSLARARASI BOOKER \u00d6D\u00dcL\u00dc F\u0130NAL\u0130ST\u0130    Ia Genberg, kendi memleketi \u0130sve\u00e7\u2019te August ve Aftenbladet \u00f6d\u00fcllerine lay\u0131k g\u00f6r\u00fclen Detaylar roman\u0131yla, uluslararas\u0131 arenada da Booker ve Dublin edebiyat \u00f6d\u00fcllerine aday g\u00f6sterilerek, Avrupa edebiyat\u0131n\u0131n son y\u0131llardaki parlayan y\u0131ld\u0131z\u0131 h\u00e2line geldi. Genberg insan ili\u015fkilerinin detaylar\u0131n\u0131, bir zamanlar ya\u015fanm\u0131\u015f ama zihnin k\u0131vr\u0131mlar\u0131nda kalm\u0131\u015f bi\u00e7imleriyle, haf\u0131zas\u0131n\u0131n ate\u015flendi\u011fi anlardan yola \u00e7\u0131karak aktar\u0131yor.    Detaylar\u2019da anlat\u0131c\u0131n\u0131n uzand\u0131\u011f\u0131 ge\u00e7mi\u015f, bir Paul Auster roman\u0131n\u0131n sayfalar\u0131ndan f\u0131rlam\u0131\u015f\u00e7as\u0131na bir s\u0131tma hararetiyle ortaya \u00e7\u0131k\u0131yor: Seksenlerin Stockholm\u2019\u00fcnde, psikolojinin hen\u00fcz gen\u00e7lerin pervas\u0131zl\u0131klar\u0131n\u0131n adlar\u0131n\u0131 koymad\u0131\u011f\u0131 d\u00f6nemde ev arkada\u015flar\u0131n\u0131n, dostlar\u0131n, sevgililerin, hayat\u0131 etkileyip belirleyen ama sonradan kaybolanlar\u0131n pe\u015fine d\u00fc\u015f\u00fcl\u00fcyor. D\u00f6rt etkileyici ad\u0131mda g\u00fcn\u00fcm\u00fcz insan\u0131n\u0131n profili \u00e7iziliyor.    Biz b\u00f6yle ya\u015fad\u0131k&#8230; Yal\u0131n ve d\u00fcr\u00fcst anlat\u0131m\u0131yla, bir ku\u015fa\u011f\u0131n hemen hemen t\u00fcm d\u00fcnyada ya\u015fad\u0131klar\u0131na da dokunan, insana unuttuklar\u0131n\u0131 k\u00e2h g\u00fcl\u00fcmseterek k\u00e2h \u00fcrperterek hat\u0131rlatan, bir kad\u0131n\u0131n g\u00f6z\u00fcnden bizim kay\u0131p zaman\u0131m\u0131z.    \u201cMucizevi t\u00fcrden bir roman.\u201d \u2013HERNAN DIAZ    \u201cO kadar g\u00fczel ki tekrar okuyabilmek i\u00e7in c\u00fcmlelerin alt\u0131n\u0131 \u00e7izip duruyorum.\u201d \u2013MARK HADDON    \u201cKaybolan\u0131n kay\u0131p kald\u0131\u011f\u0131 bir zaman\u0131 \u00f6zlemle hat\u0131rl\u0131yor.\u201d \u2013THE TIMES <\/p>\n","protected":false},"excerpt":{"rendered":"<p>2024 ULUSLARARASI BOOKER \u00d6D\u00dcL\u00dc F\u0130NAL\u0130ST\u0130 Ia Genberg, kendi memleketi \u0130sve\u00e7\u2019te August ve Aftenbladet \u00f6d\u00fcllerine lay\u0131k g\u00f6r\u00fclen Detaylar roman\u0131yla, uluslararas\u0131 arenada da Booker ve Dublin edebiyat \u00f6d\u00fcllerine<span class=\"excerpt-hellip\"> [\u2026]<\/span><\/p>\n","protected":false},"featured_media":0,"template":"","meta":{"_monsterinsights_skip_tracking":false,"_monsterinsights_sitenote_active":false,"_monsterinsights_sitenote_note":"","_monsterinsights_sitenote_category":0},"product_brand":[],"product_cat":[12291,12711],"product_tag":[],"class_list":{"0":"post-771061","1":"product","2":"type-product","3":"status-publish","5":"product_cat-edebiyat","6":"product_cat-roman-oyku","7":"pa_cilt-ciltsiz","8":"pa_tur-kitap","9":"pa_yayinevi-ithaki-yayinlari","10":"pa_yazar-ia-genberg","12":"first","13":"instock","14":"sale","15":"shipping-taxable","16":"purchasable","17":"product-type-simple"},"_links":{"self":[{"href":"https:\/\/roveyayinevi.com.tr\/index.php\/wp-json\/wp\/v2\/product\/771061","targetHints":{"allow":["GET"]}}],"collection":[{"href":"https:\/\/roveyayinevi.com.tr\/index.php\/wp-json\/wp\/v2\/product"}],"about":[{"href":"https:\/\/roveyayinevi.com.tr\/index.php\/wp-json\/wp\/v2\/types\/product"}],"wp:attachment":[{"href":"https:\/\/roveyayinevi.com.tr\/index.php\/wp-json\/wp\/v2\/media?parent=771061"}],"wp:term":[{"taxonomy":"product_brand","embeddable":true,"href":"https:\/\/roveyayinevi.com.tr\/index.php\/wp-json\/wp\/v2\/product_brand?post=771061"},{"taxonomy":"product_cat","embeddable":true,"href":"https:\/\/roveyayinevi.com.tr\/index.php\/wp-json\/wp\/v2\/product_cat?post=771061"},{"taxonomy":"product_tag","embeddable":true,"href":"https:\/\/roveyayinevi.com.tr\/index.php\/wp-json\/wp\/v2\/product_tag?post=771061"}],"curies":[{"name":"wp","href":"https:\/\/api.w.org\/{rel}","templated":true}]}}