{"id":771029,"date":"2025-08-28T14:50:56","date_gmt":"2025-08-28T11:50:56","guid":{"rendered":"https:\/\/roveyayinevi.com.tr\/index.php\/urun\/disaridaki-kiz-6\/"},"modified":"2026-04-15T03:37:35","modified_gmt":"2026-04-15T00:37:35","slug":"disaridaki-kiz-6","status":"publish","type":"product","link":"https:\/\/roveyayinevi.com.tr\/index.php\/urun\/disaridaki-kiz-6\/","title":{"rendered":"D\u0131\u015far\u0131\u2019daki K\u0131z 6"},"content":{"rendered":"<p>EVDEN UZAKTA&#8230;   Askerler taraf\u0131ndan takip edilen Doktor ve Shiva ya\u015fad\u0131klar\u0131 evi terk ederek g\u00fcvenli bir yer arar. \u0130kili, bulduklar\u0131 yeni evde saklanmaya karar verir ama kader orada da pe\u015flerini b\u0131rakmaz. Lanetli askerler, \u0130\u00e7eri\u2019dekilerin planlar\u0131 ve Doktor\u2019un \u015fimdiye kadar sakl\u0131 kalan ge\u00e7mi\u015fi yava\u015f yava\u015f a\u00e7\u0131\u011fa \u00e7\u0131k\u0131yor.   Bu, gece ve g\u00fcnd\u00fcz\u00fc birbirinden ay\u0131ran o belirsiz anda ortaya \u00e7\u0131kan ikilinin destans\u0131 hik\u00e2yesi. <\/p>\n","protected":false},"excerpt":{"rendered":"<p>EVDEN UZAKTA&#8230; Askerler taraf\u0131ndan takip edilen Doktor ve Shiva ya\u015fad\u0131klar\u0131 evi terk ederek g\u00fcvenli bir yer arar. \u0130kili, bulduklar\u0131 yeni evde saklanmaya karar verir ama kader<span class=\"excerpt-hellip\"> [\u2026]<\/span><\/p>\n","protected":false},"featured_media":0,"template":"","meta":{"_monsterinsights_skip_tracking":false,"_monsterinsights_sitenote_active":false,"_monsterinsights_sitenote_note":"","_monsterinsights_sitenote_category":0},"product_brand":[],"product_cat":[12416,12291],"product_tag":[],"class_list":{"0":"post-771029","1":"product","2":"type-product","3":"status-publish","5":"product_cat-cizgi-roman","6":"product_cat-edebiyat","7":"pa_cilt-ciltsiz","8":"pa_tur-kitap","9":"pa_yayinevi-athica-yayinlari","10":"pa_yazar-nagabe","12":"first","13":"instock","14":"sale","15":"shipping-taxable","16":"purchasable","17":"product-type-simple"},"_links":{"self":[{"href":"https:\/\/roveyayinevi.com.tr\/index.php\/wp-json\/wp\/v2\/product\/771029","targetHints":{"allow":["GET"]}}],"collection":[{"href":"https:\/\/roveyayinevi.com.tr\/index.php\/wp-json\/wp\/v2\/product"}],"about":[{"href":"https:\/\/roveyayinevi.com.tr\/index.php\/wp-json\/wp\/v2\/types\/product"}],"wp:attachment":[{"href":"https:\/\/roveyayinevi.com.tr\/index.php\/wp-json\/wp\/v2\/media?parent=771029"}],"wp:term":[{"taxonomy":"product_brand","embeddable":true,"href":"https:\/\/roveyayinevi.com.tr\/index.php\/wp-json\/wp\/v2\/product_brand?post=771029"},{"taxonomy":"product_cat","embeddable":true,"href":"https:\/\/roveyayinevi.com.tr\/index.php\/wp-json\/wp\/v2\/product_cat?post=771029"},{"taxonomy":"product_tag","embeddable":true,"href":"https:\/\/roveyayinevi.com.tr\/index.php\/wp-json\/wp\/v2\/product_tag?post=771029"}],"curies":[{"name":"wp","href":"https:\/\/api.w.org\/{rel}","templated":true}]}}