{"id":771005,"date":"2025-08-28T14:50:06","date_gmt":"2025-08-28T11:50:06","guid":{"rendered":"https:\/\/roveyayinevi.com.tr\/index.php\/urun\/cocuklar-masallar-ve-yasam\/"},"modified":"2026-04-15T03:37:17","modified_gmt":"2026-04-15T00:37:17","slug":"cocuklar-masallar-ve-yasam","status":"publish","type":"product","link":"https:\/\/roveyayinevi.com.tr\/index.php\/urun\/cocuklar-masallar-ve-yasam\/","title":{"rendered":"\u00c7ocuklar, Masallar ve Ya\u015fam"},"content":{"rendered":"<p>\u201cEdebiyat\u0131n y\u0131llard\u0131r hem mutfa\u011f\u0131nda \u00e7al\u0131\u015fan hem yazan hem de \u00f6\u011freten G\u00fcls\u00fcm Cengiz, koca bir hayat\u0131 daha g\u00fczel ve daha ya\u015fan\u0131labilir bir d\u00fcnya yaratmak ad\u0131na m\u00fccadeleyle ge\u00e7irmi\u015f, bunun i\u00e7in \u015fiirler, \u00f6yk\u00fcler, romanlar, ara\u015ft\u0131rmalar\/incelemeler yazm\u0131\u015f ve durmaks\u0131z\u0131n \u00fcretmi\u015f bir yazard\u0131r. \u00c7ocuklar Masallar ve Ya\u015fam \/ \u00c7ocuk ve Gen\u00e7lik Edebiyat\u0131 \u00dczerine (1871-2015) adl\u0131 bu kitab\u0131nda G\u00fcls\u00fcm Cengiz, 19. y\u00fczy\u0131l\u0131n sonundan itibaren g\u00fcn\u00fcm\u00fcze kadar \u00e7ocuk ve gen\u00e7lik yaz\u0131n\u0131n\u0131n d\u00fcnyada ve T\u00fcrkiye\u2019de ge\u00e7irdi\u011fi a\u015famalar\u0131 bir deneme tad\u0131nda panoramik bir bak\u0131\u015f a\u00e7\u0131s\u0131yla yedi ana ba\u015fl\u0131k alt\u0131nda ortaya koymaya \u00e7al\u0131\u015f\u0131r.\u201d           G\u00fcls\u00fcm  Cengiz eserinde, sanat\u0131n \u00e7ocuk geli\u015fimi \u00fczerindeki etkisi, okul \u00f6ncesi d\u00f6nemde halk k\u00fclt\u00fcr\u00fcn\u00fcn verimleri olan ninni, nazlatma, tekerleme, masal vb. \u00fcr\u00fcnlerin \u00e7ocuk geli\u015fimindeki yeri ve \u00f6nemi, \u00e7ocuk ve gen\u00e7lik edebiyat\u0131, bu alanda \u00fcretilen kitaplar\u0131 de\u011ferlendirme \u00f6l\u00e7\u00fctleri, \u00e7ocuk ve gen\u00e7lik edebiyat\u0131n\u0131n \u00fclkemizdeki tarihi, bu alanda yap\u0131lan \u00e7al\u0131\u015fmalar; d\u00f6nemsel \u00f6zelliklerin, ekonomik ve toplumsal ko\u015fullar\u0131n \u00e7ocuk kitaplar\u0131na yans\u0131mas\u0131; \u00e7ocuklar i\u00e7in yay\u0131mlanan kitaplardaki yaz\u0131nsal ve ideolojik sorunlar, ayr\u0131mc\u0131l\u0131k ve \u015fiddet olgular\u0131, bu alanda \u00fcretilmi\u015f baz\u0131 yap\u0131tlar \u00fczerine yo\u011funla\u015fmaktad\u0131r. \u00c7ocuk ve gen\u00e7lik edebiyat\u0131na ili\u015fkin birikim ve deneyimlerini payla\u015ft\u0131\u011f\u0131 bu kitapta; do\u011fumdan ba\u015flayarak ilk gen\u00e7lik d\u00f6nemini de kapsayan s\u00fcrede \u00e7ocuklar\u0131 ve gen\u00e7leri etkileyen s\u00f6z, ezgi, oyun ve kitaplar\u0131n onlar \u00fczerindeki etkisini ortaya koymaktad\u0131r. Prof. Dr. Medine S\u0130VR\u0130 <\/p>\n","protected":false},"excerpt":{"rendered":"<p>\u201cEdebiyat\u0131n y\u0131llard\u0131r hem mutfa\u011f\u0131nda \u00e7al\u0131\u015fan hem yazan hem de \u00f6\u011freten G\u00fcls\u00fcm Cengiz, koca bir hayat\u0131 daha g\u00fczel ve daha ya\u015fan\u0131labilir bir d\u00fcnya yaratmak ad\u0131na m\u00fccadeleyle ge\u00e7irmi\u015f,<span class=\"excerpt-hellip\"> [\u2026]<\/span><\/p>\n","protected":false},"featured_media":0,"template":"","meta":{"_monsterinsights_skip_tracking":false,"_monsterinsights_sitenote_active":false,"_monsterinsights_sitenote_note":"","_monsterinsights_sitenote_category":0},"product_brand":[],"product_cat":[13072,12291],"product_tag":[],"class_list":{"0":"post-771005","1":"product","2":"type-product","3":"status-publish","5":"product_cat-arastirma-inceleme-referans","6":"product_cat-edebiyat","7":"pa_cilt-ciltsiz","8":"pa_tur-kitap","9":"pa_yayinevi-kor-kitap","10":"pa_yazar-gulsum-cengiz","12":"first","13":"instock","14":"sale","15":"shipping-taxable","16":"purchasable","17":"product-type-simple"},"_links":{"self":[{"href":"https:\/\/roveyayinevi.com.tr\/index.php\/wp-json\/wp\/v2\/product\/771005","targetHints":{"allow":["GET"]}}],"collection":[{"href":"https:\/\/roveyayinevi.com.tr\/index.php\/wp-json\/wp\/v2\/product"}],"about":[{"href":"https:\/\/roveyayinevi.com.tr\/index.php\/wp-json\/wp\/v2\/types\/product"}],"wp:attachment":[{"href":"https:\/\/roveyayinevi.com.tr\/index.php\/wp-json\/wp\/v2\/media?parent=771005"}],"wp:term":[{"taxonomy":"product_brand","embeddable":true,"href":"https:\/\/roveyayinevi.com.tr\/index.php\/wp-json\/wp\/v2\/product_brand?post=771005"},{"taxonomy":"product_cat","embeddable":true,"href":"https:\/\/roveyayinevi.com.tr\/index.php\/wp-json\/wp\/v2\/product_cat?post=771005"},{"taxonomy":"product_tag","embeddable":true,"href":"https:\/\/roveyayinevi.com.tr\/index.php\/wp-json\/wp\/v2\/product_tag?post=771005"}],"curies":[{"name":"wp","href":"https:\/\/api.w.org\/{rel}","templated":true}]}}