{"id":770989,"date":"2025-08-28T14:49:32","date_gmt":"2025-08-28T11:49:32","guid":{"rendered":"https:\/\/roveyayinevi.com.tr\/index.php\/urun\/andersen-masallari-11\/"},"modified":"2026-04-15T03:37:16","modified_gmt":"2026-04-15T00:37:16","slug":"andersen-masallari-11","status":"publish","type":"product","link":"https:\/\/roveyayinevi.com.tr\/index.php\/urun\/andersen-masallari-11\/","title":{"rendered":"Andersen Masallar\u0131"},"content":{"rendered":"<p>Masallar\u0131n b\u00fcy\u00fcl\u00fc d\u00fcnyas\u0131na a\u00e7\u0131lan bu kitapta, birbirinden etkileyici hik\u00e2yeler sizi bekliyor! Kral\u0131n Yeni Giysileri&#8217;nde, kibirli bir kral\u0131n ba\u015f\u0131na gelen komik olaylara tan\u0131k olacak, Karlar Krali\u00e7esi&#8217;nde dostlu\u011fun ve cesaretin neleri ba\u015farabilece\u011fini ke\u015ffedeceksiniz. Kibrit\u00e7i K\u0131z\u2019\u0131n yakt\u0131\u011f\u0131 her kibrit alevinde umut dolu hayallerine e\u015flik ederken, onun y\u00fcre\u011finize dokunan hik\u00e2yesini asla unutamayacaks\u0131n\u0131z. Her sayfada s\u00fcrprizlerle dolu bu masallar, sizi hem g\u00fcld\u00fcrecek hem de duyguland\u0131racak.   D\u00fc\u015f\u00fcn\u00fcn, g\u00f6r\u00fcnmez giysilerle sokaklarda dola\u015fan bir kral olabilir mi? Ya da kal\u0131n buzlar\u0131n ard\u0131nda saklanan bir krali\u00e7eyi yenmek m\u00fcmk\u00fcn m\u00fc? So\u011fuk bir gecede, k\u00fc\u00e7\u00fcc\u00fck bir k\u0131z\u0131n kibrit alevlerinde g\u00f6rd\u00fc\u011f\u00fc hayaller ger\u00e7e\u011fe d\u00f6n\u00fc\u015febilir mi? Andersen Masallar\u0131 sizi hayal g\u00fcc\u00fcn\u00fcz\u00fc \u00f6zg\u00fcr b\u0131rakmaya ve bu sihirli d\u00fcnyada unutulmaz bir yolculu\u011fa \u00e7\u0131kmaya davet ediyor. \u015eimdi kitab\u0131n kapa\u011f\u0131n\u0131 a\u00e7\u0131n ve masallar\u0131n b\u00fcy\u00fcs\u00fcne kap\u0131l\u0131n!<\/p>\n","protected":false},"excerpt":{"rendered":"<p>Masallar\u0131n b\u00fcy\u00fcl\u00fc d\u00fcnyas\u0131na a\u00e7\u0131lan bu kitapta, birbirinden etkileyici hik\u00e2yeler sizi bekliyor! Kral\u0131n Yeni Giysileri&#8217;nde, kibirli bir kral\u0131n ba\u015f\u0131na gelen komik olaylara tan\u0131k olacak, Karlar Krali\u00e7esi&#8217;nde dostlu\u011fun<span class=\"excerpt-hellip\"> [\u2026]<\/span><\/p>\n","protected":false},"featured_media":0,"template":"","meta":{"_monsterinsights_skip_tracking":false,"_monsterinsights_sitenote_active":false,"_monsterinsights_sitenote_note":"","_monsterinsights_sitenote_category":0},"product_brand":[],"product_cat":[12274,12284],"product_tag":[],"class_list":{"0":"post-770989","1":"product","2":"type-product","3":"status-publish","5":"product_cat-cocuk-ve-genclik-kitaplari","6":"product_cat-hikayeler","7":"pa_cilt-ciltsiz","8":"pa_tur-kitap","9":"pa_yayinevi-pars-yayinlari","10":"pa_yazar-hans-anderson","12":"first","13":"instock","14":"sale","15":"shipping-taxable","16":"purchasable","17":"product-type-simple"},"_links":{"self":[{"href":"https:\/\/roveyayinevi.com.tr\/index.php\/wp-json\/wp\/v2\/product\/770989","targetHints":{"allow":["GET"]}}],"collection":[{"href":"https:\/\/roveyayinevi.com.tr\/index.php\/wp-json\/wp\/v2\/product"}],"about":[{"href":"https:\/\/roveyayinevi.com.tr\/index.php\/wp-json\/wp\/v2\/types\/product"}],"wp:attachment":[{"href":"https:\/\/roveyayinevi.com.tr\/index.php\/wp-json\/wp\/v2\/media?parent=770989"}],"wp:term":[{"taxonomy":"product_brand","embeddable":true,"href":"https:\/\/roveyayinevi.com.tr\/index.php\/wp-json\/wp\/v2\/product_brand?post=770989"},{"taxonomy":"product_cat","embeddable":true,"href":"https:\/\/roveyayinevi.com.tr\/index.php\/wp-json\/wp\/v2\/product_cat?post=770989"},{"taxonomy":"product_tag","embeddable":true,"href":"https:\/\/roveyayinevi.com.tr\/index.php\/wp-json\/wp\/v2\/product_tag?post=770989"}],"curies":[{"name":"wp","href":"https:\/\/api.w.org\/{rel}","templated":true}]}}