{"id":770970,"date":"2025-08-28T14:48:53","date_gmt":"2025-08-28T11:48:53","guid":{"rendered":"https:\/\/roveyayinevi.com.tr\/index.php\/urun\/guzel-insanlar-sokagi\/"},"modified":"2026-04-15T03:37:16","modified_gmt":"2026-04-15T00:37:16","slug":"guzel-insanlar-sokagi","status":"publish","type":"product","link":"https:\/\/roveyayinevi.com.tr\/index.php\/urun\/guzel-insanlar-sokagi\/","title":{"rendered":"G\u00fczel \u0130nsanlar Soka\u011f\u0131"},"content":{"rendered":"<p>Thomas Kutzli\u2019nin Bodrum\u2019da g\u00fczelledi\u011fi bir sokak \u00fczerinden fragmanlarla kurgulad\u0131\u011f\u0131 roman\u0131, sahil kasabas\u0131n\u0131n renkli insanlar\u0131yla s\u0131n\u0131rlar\u0131n\u0131 a\u015f\u0131p Avrupa\u2019ya uzanan \u00e7ok katmanl\u0131 bir anlat\u0131 sunuyor\u2026 <\/p>\n","protected":false},"excerpt":{"rendered":"<p>Thomas Kutzli\u2019nin Bodrum\u2019da g\u00fczelledi\u011fi bir sokak \u00fczerinden fragmanlarla kurgulad\u0131\u011f\u0131 roman\u0131, sahil kasabas\u0131n\u0131n renkli insanlar\u0131yla s\u0131n\u0131rlar\u0131n\u0131 a\u015f\u0131p Avrupa\u2019ya uzanan \u00e7ok katmanl\u0131 bir anlat\u0131 sunuyor\u2026<\/p>\n","protected":false},"featured_media":0,"template":"","meta":{"_monsterinsights_skip_tracking":false,"_monsterinsights_sitenote_active":false,"_monsterinsights_sitenote_note":"","_monsterinsights_sitenote_category":0},"product_brand":[],"product_cat":[12291,12711],"product_tag":[],"class_list":{"0":"post-770970","1":"product","2":"type-product","3":"status-publish","5":"product_cat-edebiyat","6":"product_cat-roman-oyku","7":"pa_cilt-ciltsiz","8":"pa_tur-kitap","9":"pa_yayinevi-agora-kitapligi","10":"pa_yazar-thomas-kutzli","12":"first","13":"instock","14":"sale","15":"shipping-taxable","16":"purchasable","17":"product-type-simple"},"_links":{"self":[{"href":"https:\/\/roveyayinevi.com.tr\/index.php\/wp-json\/wp\/v2\/product\/770970","targetHints":{"allow":["GET"]}}],"collection":[{"href":"https:\/\/roveyayinevi.com.tr\/index.php\/wp-json\/wp\/v2\/product"}],"about":[{"href":"https:\/\/roveyayinevi.com.tr\/index.php\/wp-json\/wp\/v2\/types\/product"}],"wp:attachment":[{"href":"https:\/\/roveyayinevi.com.tr\/index.php\/wp-json\/wp\/v2\/media?parent=770970"}],"wp:term":[{"taxonomy":"product_brand","embeddable":true,"href":"https:\/\/roveyayinevi.com.tr\/index.php\/wp-json\/wp\/v2\/product_brand?post=770970"},{"taxonomy":"product_cat","embeddable":true,"href":"https:\/\/roveyayinevi.com.tr\/index.php\/wp-json\/wp\/v2\/product_cat?post=770970"},{"taxonomy":"product_tag","embeddable":true,"href":"https:\/\/roveyayinevi.com.tr\/index.php\/wp-json\/wp\/v2\/product_tag?post=770970"}],"curies":[{"name":"wp","href":"https:\/\/api.w.org\/{rel}","templated":true}]}}