{"id":770962,"date":"2025-08-28T14:48:39","date_gmt":"2025-08-28T11:48:39","guid":{"rendered":"https:\/\/roveyayinevi.com.tr\/index.php\/urun\/akilli-fabrika-muhasebesi\/"},"modified":"2026-04-15T03:37:15","modified_gmt":"2026-04-15T00:37:15","slug":"akilli-fabrika-muhasebesi","status":"publish","type":"product","link":"https:\/\/roveyayinevi.com.tr\/index.php\/urun\/akilli-fabrika-muhasebesi\/","title":{"rendered":"Ak\u0131ll\u0131 Fabrika Muhasebesi"},"content":{"rendered":"<p>\u0130\u00e7indekiler :     B\u0130R\u0130NC\u0130 B\u00d6L\u00dcM KAVRAMSAL \u00c7ER\u00c7EVE        \u0130K\u0130NC\u0130 B\u00d6L\u00dcM D\u0130J\u0130TAL \u0130K\u0130Z   \u00dc\u00c7\u00dcNC\u00dc B\u00d6L\u00dcM AKILLI \u00dcRET\u0130M   D\u00d6RD\u00dcNC\u00dc B\u00d6L\u00dcM AKILLI \u0130\u015eLETME KURULUMU   BE\u015e\u0130NC\u0130 B\u00d6L\u00dcM TEKST\u0130L SEKT\u00d6R\u00dc \u00d6RNEK UYGULAMASI   ALTINCI B\u00d6L\u00dcM AKILLI FABR\u0130KA MUHASEBES\u0130     YED\u0130NC\u0130 B\u00d6L\u00dcM AKILLI FABR\u0130KA MUHASEBESEL ANAL\u0130ZLER\u0130   SEK\u0130Z\u0130NC\u0130 B\u00d6L\u00dcM MAL\u0130YET MUHASEBES\u0130 <\/p>\n","protected":false},"excerpt":{"rendered":"<p>\u0130\u00e7indekiler : B\u0130R\u0130NC\u0130 B\u00d6L\u00dcM KAVRAMSAL \u00c7ER\u00c7EVE \u0130K\u0130NC\u0130 B\u00d6L\u00dcM D\u0130J\u0130TAL \u0130K\u0130Z \u00dc\u00c7\u00dcNC\u00dc B\u00d6L\u00dcM AKILLI \u00dcRET\u0130M D\u00d6RD\u00dcNC\u00dc B\u00d6L\u00dcM AKILLI \u0130\u015eLETME KURULUMU BE\u015e\u0130NC\u0130 B\u00d6L\u00dcM TEKST\u0130L SEKT\u00d6R\u00dc \u00d6RNEK UYGULAMASI ALTINCI<span class=\"excerpt-hellip\"> [\u2026]<\/span><\/p>\n","protected":false},"featured_media":0,"template":"","meta":{"_monsterinsights_skip_tracking":false,"_monsterinsights_sitenote_active":false,"_monsterinsights_sitenote_note":"","_monsterinsights_sitenote_category":0},"product_brand":[],"product_cat":[13043],"product_tag":[],"class_list":{"0":"post-770962","1":"product","2":"type-product","3":"status-publish","5":"product_cat-ekonomi","6":"pa_cilt-ciltsiz","7":"pa_tur-kitap","8":"pa_yayinevi-gazi-kitabevi","9":"pa_yazar-selcuk-gulten","11":"first","12":"instock","13":"sale","14":"shipping-taxable","15":"purchasable","16":"product-type-simple"},"_links":{"self":[{"href":"https:\/\/roveyayinevi.com.tr\/index.php\/wp-json\/wp\/v2\/product\/770962","targetHints":{"allow":["GET"]}}],"collection":[{"href":"https:\/\/roveyayinevi.com.tr\/index.php\/wp-json\/wp\/v2\/product"}],"about":[{"href":"https:\/\/roveyayinevi.com.tr\/index.php\/wp-json\/wp\/v2\/types\/product"}],"wp:attachment":[{"href":"https:\/\/roveyayinevi.com.tr\/index.php\/wp-json\/wp\/v2\/media?parent=770962"}],"wp:term":[{"taxonomy":"product_brand","embeddable":true,"href":"https:\/\/roveyayinevi.com.tr\/index.php\/wp-json\/wp\/v2\/product_brand?post=770962"},{"taxonomy":"product_cat","embeddable":true,"href":"https:\/\/roveyayinevi.com.tr\/index.php\/wp-json\/wp\/v2\/product_cat?post=770962"},{"taxonomy":"product_tag","embeddable":true,"href":"https:\/\/roveyayinevi.com.tr\/index.php\/wp-json\/wp\/v2\/product_tag?post=770962"}],"curies":[{"name":"wp","href":"https:\/\/api.w.org\/{rel}","templated":true}]}}