{"id":770958,"date":"2025-08-28T14:48:32","date_gmt":"2025-08-28T11:48:32","guid":{"rendered":"https:\/\/roveyayinevi.com.tr\/index.php\/urun\/iyi-hissetmek-el-kitabi-depresyonu-yenmek-kaygiyi-asmak-ve-daha-guclu-iliskiler-kurmak-icin\/"},"modified":"2026-04-15T03:37:15","modified_gmt":"2026-04-15T00:37:15","slug":"iyi-hissetmek-el-kitabi-depresyonu-yenmek-kaygiyi-asmak-ve-daha-guclu-iliskiler-kurmak-icin","status":"publish","type":"product","link":"https:\/\/roveyayinevi.com.tr\/index.php\/urun\/iyi-hissetmek-el-kitabi-depresyonu-yenmek-kaygiyi-asmak-ve-daha-guclu-iliskiler-kurmak-icin\/","title":{"rendered":"\u0130yi Hissetmek El Kitab\u0131 &#8211; Depresyonu Yenmek Kayg\u0131y\u0131 A\u015fmak ve Daha G\u00fc\u00e7l\u00fc \u0130li\u015fkiler Kurmak \u0130\u00e7in"},"content":{"rendered":"<p>D\u00fcnya \u00e7ap\u0131nda \u00e7ok satan iyi Hissetmek: Yeni Duygudurum Tedavisi kitab\u0131n\u0131n yazar\u0131 Dr. David D. Burns, depresyon ve kayg\u0131y\u0131 a\u015fman\u0131za, hayat\u0131 daha keyifli ve heyecan verici bir duruma getirmenize yard\u0131mc\u0131 olacak yeni bir rehber sunuyor!Dr. Burns, b\u00fcy\u00fck ilgi g\u00f6ren \u00f6nceki kitab\u0131nda depresyon tedavisi i\u00e7in ila\u00e7s\u0131z, etkili bir y\u00f6ntem geli\u015ftirmi\u015fti. Bu yeni kitab\u0131nda ise g\u00fcnl\u00fck ya\u015famda kar\u015f\u0131la\u015f\u0131lan sorunlarla ba\u015fa\u00e7\u0131kman\u0131z\u0131 sa\u011flayacak g\u00fc\u00e7l\u00fc teknikler ve pratik al\u0131\u015ft\u0131rmalar payla\u015f\u0131yor.Bu kitapla, daha iyi hissetmenin yollar\u0131n\u0131 ke\u015ffedecek ve hayat\u0131n asl\u0131nda ne kadar heyecan verici olabilece\u011fini g\u00f6receksiniz.Korkulardan, fobilerden ve panik ataklardan.Olumsuz d\u00fc\u015f\u00fcncelerinizin sizi engellemesine izin.Samimi ve etkili ileti\u015fim kurman\u0131n s\u0131rlar\u0131n\u0131 \u00f6\u011frenin.\u0130li\u015fkilerinizdeki \u00e7at\u0131\u015fmalar\u0131 sona.Ertelemeyi b\u0131rak\u0131n ve ba\u015far\u0131ya ad\u0131m at\u0131n.<\/p>\n","protected":false},"excerpt":{"rendered":"<p>D\u00fcnya \u00e7ap\u0131nda \u00e7ok satan iyi Hissetmek: Yeni Duygudurum Tedavisi kitab\u0131n\u0131n yazar\u0131 Dr. David D. Burns, depresyon ve kayg\u0131y\u0131 a\u015fman\u0131za, hayat\u0131 daha keyifli ve heyecan verici bir<span class=\"excerpt-hellip\"> [\u2026]<\/span><\/p>\n","protected":false},"featured_media":0,"template":"","meta":{"_monsterinsights_skip_tracking":false,"_monsterinsights_sitenote_active":false,"_monsterinsights_sitenote_note":"","_monsterinsights_sitenote_category":0},"product_brand":[],"product_cat":[12358,12357],"product_tag":[],"class_list":{"0":"post-770958","1":"product","2":"type-product","3":"status-publish","5":"product_cat-genel-psikoloji","6":"product_cat-psikoloji","7":"pa_cilt-ciltsiz","8":"pa_tur-kitap","9":"pa_yayinevi-psikonet-yayinlari","10":"pa_yazar-david-burns","12":"first","13":"instock","14":"sale","15":"shipping-taxable","16":"purchasable","17":"product-type-simple"},"_links":{"self":[{"href":"https:\/\/roveyayinevi.com.tr\/index.php\/wp-json\/wp\/v2\/product\/770958","targetHints":{"allow":["GET"]}}],"collection":[{"href":"https:\/\/roveyayinevi.com.tr\/index.php\/wp-json\/wp\/v2\/product"}],"about":[{"href":"https:\/\/roveyayinevi.com.tr\/index.php\/wp-json\/wp\/v2\/types\/product"}],"wp:attachment":[{"href":"https:\/\/roveyayinevi.com.tr\/index.php\/wp-json\/wp\/v2\/media?parent=770958"}],"wp:term":[{"taxonomy":"product_brand","embeddable":true,"href":"https:\/\/roveyayinevi.com.tr\/index.php\/wp-json\/wp\/v2\/product_brand?post=770958"},{"taxonomy":"product_cat","embeddable":true,"href":"https:\/\/roveyayinevi.com.tr\/index.php\/wp-json\/wp\/v2\/product_cat?post=770958"},{"taxonomy":"product_tag","embeddable":true,"href":"https:\/\/roveyayinevi.com.tr\/index.php\/wp-json\/wp\/v2\/product_tag?post=770958"}],"curies":[{"name":"wp","href":"https:\/\/api.w.org\/{rel}","templated":true}]}}