{"id":770947,"date":"2025-08-28T14:48:10","date_gmt":"2025-08-28T11:48:10","guid":{"rendered":"https:\/\/roveyayinevi.com.tr\/index.php\/urun\/dunyanin-en-guzel-yeri-2\/"},"modified":"2026-04-08T03:33:32","modified_gmt":"2026-04-08T00:33:32","slug":"dunyanin-en-guzel-yeri-2","status":"publish","type":"product","link":"https:\/\/roveyayinevi.com.tr\/index.php\/urun\/dunyanin-en-guzel-yeri-2\/","title":{"rendered":"D\u00fcnyan\u0131n En G\u00fczel Yeri"},"content":{"rendered":"<p>Buras\u0131 bir orman. Bu orman\u0131n i\u00e7inde bir kul\u00fcbe var. Kul\u00fcbenin yan\u0131nda, kargalar d\u0131\u015f\u0131nda herkesin biraz \u00e7ekindi\u011fi bir korkuluk, d\u0131\u015f\u0131nda \u0131hlamur a\u011fa\u00e7lar\u0131, i\u00e7inde birbirine sokulmu\u015f \u00fc\u00e7 ki\u015fi var. Anneyi her sabah g\u00fcl\u00fcmseten ilk \u015fey, uyanan \u00e7ocuklar\u0131n yakla\u015fan ayak sesleri. \u00c7ocuklar\u0131 her gece g\u00fcl\u00fcmseten son \u015fey, annelerinin tatl\u0131 kokusu.   Bu kul\u00fcbe hem kahkahalarla dolup ta\u015fan hem de h\u00fcz\u00fcnl\u00fc anlar\u0131n ya\u015fand\u0131\u011f\u0131 bir yuva. Bazen g\u00fc\u00e7l\u00fc, bazen yaln\u0131z, bazen de yanl\u0131\u015f anla\u015f\u0131lm\u0131\u015f hissedebilecekleri bir yer. Ama neyse ki ormanda her duyguya yer var. \u00c7\u00fcnk\u00fc buras\u0131 d\u00fcnyan\u0131n en g\u00fczel yeri\u2026   D\u00fcnyan\u0131n En G\u00fczel Yeri, bir ailenin do\u011fayla i\u00e7 i\u00e7e ge\u00e7en g\u00fcnl\u00fck ya\u015fam\u0131n\u0131 ve duygular\u0131n de\u011fi\u015fken do\u011fas\u0131n\u0131 s\u0131cac\u0131k bir dille anlat\u0131yor. <\/p>\n","protected":false},"excerpt":{"rendered":"<p>Buras\u0131 bir orman. Bu orman\u0131n i\u00e7inde bir kul\u00fcbe var. Kul\u00fcbenin yan\u0131nda, kargalar d\u0131\u015f\u0131nda herkesin biraz \u00e7ekindi\u011fi bir korkuluk, d\u0131\u015f\u0131nda \u0131hlamur a\u011fa\u00e7lar\u0131, i\u00e7inde birbirine sokulmu\u015f \u00fc\u00e7 ki\u015fi<span class=\"excerpt-hellip\"> [\u2026]<\/span><\/p>\n","protected":false},"featured_media":0,"template":"","meta":{"_monsterinsights_skip_tracking":false,"_monsterinsights_sitenote_active":false,"_monsterinsights_sitenote_note":"","_monsterinsights_sitenote_category":0},"product_brand":[],"product_cat":[12274,12284],"product_tag":[],"class_list":{"0":"post-770947","1":"product","2":"type-product","3":"status-publish","5":"product_cat-cocuk-ve-genclik-kitaplari","6":"product_cat-hikayeler","7":"pa_cilt-ciltsiz","8":"pa_tur-kitap","9":"pa_yayinevi-dogan-cocuk","10":"pa_yazar-seyma-akkurt","12":"first","13":"instock","14":"sale","15":"shipping-taxable","16":"purchasable","17":"product-type-simple"},"_links":{"self":[{"href":"https:\/\/roveyayinevi.com.tr\/index.php\/wp-json\/wp\/v2\/product\/770947","targetHints":{"allow":["GET"]}}],"collection":[{"href":"https:\/\/roveyayinevi.com.tr\/index.php\/wp-json\/wp\/v2\/product"}],"about":[{"href":"https:\/\/roveyayinevi.com.tr\/index.php\/wp-json\/wp\/v2\/types\/product"}],"wp:attachment":[{"href":"https:\/\/roveyayinevi.com.tr\/index.php\/wp-json\/wp\/v2\/media?parent=770947"}],"wp:term":[{"taxonomy":"product_brand","embeddable":true,"href":"https:\/\/roveyayinevi.com.tr\/index.php\/wp-json\/wp\/v2\/product_brand?post=770947"},{"taxonomy":"product_cat","embeddable":true,"href":"https:\/\/roveyayinevi.com.tr\/index.php\/wp-json\/wp\/v2\/product_cat?post=770947"},{"taxonomy":"product_tag","embeddable":true,"href":"https:\/\/roveyayinevi.com.tr\/index.php\/wp-json\/wp\/v2\/product_tag?post=770947"}],"curies":[{"name":"wp","href":"https:\/\/api.w.org\/{rel}","templated":true}]}}