{"id":770921,"date":"2025-08-28T14:47:20","date_gmt":"2025-08-28T11:47:20","guid":{"rendered":"https:\/\/roveyayinevi.com.tr\/index.php\/urun\/ruh-u-revan-sair-gonlum\/"},"modified":"2026-04-15T03:37:14","modified_gmt":"2026-04-15T00:37:14","slug":"ruh-u-revan-sair-gonlum","status":"publish","type":"product","link":"https:\/\/roveyayinevi.com.tr\/index.php\/urun\/ruh-u-revan-sair-gonlum\/","title":{"rendered":"Ruh u Revan \u015eair G\u00f6nl\u00fcm"},"content":{"rendered":"<p>Bu kitap, bir kalbin Yaradan\u2019a uzanan dualar\u0131, teslimiyeti ve \u015f\u00fckran\u0131yla \u015fekillendi. Her m\u0131sra, ruhumun derinliklerinden s\u00fcz\u00fclen, ilahi bir aray\u0131\u015f\u0131n ve huzur bulma gayretinin yans\u0131mas\u0131d\u0131r. \u0130lahiler, insana yarat\u0131l\u0131\u015f\u0131ndaki anlam\u0131 hat\u0131rlatan birer f\u0131s\u0131lt\u0131d\u0131r. Bu dizelerle sadece kendi g\u00f6nl\u00fcm\u00fc de\u011fil, okuyacak olan her bir kalbe de bir yol a\u00e7mak istedim. Her sat\u0131rda, belki bir dua, belki bir teselli, belki de bir ilham bulacaks\u0131n\u0131z. Bu eser, bir yolculu\u011fun ba\u015flang\u0131c\u0131d\u0131r. Hem benim hem de belki sizin ruhunuza dokunabilecek bir hik\u00e2ye anlat\u0131r. Sizleri bu manevi yolculu\u011fa davet ediyorum. \u015eimdi s\u00f6z\u00fc, \u015fiirlerime ve g\u00f6nl\u00fcmden kopup gelen bu na\u011fmelere b\u0131rak\u0131yorum. Sevgi, inan\u00e7 ve hikmetle&#8230; ALLAH\u2019A CC emanet olun vesselam&#8230; AK\u0130F TIRAKG\u00d6Z &#8230; S\u00d6N S\u00d6Z A\u015eK \u0130LE <\/p>\n","protected":false},"excerpt":{"rendered":"<p>Bu kitap, bir kalbin Yaradan\u2019a uzanan dualar\u0131, teslimiyeti ve \u015f\u00fckran\u0131yla \u015fekillendi. Her m\u0131sra, ruhumun derinliklerinden s\u00fcz\u00fclen, ilahi bir aray\u0131\u015f\u0131n ve huzur bulma gayretinin yans\u0131mas\u0131d\u0131r. \u0130lahiler, insana<span class=\"excerpt-hellip\"> [\u2026]<\/span><\/p>\n","protected":false},"featured_media":0,"template":"","meta":{"_monsterinsights_skip_tracking":false,"_monsterinsights_sitenote_active":false,"_monsterinsights_sitenote_note":"","_monsterinsights_sitenote_category":0},"product_brand":[],"product_cat":[12291,12509],"product_tag":[],"class_list":{"0":"post-770921","1":"product","2":"type-product","3":"status-publish","5":"product_cat-edebiyat","6":"product_cat-siir","7":"pa_cilt-ciltsiz","8":"pa_tur-kitap","9":"pa_yayinevi-zet-yayinlari","10":"pa_yazar-akif-tirakgoz","12":"first","13":"instock","14":"sale","15":"shipping-taxable","16":"purchasable","17":"product-type-simple"},"_links":{"self":[{"href":"https:\/\/roveyayinevi.com.tr\/index.php\/wp-json\/wp\/v2\/product\/770921","targetHints":{"allow":["GET"]}}],"collection":[{"href":"https:\/\/roveyayinevi.com.tr\/index.php\/wp-json\/wp\/v2\/product"}],"about":[{"href":"https:\/\/roveyayinevi.com.tr\/index.php\/wp-json\/wp\/v2\/types\/product"}],"wp:attachment":[{"href":"https:\/\/roveyayinevi.com.tr\/index.php\/wp-json\/wp\/v2\/media?parent=770921"}],"wp:term":[{"taxonomy":"product_brand","embeddable":true,"href":"https:\/\/roveyayinevi.com.tr\/index.php\/wp-json\/wp\/v2\/product_brand?post=770921"},{"taxonomy":"product_cat","embeddable":true,"href":"https:\/\/roveyayinevi.com.tr\/index.php\/wp-json\/wp\/v2\/product_cat?post=770921"},{"taxonomy":"product_tag","embeddable":true,"href":"https:\/\/roveyayinevi.com.tr\/index.php\/wp-json\/wp\/v2\/product_tag?post=770921"}],"curies":[{"name":"wp","href":"https:\/\/api.w.org\/{rel}","templated":true}]}}