{"id":770912,"date":"2025-08-28T14:47:04","date_gmt":"2025-08-28T11:47:04","guid":{"rendered":"https:\/\/roveyayinevi.com.tr\/index.php\/urun\/firildak-ailesi-son-odeme-tarihi\/"},"modified":"2026-04-15T03:37:14","modified_gmt":"2026-04-15T00:37:14","slug":"firildak-ailesi-son-odeme-tarihi","status":"publish","type":"product","link":"https:\/\/roveyayinevi.com.tr\/index.php\/urun\/firildak-ailesi-son-odeme-tarihi\/","title":{"rendered":"F\u0131r\u0131ldak Ailesi Son \u00d6deme Tarihi"},"content":{"rendered":"<p>\u201cBir gecede b\u00fct\u00fcn \u00fclke nas\u0131l buzul \u00e7a\u011f\u0131na girer?\u201d T\u00fcrkiye\u2019nin en e\u011flenceli ailesi F\u0131r\u0131ldaklar, bu kez faturalarla ve donmu\u015f bir d\u00fcnyayla m\u00fccadelede! Sabri F\u0131r\u0131ldak, do\u011falgaz faturalar\u0131n\u0131 k\u0131sarak tasarruf yapt\u0131\u011f\u0131n\u0131 d\u00fc\u015f\u00fcn\u00fcrken, evde ya\u015fanan b\u00fcy\u00fck bir so\u011fuk hava dalgas\u0131 b\u00fct\u00fcn mahalleyi, hatta \u00fclkeyi etkisi alt\u0131na al\u0131yor. Ortak\u00f6y\u2019den yay\u0131lan bu buz gibi felaketi durdurmak i\u00e7in tek \u00e7are&#8230; Halay \u00e7ekmek mi?! Abs\u00fcrd mizah\u0131n ve komik diyaloglar\u0131n zirve yapt\u0131\u011f\u0131 \u201cBuzul \u00c7a\u011f\u0131nda F\u0131r\u0131ldaklar\u201d, sizi kahkahalara bo\u011facak ve i\u00e7inizi \u0131s\u0131tacak! So\u011fu\u011fun ortas\u0131nda s\u0131ms\u0131cak bir hik\u00e2yeye haz\u0131r olun. <\/p>\n","protected":false},"excerpt":{"rendered":"<p>\u201cBir gecede b\u00fct\u00fcn \u00fclke nas\u0131l buzul \u00e7a\u011f\u0131na girer?\u201d T\u00fcrkiye\u2019nin en e\u011flenceli ailesi F\u0131r\u0131ldaklar, bu kez faturalarla ve donmu\u015f bir d\u00fcnyayla m\u00fccadelede! Sabri F\u0131r\u0131ldak, do\u011falgaz faturalar\u0131n\u0131 k\u0131sarak<span class=\"excerpt-hellip\"> [\u2026]<\/span><\/p>\n","protected":false},"featured_media":0,"template":"","meta":{"_monsterinsights_skip_tracking":false,"_monsterinsights_sitenote_active":false,"_monsterinsights_sitenote_note":"","_monsterinsights_sitenote_category":0},"product_brand":[],"product_cat":[12416,12291],"product_tag":[],"class_list":{"0":"post-770912","1":"product","2":"type-product","3":"status-publish","5":"product_cat-cizgi-roman","6":"product_cat-edebiyat","7":"pa_cilt-ciltsiz","8":"pa_tur-kitap","9":"pa_yayinevi-eksik-parca-yayinlari","10":"pa_yazar-varol-yasaroglu","12":"first","13":"instock","14":"sale","15":"shipping-taxable","16":"purchasable","17":"product-type-simple"},"_links":{"self":[{"href":"https:\/\/roveyayinevi.com.tr\/index.php\/wp-json\/wp\/v2\/product\/770912","targetHints":{"allow":["GET"]}}],"collection":[{"href":"https:\/\/roveyayinevi.com.tr\/index.php\/wp-json\/wp\/v2\/product"}],"about":[{"href":"https:\/\/roveyayinevi.com.tr\/index.php\/wp-json\/wp\/v2\/types\/product"}],"wp:attachment":[{"href":"https:\/\/roveyayinevi.com.tr\/index.php\/wp-json\/wp\/v2\/media?parent=770912"}],"wp:term":[{"taxonomy":"product_brand","embeddable":true,"href":"https:\/\/roveyayinevi.com.tr\/index.php\/wp-json\/wp\/v2\/product_brand?post=770912"},{"taxonomy":"product_cat","embeddable":true,"href":"https:\/\/roveyayinevi.com.tr\/index.php\/wp-json\/wp\/v2\/product_cat?post=770912"},{"taxonomy":"product_tag","embeddable":true,"href":"https:\/\/roveyayinevi.com.tr\/index.php\/wp-json\/wp\/v2\/product_tag?post=770912"}],"curies":[{"name":"wp","href":"https:\/\/api.w.org\/{rel}","templated":true}]}}