{"id":770896,"date":"2025-08-28T14:46:39","date_gmt":"2025-08-28T11:46:39","guid":{"rendered":"https:\/\/roveyayinevi.com.tr\/index.php\/urun\/jon-turklerden-ittihatcilara\/"},"modified":"2026-04-15T03:37:14","modified_gmt":"2026-04-15T00:37:14","slug":"jon-turklerden-ittihatcilara","status":"publish","type":"product","link":"https:\/\/roveyayinevi.com.tr\/index.php\/urun\/jon-turklerden-ittihatcilara\/","title":{"rendered":"J\u00f6n T\u00fcrklerden \u0130ttihat\u00e7\u0131lara"},"content":{"rendered":"<p>Osmanl\u0131 Devleti\u2019nin son d\u00f6neminden Cumhuriyet\u2019in ilk y\u0131llar\u0131na uzanan tarih\u00ee s\u00fcre\u00e7te, modernle\u015fme, kimlik in\u015fas\u0131 ve siyasal d\u00f6n\u00fc\u015f\u00fcm ekseninde bir k\u00f6pr\u00fc kuran J\u00f6n T\u00fcrklerden \u0130ttihat\u00e7\u0131lara, d\u00f6nemin siyasi, sosyal ve ideolojik dinamiklerini derinlemesine analiz ediyor.Bu kitap, J\u00f6n T\u00fcrkler ve \u0130ttihat\u00e7\u0131lar aras\u0131ndaki farklar\u0131, Osmanl\u0131\u2019dan Cumhuriyet\u2019e uzanan \u00e7izgide ele al\u0131rken; reform ihtiyac\u0131n\u0131, ideolojik k\u0131r\u0131lmalar\u0131 ve devletin modernle\u015fme ser\u00fcvenini detayl\u0131 bir bi\u00e7imde ele al\u0131yor. T\u00fcrk modernle\u015fmesinin en kritik d\u00f6nemlerinden birine \u0131\u015f\u0131k tutarak, okuru tarih\u00ee olaylar\u0131n karma\u015f\u0131k dokusunda anlaml\u0131 bir yolculu\u011fa \u00e7\u0131kar\u0131yor.D\u00f6nemin belgelerinden, tan\u0131kl\u0131klardan ve akademik eserlerden yola \u00e7\u0131karak haz\u0131rlanan bu eser, sadece bir tarih anlat\u0131s\u0131 de\u011fil; ayn\u0131 zamanda siyaset, ideoloji ve kimlik konular\u0131na dair disiplinler aras\u0131 bir \u00e7al\u0131\u015fma niteli\u011finde.Hakan Burak Uz\u2019un bolca kaynak taramas\u0131 titiz bir ara\u015ft\u0131rma s\u00fcreci sonunda kaleme ald\u0131\u011f\u0131 bu kitap, tarih merakl\u0131lar\u0131ndan akademisyenlere kadar geni\u015f bir okur kitlesine hitap ediyor.<\/p>\n","protected":false},"excerpt":{"rendered":"<p>Osmanl\u0131 Devleti\u2019nin son d\u00f6neminden Cumhuriyet\u2019in ilk y\u0131llar\u0131na uzanan tarih\u00ee s\u00fcre\u00e7te, modernle\u015fme, kimlik in\u015fas\u0131 ve siyasal d\u00f6n\u00fc\u015f\u00fcm ekseninde bir k\u00f6pr\u00fc kuran J\u00f6n T\u00fcrklerden \u0130ttihat\u00e7\u0131lara, d\u00f6nemin siyasi, sosyal<span class=\"excerpt-hellip\"> [\u2026]<\/span><\/p>\n","protected":false},"featured_media":0,"template":"","meta":{"_monsterinsights_skip_tracking":false,"_monsterinsights_sitenote_active":false,"_monsterinsights_sitenote_note":"","_monsterinsights_sitenote_category":0},"product_brand":[],"product_cat":[12304,13650],"product_tag":[],"class_list":{"0":"post-770896","1":"product","2":"type-product","3":"status-publish","5":"product_cat-tarih","6":"product_cat-turk-tarihi-arastirmalari","7":"pa_cilt-ciltsiz","8":"pa_tur-kitap","9":"pa_yayinevi-otuken-nesriyat","10":"pa_yazar-hakan-burak-uz","12":"first","13":"instock","14":"sale","15":"shipping-taxable","16":"purchasable","17":"product-type-simple"},"_links":{"self":[{"href":"https:\/\/roveyayinevi.com.tr\/index.php\/wp-json\/wp\/v2\/product\/770896","targetHints":{"allow":["GET"]}}],"collection":[{"href":"https:\/\/roveyayinevi.com.tr\/index.php\/wp-json\/wp\/v2\/product"}],"about":[{"href":"https:\/\/roveyayinevi.com.tr\/index.php\/wp-json\/wp\/v2\/types\/product"}],"wp:attachment":[{"href":"https:\/\/roveyayinevi.com.tr\/index.php\/wp-json\/wp\/v2\/media?parent=770896"}],"wp:term":[{"taxonomy":"product_brand","embeddable":true,"href":"https:\/\/roveyayinevi.com.tr\/index.php\/wp-json\/wp\/v2\/product_brand?post=770896"},{"taxonomy":"product_cat","embeddable":true,"href":"https:\/\/roveyayinevi.com.tr\/index.php\/wp-json\/wp\/v2\/product_cat?post=770896"},{"taxonomy":"product_tag","embeddable":true,"href":"https:\/\/roveyayinevi.com.tr\/index.php\/wp-json\/wp\/v2\/product_tag?post=770896"}],"curies":[{"name":"wp","href":"https:\/\/api.w.org\/{rel}","templated":true}]}}