{"id":770887,"date":"2025-08-28T14:46:23","date_gmt":"2025-08-28T11:46:23","guid":{"rendered":"https:\/\/roveyayinevi.com.tr\/index.php\/urun\/anneannem-tam-bir-cilgin\/"},"modified":"2026-04-15T03:37:14","modified_gmt":"2026-04-15T00:37:14","slug":"anneannem-tam-bir-cilgin","status":"publish","type":"product","link":"https:\/\/roveyayinevi.com.tr\/index.php\/urun\/anneannem-tam-bir-cilgin\/","title":{"rendered":"Anneannem Tam Bir \u00c7\u0131lg\u0131n"},"content":{"rendered":"<p>ANNEANNEM TAM B\u0130R \u00c7ILGINODUNPAZARI MACERASIGeleneklerine ba\u011fl\u0131, kuralc\u0131 ama bir o kadar da komik ve \u00e7\u0131lg\u0131n bir anneanne ile tan\u0131\u015fmak ister misiniz ?Arya, Bulut, Atlas ve Ege, Odunpazar\u0131\u2019nda ya\u015fayan \u00e7\u0131lg\u0131n anneanneleri Suna\u2019y\u0131 ziyaret ediyorlar. O gece, Odunpazar\u0131\u2019n\u0131n reng\u00e2renk evleri, esrarengiz ki\u015filer taraf\u0131ndan siyaha boyan\u0131yor ve gizemli olaylar ba\u015fl\u0131yor. Dedektiflik \u015fapkalar\u0131n\u0131 takan bu e\u011flenceli ekip, gizemi ayd\u0131nlatmak \u00fczere i\u015fe koyuluyor. Sizce \u00e7\u0131lg\u0131n anneanne ile torunlar\u0131, Odunpazar\u0131\u2019n\u0131n tarih\u00ee evlerini kurtarabilecekler mi?Dikkat: Bu kitap bol kahkaha ve macera i\u00e7erir. <\/p>\n","protected":false},"excerpt":{"rendered":"<p>ANNEANNEM TAM B\u0130R \u00c7ILGINODUNPAZARI MACERASIGeleneklerine ba\u011fl\u0131, kuralc\u0131 ama bir o kadar da komik ve \u00e7\u0131lg\u0131n bir anneanne ile tan\u0131\u015fmak ister misiniz ?Arya, Bulut, Atlas ve Ege,<span class=\"excerpt-hellip\"> [\u2026]<\/span><\/p>\n","protected":false},"featured_media":0,"template":"","meta":{"_monsterinsights_skip_tracking":false,"_monsterinsights_sitenote_active":false,"_monsterinsights_sitenote_note":"","_monsterinsights_sitenote_category":0},"product_brand":[],"product_cat":[12274,12284],"product_tag":[],"class_list":{"0":"post-770887","1":"product","2":"type-product","3":"status-publish","5":"product_cat-cocuk-ve-genclik-kitaplari","6":"product_cat-hikayeler","7":"pa_cilt-ciltsiz","8":"pa_tur-kitap","9":"pa_yayinevi-beyaz-balina-yayinlari","10":"pa_yazar-gokce-demirelli-buran","12":"first","13":"instock","14":"sale","15":"shipping-taxable","16":"purchasable","17":"product-type-simple"},"_links":{"self":[{"href":"https:\/\/roveyayinevi.com.tr\/index.php\/wp-json\/wp\/v2\/product\/770887","targetHints":{"allow":["GET"]}}],"collection":[{"href":"https:\/\/roveyayinevi.com.tr\/index.php\/wp-json\/wp\/v2\/product"}],"about":[{"href":"https:\/\/roveyayinevi.com.tr\/index.php\/wp-json\/wp\/v2\/types\/product"}],"wp:attachment":[{"href":"https:\/\/roveyayinevi.com.tr\/index.php\/wp-json\/wp\/v2\/media?parent=770887"}],"wp:term":[{"taxonomy":"product_brand","embeddable":true,"href":"https:\/\/roveyayinevi.com.tr\/index.php\/wp-json\/wp\/v2\/product_brand?post=770887"},{"taxonomy":"product_cat","embeddable":true,"href":"https:\/\/roveyayinevi.com.tr\/index.php\/wp-json\/wp\/v2\/product_cat?post=770887"},{"taxonomy":"product_tag","embeddable":true,"href":"https:\/\/roveyayinevi.com.tr\/index.php\/wp-json\/wp\/v2\/product_tag?post=770887"}],"curies":[{"name":"wp","href":"https:\/\/api.w.org\/{rel}","templated":true}]}}