{"id":770876,"date":"2025-08-28T14:46:07","date_gmt":"2025-08-28T11:46:07","guid":{"rendered":"https:\/\/roveyayinevi.com.tr\/index.php\/urun\/sura-kim-ufledi\/"},"modified":"2026-04-15T03:37:13","modified_gmt":"2026-04-15T00:37:13","slug":"sura-kim-ufledi","status":"publish","type":"product","link":"https:\/\/roveyayinevi.com.tr\/index.php\/urun\/sura-kim-ufledi\/","title":{"rendered":"Sur\u2019a Kim \u00dcfledi"},"content":{"rendered":"<p>\u00c7ukurca\u2019ya giderken helikopterde Yi\u011fitcan y\u00fczba\u015f\u0131 ile kar\u015f\u0131la\u015ft\u0131k. Do\u011fum izninden d\u00f6nmekte oldu\u011funu s\u00f6yledi. K\u0131z\u0131n\u0131n do\u011fumundan sonra 10 g\u00fcn kadar yan\u0131nda kalm\u0131\u015f ve \u015fimdi tekrar ter\u00f6ristle m\u00fccadele b\u00f6lgesinde birli\u011finin ba\u015f\u0131na gidiyordu. Bu yak\u0131\u015f\u0131kl\u0131, civan y\u00fczba\u015f\u0131 sayg\u0131l\u0131 ve efendi tav\u0131rlar\u0131yla komutanlar\u0131n dikkatini \u00e7ekmekteydi. Allah vatana millete ve yeni do\u011fmu\u015f \u00e7ocu\u011funa ba\u011f\u0131\u015flas\u0131n, in\u015fallah tekrar yavrusuna sa\u011fl\u0131k s\u0131hhat i\u00e7inde kavu\u015fur diye dua ederken i\u00e7imde bir s\u0131k\u0131nt\u0131 belirdi. Olacaklar\u0131 ancak ya\u015fay\u0131nca \u00f6\u011frenebiliyorduk. * * * BT\u00d6\u2019n\u00fcn k\u0131rsalda de\u011fil de \u015fehirlerde direni\u015f yapmas\u0131n\u0131 belirleyen kimdi? BT\u00d6 \u015fehirlerde tahkimat yaparken buna engel olmayan kimdi? Operasyon esnas\u0131nda sivil kay\u0131plar olsayd\u0131 ne olurdu? Halk\u0131n BT\u00d6\u2019ye destek vermesi mi bekleniyordu? T\u00fcm bunlar\u0131 planlayanlar b\u00f6lgede i\u00e7 kar\u0131\u015f\u0131kl\u0131k m\u0131 istiyordu? Kimdi bunlar? Hendeklerde mah\u015feri bize kim ya\u015fatt\u0131? SUR\u2019a Kim \u00dcfledi?<\/p>\n","protected":false},"excerpt":{"rendered":"<p>\u00c7ukurca\u2019ya giderken helikopterde Yi\u011fitcan y\u00fczba\u015f\u0131 ile kar\u015f\u0131la\u015ft\u0131k. Do\u011fum izninden d\u00f6nmekte oldu\u011funu s\u00f6yledi. K\u0131z\u0131n\u0131n do\u011fumundan sonra 10 g\u00fcn kadar yan\u0131nda kalm\u0131\u015f ve \u015fimdi tekrar ter\u00f6ristle m\u00fccadele b\u00f6lgesinde<span class=\"excerpt-hellip\"> [\u2026]<\/span><\/p>\n","protected":false},"featured_media":0,"template":"","meta":{"_monsterinsights_skip_tracking":false,"_monsterinsights_sitenote_active":false,"_monsterinsights_sitenote_note":"","_monsterinsights_sitenote_category":0},"product_brand":[],"product_cat":[13590,12337],"product_tag":[],"class_list":{"0":"post-770876","1":"product","2":"type-product","3":"status-publish","5":"product_cat-arastirma-inceleme-politika-siyaset","6":"product_cat-politika-siyaset","7":"pa_cilt-ciltsiz","8":"pa_tur-kitap","9":"pa_yayinevi-nergiz-yayinlari","10":"pa_yazar-orkun-ozeller","12":"first","13":"instock","14":"sale","15":"shipping-taxable","16":"purchasable","17":"product-type-simple"},"_links":{"self":[{"href":"https:\/\/roveyayinevi.com.tr\/index.php\/wp-json\/wp\/v2\/product\/770876","targetHints":{"allow":["GET"]}}],"collection":[{"href":"https:\/\/roveyayinevi.com.tr\/index.php\/wp-json\/wp\/v2\/product"}],"about":[{"href":"https:\/\/roveyayinevi.com.tr\/index.php\/wp-json\/wp\/v2\/types\/product"}],"wp:attachment":[{"href":"https:\/\/roveyayinevi.com.tr\/index.php\/wp-json\/wp\/v2\/media?parent=770876"}],"wp:term":[{"taxonomy":"product_brand","embeddable":true,"href":"https:\/\/roveyayinevi.com.tr\/index.php\/wp-json\/wp\/v2\/product_brand?post=770876"},{"taxonomy":"product_cat","embeddable":true,"href":"https:\/\/roveyayinevi.com.tr\/index.php\/wp-json\/wp\/v2\/product_cat?post=770876"},{"taxonomy":"product_tag","embeddable":true,"href":"https:\/\/roveyayinevi.com.tr\/index.php\/wp-json\/wp\/v2\/product_tag?post=770876"}],"curies":[{"name":"wp","href":"https:\/\/api.w.org\/{rel}","templated":true}]}}