{"id":770871,"date":"2025-08-28T14:45:59","date_gmt":"2025-08-28T11:45:59","guid":{"rendered":"https:\/\/roveyayinevi.com.tr\/index.php\/urun\/bicirik-asik\/"},"modified":"2026-04-03T03:28:54","modified_gmt":"2026-04-03T00:28:54","slug":"bicirik-asik","status":"publish","type":"product","link":"https:\/\/roveyayinevi.com.tr\/index.php\/urun\/bicirik-asik\/","title":{"rendered":"B\u0131c\u0131r\u0131k A\u015f\u0131k"},"content":{"rendered":"<p>B\u0131c\u0131r\u0131k\u2019\u0131n kalbinin yerinde, i\u00e7inde bembeyaz g\u00fcvercin bulunan bir kafer var sanki; Zeynep\u2019i tan\u0131d\u0131\u011f\u0131ndan beri. Onu d\u00fc\u015f\u00fcnd\u00fc\u011f\u00fcnde ya da g\u00f6rd\u00fc\u011f\u00fcnde, yerinde duramay\u0131p p\u0131\u0131\u0131rrr diye havalanan bir g\u00fcvercin bu. B\u0131c\u0131r\u0131k, g\u00fcvercin tela\u015f\u0131ndaki y\u00fcre\u011fine kanat olan arkada\u015f\u0131 Cimcimik\u2019in yard\u0131m\u0131yla Zeynep\u2019in g\u00f6nl\u00fcn\u00fc \u00e7alabilecek mi? Ona \u015fiir mi yazs\u0131n, arma\u011fan m\u0131 als\u0131n, yoksa onu telefonla m\u0131 aras\u0131n? B\u0131c\u0131r\u0131k\u2019\u0131n \u00e2\u015f\u0131k olunca neler yapt\u0131\u011f\u0131n\u0131 merak ettiyseniz hemen ilk sayfadan ba\u015flay\u0131n e\u011flence dolu maceraler\u0131n\u0131 okumaya\u2026 <\/p>\n","protected":false},"excerpt":{"rendered":"<p>B\u0131c\u0131r\u0131k\u2019\u0131n kalbinin yerinde, i\u00e7inde bembeyaz g\u00fcvercin bulunan bir kafer var sanki; Zeynep\u2019i tan\u0131d\u0131\u011f\u0131ndan beri. Onu d\u00fc\u015f\u00fcnd\u00fc\u011f\u00fcnde ya da g\u00f6rd\u00fc\u011f\u00fcnde, yerinde duramay\u0131p p\u0131\u0131\u0131rrr diye havalanan bir g\u00fcvercin<span class=\"excerpt-hellip\"> [\u2026]<\/span><\/p>\n","protected":false},"featured_media":0,"template":"","meta":{"_monsterinsights_skip_tracking":false,"_monsterinsights_sitenote_active":false,"_monsterinsights_sitenote_note":"","_monsterinsights_sitenote_category":0},"product_brand":[],"product_cat":[12274,12284],"product_tag":[],"class_list":{"0":"post-770871","1":"product","2":"type-product","3":"status-publish","5":"product_cat-cocuk-ve-genclik-kitaplari","6":"product_cat-hikayeler","7":"pa_cilt-ciltsiz","8":"pa_tur-kitap","9":"pa_yayinevi-cumhuriyet-kitaplari","10":"pa_yazar-nurettin-igci","12":"first","13":"instock","14":"sale","15":"shipping-taxable","16":"purchasable","17":"product-type-simple"},"_links":{"self":[{"href":"https:\/\/roveyayinevi.com.tr\/index.php\/wp-json\/wp\/v2\/product\/770871","targetHints":{"allow":["GET"]}}],"collection":[{"href":"https:\/\/roveyayinevi.com.tr\/index.php\/wp-json\/wp\/v2\/product"}],"about":[{"href":"https:\/\/roveyayinevi.com.tr\/index.php\/wp-json\/wp\/v2\/types\/product"}],"wp:attachment":[{"href":"https:\/\/roveyayinevi.com.tr\/index.php\/wp-json\/wp\/v2\/media?parent=770871"}],"wp:term":[{"taxonomy":"product_brand","embeddable":true,"href":"https:\/\/roveyayinevi.com.tr\/index.php\/wp-json\/wp\/v2\/product_brand?post=770871"},{"taxonomy":"product_cat","embeddable":true,"href":"https:\/\/roveyayinevi.com.tr\/index.php\/wp-json\/wp\/v2\/product_cat?post=770871"},{"taxonomy":"product_tag","embeddable":true,"href":"https:\/\/roveyayinevi.com.tr\/index.php\/wp-json\/wp\/v2\/product_tag?post=770871"}],"curies":[{"name":"wp","href":"https:\/\/api.w.org\/{rel}","templated":true}]}}