{"id":770863,"date":"2025-08-28T14:45:44","date_gmt":"2025-08-28T11:45:44","guid":{"rendered":"https:\/\/roveyayinevi.com.tr\/index.php\/urun\/sectim-seni\/"},"modified":"2026-01-30T04:09:05","modified_gmt":"2026-01-30T01:09:05","slug":"sectim-seni","status":"publish","type":"product","link":"https:\/\/roveyayinevi.com.tr\/index.php\/urun\/sectim-seni\/","title":{"rendered":"Se\u00e7tim Seni"},"content":{"rendered":"<p>Sevgimi sana ba\u011flad\u0131m, G\u00f6nl\u00fcmde, kalbimde ta\u015f\u0131d\u0131m, Hayat\u0131n yolunda seni sevdim, G\u00f6nl\u00fcme g\u00fczel se\u00e7tim seni.   Hayatta g\u00fcl y\u00fcz\u00fcne bakt\u0131\u011f\u0131m, Sevdas\u0131na \u00f6m\u00fcr adad\u0131\u011f\u0131m, Kalbime sultan tan\u0131d\u0131\u011f\u0131m, G\u00f6nl\u00fcme g\u00fczel se\u00e7tim seni.   Hayat yolunda sevdas\u0131n\u0131 ya\u015fad\u0131m, D\u00fcnyada ba\u015fka g\u00fczel aramad\u0131m, Her g\u00fcn\u00fcm\u00fc sevdas\u0131na ay\u0131rd\u0131m, G\u00f6nl\u00fcme g\u00fczel se\u00e7tim seni.   Bahtiyar olma yolunda seni se\u00e7tim, G\u00f6nl\u00fcme sahip olman\u0131 istedim. Hayatta g\u00f6n\u00fcl ger\u00e7e\u011fim, G\u00f6nl\u00fcme g\u00fczel se\u00e7tim seni. <\/p>\n","protected":false},"excerpt":{"rendered":"<p>Sevgimi sana ba\u011flad\u0131m, G\u00f6nl\u00fcmde, kalbimde ta\u015f\u0131d\u0131m, Hayat\u0131n yolunda seni sevdim, G\u00f6nl\u00fcme g\u00fczel se\u00e7tim seni. Hayatta g\u00fcl y\u00fcz\u00fcne bakt\u0131\u011f\u0131m, Sevdas\u0131na \u00f6m\u00fcr adad\u0131\u011f\u0131m, Kalbime sultan tan\u0131d\u0131\u011f\u0131m, G\u00f6nl\u00fcme g\u00fczel<span class=\"excerpt-hellip\"> [\u2026]<\/span><\/p>\n","protected":false},"featured_media":0,"template":"","meta":{"_monsterinsights_skip_tracking":false,"_monsterinsights_sitenote_active":false,"_monsterinsights_sitenote_note":"","_monsterinsights_sitenote_category":0},"product_brand":[],"product_cat":[12291,12509],"product_tag":[],"class_list":{"0":"post-770863","1":"product","2":"type-product","3":"status-publish","5":"product_cat-edebiyat","6":"product_cat-siir","7":"pa_cilt-ciltsiz","8":"pa_tur-kitap","9":"pa_yayinevi-vova-yayinlari","10":"pa_yazar-muhammet-zeyrek","12":"first","13":"instock","14":"sale","15":"shipping-taxable","16":"purchasable","17":"product-type-simple"},"_links":{"self":[{"href":"https:\/\/roveyayinevi.com.tr\/index.php\/wp-json\/wp\/v2\/product\/770863","targetHints":{"allow":["GET"]}}],"collection":[{"href":"https:\/\/roveyayinevi.com.tr\/index.php\/wp-json\/wp\/v2\/product"}],"about":[{"href":"https:\/\/roveyayinevi.com.tr\/index.php\/wp-json\/wp\/v2\/types\/product"}],"wp:attachment":[{"href":"https:\/\/roveyayinevi.com.tr\/index.php\/wp-json\/wp\/v2\/media?parent=770863"}],"wp:term":[{"taxonomy":"product_brand","embeddable":true,"href":"https:\/\/roveyayinevi.com.tr\/index.php\/wp-json\/wp\/v2\/product_brand?post=770863"},{"taxonomy":"product_cat","embeddable":true,"href":"https:\/\/roveyayinevi.com.tr\/index.php\/wp-json\/wp\/v2\/product_cat?post=770863"},{"taxonomy":"product_tag","embeddable":true,"href":"https:\/\/roveyayinevi.com.tr\/index.php\/wp-json\/wp\/v2\/product_tag?post=770863"}],"curies":[{"name":"wp","href":"https:\/\/api.w.org\/{rel}","templated":true}]}}