{"id":770854,"date":"2025-08-28T14:45:27","date_gmt":"2025-08-28T11:45:27","guid":{"rendered":"https:\/\/roveyayinevi.com.tr\/index.php\/urun\/karanlikta-gokkusagi\/"},"modified":"2026-04-15T03:37:13","modified_gmt":"2026-04-15T00:37:13","slug":"karanlikta-gokkusagi","status":"publish","type":"product","link":"https:\/\/roveyayinevi.com.tr\/index.php\/urun\/karanlikta-gokkusagi\/","title":{"rendered":"Karanl\u0131kta G\u00f6kku\u015fa\u011f\u0131"},"content":{"rendered":"<p>Yar\u0131n gelmese iyi olurdu ama oradayd\u0131 i\u015fte. Bekliyordu, t\u00fcm gizleriyle, s\u0131rlar\u0131yla, s\u00fcrprizleriyle oradayd\u0131, gelecekti, zaman durdurulmaz, denetlenemez h\u0131z\u0131yla, insan\u0131n sabr\u0131yla, sab\u0131rs\u0131zl\u0131\u011f\u0131yla alay ediyor, her k\u00f6\u015feye bir ilmik at\u0131yor, sonra o ilmikler i\u00e7 i\u00e7e ge\u00e7iyor, mutluluklar, belalar hemen hemen ayn\u0131 h\u0131zla insan\u0131n \u00fcst\u00fcne \u00e7ullan\u0131yordu. S\u00fcmb\u00fcllerin kokusunu i\u00e7ime \u00e7ektim. Bir yudum daha i\u00e7tim k\u0131rm\u0131z\u0131 \u015farab\u0131mdan. Yok, duramayaca\u011f\u0131m ben burada, i\u00e7imi kemiren o korkuyla kar\u0131\u015f\u0131k tedirginlik b\u0131rakmayacak yakam\u0131. O tuhaf g\u00fcr\u00fclt\u00fc, kafam\u0131n i\u00e7inde k\u00fc\u00e7\u00fck bir \u00e7ekicin darbelerine benzeyen o g\u00fcr\u00fclt\u00fc durmuyor. Yok, kafam\u0131n i\u00e7inde de\u011fil, d\u0131\u015far\u0131dan geliyor bu ses. <\/p>\n","protected":false},"excerpt":{"rendered":"<p>Yar\u0131n gelmese iyi olurdu ama oradayd\u0131 i\u015fte. Bekliyordu, t\u00fcm gizleriyle, s\u0131rlar\u0131yla, s\u00fcrprizleriyle oradayd\u0131, gelecekti, zaman durdurulmaz, denetlenemez h\u0131z\u0131yla, insan\u0131n sabr\u0131yla, sab\u0131rs\u0131zl\u0131\u011f\u0131yla alay ediyor, her k\u00f6\u015feye bir<span class=\"excerpt-hellip\"> [\u2026]<\/span><\/p>\n","protected":false},"featured_media":0,"template":"","meta":{"_monsterinsights_skip_tracking":false,"_monsterinsights_sitenote_active":false,"_monsterinsights_sitenote_note":"","_monsterinsights_sitenote_category":0},"product_brand":[],"product_cat":[12291,12711],"product_tag":[],"class_list":{"0":"post-770854","1":"product","2":"type-product","3":"status-publish","5":"product_cat-edebiyat","6":"product_cat-roman-oyku","7":"pa_cilt-ciltsiz","8":"pa_tur-kitap","9":"pa_yayinevi-telgrafhane-yayinlari","10":"pa_yazar-guray-oz","12":"first","13":"instock","14":"sale","15":"shipping-taxable","16":"purchasable","17":"product-type-simple"},"_links":{"self":[{"href":"https:\/\/roveyayinevi.com.tr\/index.php\/wp-json\/wp\/v2\/product\/770854","targetHints":{"allow":["GET"]}}],"collection":[{"href":"https:\/\/roveyayinevi.com.tr\/index.php\/wp-json\/wp\/v2\/product"}],"about":[{"href":"https:\/\/roveyayinevi.com.tr\/index.php\/wp-json\/wp\/v2\/types\/product"}],"wp:attachment":[{"href":"https:\/\/roveyayinevi.com.tr\/index.php\/wp-json\/wp\/v2\/media?parent=770854"}],"wp:term":[{"taxonomy":"product_brand","embeddable":true,"href":"https:\/\/roveyayinevi.com.tr\/index.php\/wp-json\/wp\/v2\/product_brand?post=770854"},{"taxonomy":"product_cat","embeddable":true,"href":"https:\/\/roveyayinevi.com.tr\/index.php\/wp-json\/wp\/v2\/product_cat?post=770854"},{"taxonomy":"product_tag","embeddable":true,"href":"https:\/\/roveyayinevi.com.tr\/index.php\/wp-json\/wp\/v2\/product_tag?post=770854"}],"curies":[{"name":"wp","href":"https:\/\/api.w.org\/{rel}","templated":true}]}}