{"id":770835,"date":"2025-08-28T14:44:53","date_gmt":"2025-08-28T11:44:53","guid":{"rendered":"https:\/\/roveyayinevi.com.tr\/index.php\/urun\/utanci-asmak\/"},"modified":"2026-04-15T03:37:12","modified_gmt":"2026-04-15T00:37:12","slug":"utanci-asmak","status":"publish","type":"product","link":"https:\/\/roveyayinevi.com.tr\/index.php\/urun\/utanci-asmak\/","title":{"rendered":"Utanc\u0131 A\u015fmak"},"content":{"rendered":"<p>Otizmin Maskesini \u0130ndirmek kitab\u0131n\u0131n yazar\u0131 ve sosyal psikolog Dr. Devon Price bu \u00f6nemli kitapta bireyleri sistemik sorunlar\u0131n faili gibi g\u00f6steren bir toplumda ya\u015faman\u0131n do\u011furdu\u011fu kendine \u00f6fke ve g\u00fc\u00e7s\u00fczl\u00fck hissi yani Sistemik Utan\u00e7 ile y\u00fczle\u015fmek ve bu utan\u00e7la nas\u0131l ba\u015fa \u00e7\u0131k\u0131laca\u011f\u0131n\u0131 \u00f6\u011frenmek isteyenler i\u00e7in e\u015fsiz bir rehber sunuyor. Sistemik Utan\u00e7, i\u00e7inde ya\u015fad\u0131\u011f\u0131m\u0131z ko\u015fullar\u0131n sorumlulu\u011funu tamamen bireylere y\u00fckleyen, toplum taraf\u0131ndan in\u015fa edilmi\u015f bir kendinden nefret etme bi\u00e7imidir. Bu bak\u0131\u015f a\u00e7\u0131s\u0131, yoksullu\u011fun sadece \u00e7ok \u00e7al\u0131\u015f\u0131larak a\u015f\u0131labilece\u011fini, \u00f6tekile\u015ftirilen bireylerin maruz kald\u0131klar\u0131 bask\u0131y\u0131 kendilerinin \u00e7\u00f6zmesi gerekti\u011fini ve iklim krizi gibi k\u00fcresel felaketlerin bireysel eylemlerle durdurulabilece\u011fini savunur. Hatta kendini k\u00f6t\u00fc hissetmek bile ki\u015fisel bir ba\u015far\u0131s\u0131zl\u0131k gibi g\u00f6sterilir. Ne kadar \u00e7abalarsak \u00e7abalayal\u0131m dayat\u0131lan imk\u00e2ns\u0131z m\u00fckemmellik \u00f6l\u00e7\u00fctlerine ula\u015famay\u0131z, hissetti\u011fimiz utan\u00e7 giderek derinle\u015fir; bizi yaln\u0131zl\u0131\u011fa ve umutsuzlu\u011fa do\u011fru \u00e7eker. Dr. Devon Price, Sistemik Utan\u00e7\u2019\u0131n y\u0131k\u0131c\u0131 etkilerini bizzat ya\u015fam\u0131\u015f bir isimdir. Trans kimli\u011fiyle verdi\u011fi m\u00fccadele s\u0131ras\u0131nda, ya\u015fad\u0131\u011f\u0131 ac\u0131lar\u0131n sistemik bask\u0131lardan de\u011fil de kendi hatalar\u0131ndan kaynakland\u0131\u011f\u0131na inanarak bu utanc\u0131 i\u00e7selle\u015ftirmi\u015ftir. Ancak bu t\u00fcr bir utan\u00e7 yaln\u0131zca i\u00e7sel bir \u0131st\u0131rapla s\u0131n\u0131rl\u0131 kalmaz; ayn\u0131 zamanda bizi ba\u015fkalar\u0131n\u0131 da ayn\u0131 sertlikle yarg\u0131lamaya ko\u015fulland\u0131r\u0131r, \u00e7\u00fcnk\u00fc biz de ba\u015fkalar\u0131n\u0131n bizi ayn\u0131 \u015fekilde yarg\u0131layaca\u011f\u0131ndan korkar\u0131z. Bu korku, ihtiya\u00e7 duydu\u011fumuz kabul ve deste\u011fi aramam\u0131za, topluluklar kurmam\u0131za ve birlikte de\u011fi\u015fim yaratmam\u0131za engel olur. Utanc\u0131 A\u015fmak bu yo\u011fun ve zorlay\u0131c\u0131 duygularla nas\u0131l y\u00fczle\u015filece\u011fini ve onlarla sa\u011fl\u0131kl\u0131 bi\u00e7imde nas\u0131l ba\u015fa \u00e7\u0131k\u0131labilece\u011fini anlat\u0131yor. Kitap bize Sistemik Utan\u00e7\u2019\u0131n panzehiri olarak geni\u015f kapsaml\u0131 tan\u0131ma kavram\u0131n\u0131 tan\u0131t\u0131yor. Hem bireysel hem toplumsal d\u00fczeyde g\u00fcven duygusunu yeniden in\u015fa etmek i\u00e7in kendimize, ba\u015fkalar\u0131na ve ortak gelece\u011fimize duydu\u011fumuz g\u00fcveni g\u00fc\u00e7lendirecek uygulanabilir al\u0131\u015ft\u0131rmalar ve kaynaklar sunuyor. <\/p>\n","protected":false},"excerpt":{"rendered":"<p>Otizmin Maskesini \u0130ndirmek kitab\u0131n\u0131n yazar\u0131 ve sosyal psikolog Dr. Devon Price bu \u00f6nemli kitapta bireyleri sistemik sorunlar\u0131n faili gibi g\u00f6steren bir toplumda ya\u015faman\u0131n do\u011furdu\u011fu kendine \u00f6fke<span class=\"excerpt-hellip\"> [\u2026]<\/span><\/p>\n","protected":false},"featured_media":0,"template":"","meta":{"_monsterinsights_skip_tracking":false,"_monsterinsights_sitenote_active":false,"_monsterinsights_sitenote_note":"","_monsterinsights_sitenote_category":0},"product_brand":[],"product_cat":[12364,12376],"product_tag":[],"class_list":{"0":"post-770835","1":"product","2":"type-product","3":"status-publish","5":"product_cat-genel-konular","6":"product_cat-kisisel-gelisim","7":"pa_cilt-ciltsiz","8":"pa_tur-kitap","9":"pa_yayinevi-butik-yayinlari","10":"pa_yazar-devon-price","12":"first","13":"instock","14":"sale","15":"shipping-taxable","16":"purchasable","17":"product-type-simple"},"_links":{"self":[{"href":"https:\/\/roveyayinevi.com.tr\/index.php\/wp-json\/wp\/v2\/product\/770835","targetHints":{"allow":["GET"]}}],"collection":[{"href":"https:\/\/roveyayinevi.com.tr\/index.php\/wp-json\/wp\/v2\/product"}],"about":[{"href":"https:\/\/roveyayinevi.com.tr\/index.php\/wp-json\/wp\/v2\/types\/product"}],"wp:attachment":[{"href":"https:\/\/roveyayinevi.com.tr\/index.php\/wp-json\/wp\/v2\/media?parent=770835"}],"wp:term":[{"taxonomy":"product_brand","embeddable":true,"href":"https:\/\/roveyayinevi.com.tr\/index.php\/wp-json\/wp\/v2\/product_brand?post=770835"},{"taxonomy":"product_cat","embeddable":true,"href":"https:\/\/roveyayinevi.com.tr\/index.php\/wp-json\/wp\/v2\/product_cat?post=770835"},{"taxonomy":"product_tag","embeddable":true,"href":"https:\/\/roveyayinevi.com.tr\/index.php\/wp-json\/wp\/v2\/product_tag?post=770835"}],"curies":[{"name":"wp","href":"https:\/\/api.w.org\/{rel}","templated":true}]}}