{"id":770825,"date":"2025-08-28T14:44:27","date_gmt":"2025-08-28T11:44:27","guid":{"rendered":"https:\/\/roveyayinevi.com.tr\/index.php\/urun\/sanat-hayattir\/"},"modified":"2026-03-12T03:34:34","modified_gmt":"2026-03-12T00:34:34","slug":"sanat-hayattir","status":"publish","type":"product","link":"https:\/\/roveyayinevi.com.tr\/index.php\/urun\/sanat-hayattir\/","title":{"rendered":"Sanat Hayatt\u0131r"},"content":{"rendered":"<p>Yakla\u015f\u0131k \u00e7eyrek as\u0131rd\u0131r sanat \u00fczerine etkili yaz\u0131lar kaleme alan, Nas\u0131l Sanat\u00e7\u0131 Olunur\u2019un Pulitzer \u00f6d\u00fcll\u00fc yazar\u0131 Jerry Saltz, Sanat Hayatt\u0131r\u2019da toplumsal olaylarla kronikle\u015ftirdi\u011fi \u00e7a\u011fda\u015f sanat\u0131 tan\u0131mlayan yaz\u0131lar\u0131n\u0131 bir araya getiriyor. Kara Walker, Philip Guston ve Jasper Johns gibi \u00f6nc\u00fclerden Jeff Koons ve Lisa Yuskavage gibi provakat\u00f6rlere ve Joseph Yoakum&#8217;dan Robert Gober&#8217;a de\u011fin vizyonerlere dair ufuk a\u00e7\u0131c\u0131 de\u011ferlendirmelerini sunuyor. Kehinde Wiley ve Amy Sherals&#8217;\u0131n Obama portreleri gibi d\u00f6n\u00fcm noktalar\u0131n\u0131 de\u011ferlendiriyor, Ankara suikast\u0131 gibi rahats\u0131z edici anlar\u0131 sorgulay\u0131c\u0131 bi\u00e7imde irdeleyip sinemac\u0131 Steve McQueen&#8217;den, \u201c\u0131\u015f\u0131\u011f\u0131n ressam\u0131\u201d Thomas Kinkade&#8217;e kadar bir\u00e7ok fig\u00fcr hakk\u0131nda \u015fa\u015f\u0131rt\u0131c\u0131 yorumlar ortaya koyuyor. Kendi kederli \u00e7ocuklu\u011funa, kariyerinin \u201cba\u015far\u0131s\u0131z bir sanat\u00e7\u0131\u201d olarak ilk y\u0131llar\u0131na, G\u00e9ricault, Boticelli ve ma\u011fara ressamlar\u0131ndan esinlenerek ya\u015fad\u0131\u011f\u0131 ayd\u0131nlanmalara dair unutulmaz hik\u00e2yeler payla\u015f\u0131yor. Saltz, samimi ve kendine has tarz\u0131yla, \u201cdaimi bir ola\u011fan\u00fcst\u00fc h\u00e2l\u201d ortam\u0131nda \u00fcreten bir sanat ku\u015fa\u011f\u0131n\u0131n de\u011ferlendirmesini yaparak, d\u00f6n\u00fc\u015f\u00fcmsel bir d\u00f6nemin yarat\u0131c\u0131 miras\u0131yla hesapla\u015f\u0131yor. Sanat Hayatt\u0131r, radikal de\u011fi\u015fim \u00e7a\u011f\u0131nda sanat d\u00fcnyas\u0131n\u0131n keyifle okunur bir portresini sunuyor.   \u201cE\u011fer sanattan usand\u0131\u011f\u0131n\u0131z\u0131 hissederseniz, Jerry Saltz okuyun ve sanat\u0131n mucizesini yeniden hissedin.\u201d Simon Schama   \u201cD\u00fcnyan\u0131n en \u00fcnl\u00fc ve en takdir g\u00f6ren \u00e7a\u011fda\u015f sanat ele\u015ftirmeni.\u201d GQ   \u201cJerry t\u00fcm sanat\u0131n ve t\u00fcm sanat\u00e7\u0131lar\u0131n tutkulu bir a\u015f\u0131\u011f\u0131d\u0131r, iyi olmad\u0131klar\u0131 zaman kalbi k\u0131r\u0131l\u0131r, iyi olduklar\u0131ndaysa keyiflenir. Onun \u00e7alkant\u0131l\u0131 ama berrak, her seferinde bu sabahki kadar umutlu \u00e7\u0131kan yaz\u0131s\u0131n\u0131 okumaktan ziyade i\u00e7inde y\u0131kan\u0131yorsunuz.\u201d Peter Schjeldahl <\/p>\n","protected":false},"excerpt":{"rendered":"<p>Yakla\u015f\u0131k \u00e7eyrek as\u0131rd\u0131r sanat \u00fczerine etkili yaz\u0131lar kaleme alan, Nas\u0131l Sanat\u00e7\u0131 Olunur\u2019un Pulitzer \u00f6d\u00fcll\u00fc yazar\u0131 Jerry Saltz, Sanat Hayatt\u0131r\u2019da toplumsal olaylarla kronikle\u015ftirdi\u011fi \u00e7a\u011fda\u015f sanat\u0131 tan\u0131mlayan yaz\u0131lar\u0131n\u0131<span class=\"excerpt-hellip\"> [\u2026]<\/span><\/p>\n","protected":false},"featured_media":0,"template":"","meta":{"_monsterinsights_skip_tracking":false,"_monsterinsights_sitenote_active":false,"_monsterinsights_sitenote_note":"","_monsterinsights_sitenote_category":0},"product_brand":[],"product_cat":[13548,12408],"product_tag":[],"class_list":{"0":"post-770825","1":"product","2":"type-product","3":"status-publish","5":"product_cat-kuram","6":"product_cat-sanat","7":"pa_cilt-ciltsiz","8":"pa_tur-kitap","9":"pa_yayinevi-hayalperest-yayinlari","10":"pa_yazar-jarry-saltz","12":"first","13":"instock","14":"sale","15":"shipping-taxable","16":"purchasable","17":"product-type-simple"},"_links":{"self":[{"href":"https:\/\/roveyayinevi.com.tr\/index.php\/wp-json\/wp\/v2\/product\/770825","targetHints":{"allow":["GET"]}}],"collection":[{"href":"https:\/\/roveyayinevi.com.tr\/index.php\/wp-json\/wp\/v2\/product"}],"about":[{"href":"https:\/\/roveyayinevi.com.tr\/index.php\/wp-json\/wp\/v2\/types\/product"}],"wp:attachment":[{"href":"https:\/\/roveyayinevi.com.tr\/index.php\/wp-json\/wp\/v2\/media?parent=770825"}],"wp:term":[{"taxonomy":"product_brand","embeddable":true,"href":"https:\/\/roveyayinevi.com.tr\/index.php\/wp-json\/wp\/v2\/product_brand?post=770825"},{"taxonomy":"product_cat","embeddable":true,"href":"https:\/\/roveyayinevi.com.tr\/index.php\/wp-json\/wp\/v2\/product_cat?post=770825"},{"taxonomy":"product_tag","embeddable":true,"href":"https:\/\/roveyayinevi.com.tr\/index.php\/wp-json\/wp\/v2\/product_tag?post=770825"}],"curies":[{"name":"wp","href":"https:\/\/api.w.org\/{rel}","templated":true}]}}