{"id":770824,"date":"2025-08-28T14:44:25","date_gmt":"2025-08-28T11:44:25","guid":{"rendered":"https:\/\/roveyayinevi.com.tr\/index.php\/urun\/genc-kiz-1983\/"},"modified":"2026-04-15T03:37:12","modified_gmt":"2026-04-15T00:37:12","slug":"genc-kiz-1983","status":"publish","type":"product","link":"https:\/\/roveyayinevi.com.tr\/index.php\/urun\/genc-kiz-1983\/","title":{"rendered":"Gen\u00e7 K\u0131z 1983"},"content":{"rendered":"<p>Olup bitenleri yazmak suretiyle ve bu hik\u00e2yeyi elimden geldi\u011fince asl\u0131na uygun anlatarak tek bir bedende birle\u015ftirmeye \u00e7al\u0131\u015f\u0131yorum 2021 y\u0131l\u0131ndaki kad\u0131nla 1983 y\u0131l\u0131ndaki gen\u00e7 k\u0131z\u0131. Bu m\u00fcmk\u00fcn m\u00fc bilemiyorum.   1983 y\u0131l\u0131nda bir k\u0131\u015f gecesi, on alt\u0131 ya\u015f\u0131ndaki gen\u00e7 k\u0131z tan\u0131mad\u0131\u011f\u0131 Paris sokaklar\u0131nda kaybolur. Cebindeki k\u00e2\u011f\u0131t par\u00e7as\u0131nda yaz\u0131l\u0131 olan adres ise kendisinden 30 ya\u015f b\u00fcy\u00fck foto\u011fraf\u00e7\u0131 A\u2019n\u0131n evine aittir. Yakla\u015f\u0131k 40 sene sonra hayat\u0131 t\u00fcm d\u00fcnyayla birlikte alt\u00fcst oldu\u011funda, yeti\u015fkin kad\u0131n gen\u00e7 k\u0131z olarak o gece ya\u015fad\u0131klar\u0131n\u0131n izini s\u00fcrmekten ba\u015fka \u00e7aresi olmad\u0131\u011f\u0131n\u0131 anlar. Gen\u00e7 K\u0131z, 1983, farkl\u0131 zamanlarda Oslo, Paris ve New York\u2019ta ge\u00e7en, bellek ve unutu\u015fun katmanlar\u0131 hakk\u0131nda, herhangi bir yaz\u0131n t\u00fcr\u00fcn\u00fcn kal\u0131b\u0131na s\u0131\u011fmayan etkileyici bir soru\u015fturma. Bir d\u00f6n\u00fcm noktas\u0131n\u0131 belgeleyen \u00f6nceki eseri Huzursuzlar\u2019da oldu\u011fu gibi, Linn Ullmann bu kez de uzun s\u00fcre karanl\u0131kta kalm\u0131\u015f s\u0131rlar\u0131 a\u00e7\u0131\u011fa \u00e7\u0131karma pe\u015finde belle\u011fin derinlerine matemli bir yolculu\u011fa \u00e7\u0131k\u0131yor. Gen\u00e7 K\u0131z, 1983 g\u00fczellik ve unutu\u015f, arzu ve utan\u00e7, iktidar ve g\u00fc\u00e7s\u00fczl\u00fc\u011f\u00fc konu alan ak\u0131llardan \u00e7\u0131kmayacak, alabildi\u011fine d\u00fcr\u00fcst bir roman. Ullmann\u2019\u0131n bir yeti\u015fkin olarak hat\u0131rlad\u0131\u011f\u0131 ve yeniden sahneledi\u011fi gen\u00e7 k\u0131z\u0131n g\u00fcc\u00fc ve ac\u0131s\u0131na bak\u0131\u015f\u0131 cesur ve \u015fa\u015f\u0131rt\u0131c\u0131.                                                                                       Deborah Levy   Bir ba\u015fyap\u0131t. An\u0131 ve hik\u00e2yenin bile\u015fik g\u00fcc\u00fcne yeni bir boyut getiriyor.                                                                                              Ali Smith <\/p>\n","protected":false},"excerpt":{"rendered":"<p>Olup bitenleri yazmak suretiyle ve bu hik\u00e2yeyi elimden geldi\u011fince asl\u0131na uygun anlatarak tek bir bedende birle\u015ftirmeye \u00e7al\u0131\u015f\u0131yorum 2021 y\u0131l\u0131ndaki kad\u0131nla 1983 y\u0131l\u0131ndaki gen\u00e7 k\u0131z\u0131. Bu m\u00fcmk\u00fcn<span class=\"excerpt-hellip\"> [\u2026]<\/span><\/p>\n","protected":false},"featured_media":0,"template":"","meta":{"_monsterinsights_skip_tracking":false,"_monsterinsights_sitenote_active":false,"_monsterinsights_sitenote_note":"","_monsterinsights_sitenote_category":0},"product_brand":[],"product_cat":[12291,12711],"product_tag":[],"class_list":{"0":"post-770824","1":"product","2":"type-product","3":"status-publish","5":"product_cat-edebiyat","6":"product_cat-roman-oyku","7":"pa_cilt-ciltsiz","8":"pa_tur-kitap","9":"pa_yayinevi-yapi-kredi-yayinlari","10":"pa_yazar-linn-ullmann","12":"first","13":"instock","14":"sale","15":"shipping-taxable","16":"purchasable","17":"product-type-simple"},"_links":{"self":[{"href":"https:\/\/roveyayinevi.com.tr\/index.php\/wp-json\/wp\/v2\/product\/770824","targetHints":{"allow":["GET"]}}],"collection":[{"href":"https:\/\/roveyayinevi.com.tr\/index.php\/wp-json\/wp\/v2\/product"}],"about":[{"href":"https:\/\/roveyayinevi.com.tr\/index.php\/wp-json\/wp\/v2\/types\/product"}],"wp:attachment":[{"href":"https:\/\/roveyayinevi.com.tr\/index.php\/wp-json\/wp\/v2\/media?parent=770824"}],"wp:term":[{"taxonomy":"product_brand","embeddable":true,"href":"https:\/\/roveyayinevi.com.tr\/index.php\/wp-json\/wp\/v2\/product_brand?post=770824"},{"taxonomy":"product_cat","embeddable":true,"href":"https:\/\/roveyayinevi.com.tr\/index.php\/wp-json\/wp\/v2\/product_cat?post=770824"},{"taxonomy":"product_tag","embeddable":true,"href":"https:\/\/roveyayinevi.com.tr\/index.php\/wp-json\/wp\/v2\/product_tag?post=770824"}],"curies":[{"name":"wp","href":"https:\/\/api.w.org\/{rel}","templated":true}]}}