{"id":770809,"date":"2025-08-28T14:43:58","date_gmt":"2025-08-28T11:43:58","guid":{"rendered":"https:\/\/roveyayinevi.com.tr\/index.php\/urun\/cenneti-gostermek-botticellinin-bakirenin-tac-giyme-toreni-ve-aracili-imgeler\/"},"modified":"2026-04-15T03:37:12","modified_gmt":"2026-04-15T00:37:12","slug":"cenneti-gostermek-botticellinin-bakirenin-tac-giyme-toreni-ve-aracili-imgeler","status":"publish","type":"product","link":"https:\/\/roveyayinevi.com.tr\/index.php\/urun\/cenneti-gostermek-botticellinin-bakirenin-tac-giyme-toreni-ve-aracili-imgeler\/","title":{"rendered":"Cenneti G\u00f6stermek: Botticelli\u2019nin \u201cBakirenin Ta\u00e7 Giyme T\u00f6reni\u201d ve Arac\u0131l\u0131 \u0130mgeler"},"content":{"rendered":"<p>Cennet nas\u0131l tasvir edilebilir ve bir ressam\u0131n bunu g\u00f6sterme olana\u011f\u0131 var m\u0131d\u0131r? Botticelli\u2019nin \u201cBakirenin Ta\u00e7 Giyme T\u00f6reni\u201d adl\u0131 eseri, ilahi ve d\u00fcnyevi olan aras\u0131ndaki s\u0131n\u0131r\u0131 belirsizle\u015ftirir. Charles Burroughs bu eserde sembollerin rol\u00fcn\u00fc inceler ve Tanr\u0131\u2019n\u0131n tasavvurunu yery\u00fcz\u00fcnde g\u00f6stermeye \u00e7abalayan bir sanat\u00e7\u0131n\u0131n me\u015fakkatli g\u00f6revini ele al\u0131r. Bu \u00e7al\u0131\u015fma, din\u00ee anlat\u0131n\u0131n g\u00f6rsel ve sembolik ifadelerini inceleyerek, inan\u00e7 ve sanat aras\u0131ndaki ba\u011flant\u0131y\u0131 sorgular. Ayr\u0131ca g\u00f6rsel \u00e7al\u0131\u015fman\u0131n rit\u00fcellerle birle\u015ferek ortaya \u00e7\u0131karm\u0131\u015f oldu\u011fu manevi g\u00fcc\u00fcyle, okuru imgelerin d\u00fcnyas\u0131na \u00e7ekilmeye davet eder. <\/p>\n","protected":false},"excerpt":{"rendered":"<p>Cennet nas\u0131l tasvir edilebilir ve bir ressam\u0131n bunu g\u00f6sterme olana\u011f\u0131 var m\u0131d\u0131r? Botticelli\u2019nin \u201cBakirenin Ta\u00e7 Giyme T\u00f6reni\u201d adl\u0131 eseri, ilahi ve d\u00fcnyevi olan aras\u0131ndaki s\u0131n\u0131r\u0131 belirsizle\u015ftirir.<span class=\"excerpt-hellip\"> [\u2026]<\/span><\/p>\n","protected":false},"featured_media":0,"template":"","meta":{"_monsterinsights_skip_tracking":false,"_monsterinsights_sitenote_active":false,"_monsterinsights_sitenote_note":"","_monsterinsights_sitenote_category":0},"product_brand":[],"product_cat":[15733,12408],"product_tag":[],"class_list":{"0":"post-770809","1":"product","2":"type-product","3":"status-publish","5":"product_cat-resim","6":"product_cat-sanat","7":"pa_cilt-ciltsiz","8":"pa_tur-kitap","9":"pa_yayinevi-fol-kitap","10":"pa_yazar-charles-burroughs","12":"first","13":"instock","14":"sale","15":"shipping-taxable","16":"purchasable","17":"product-type-simple"},"_links":{"self":[{"href":"https:\/\/roveyayinevi.com.tr\/index.php\/wp-json\/wp\/v2\/product\/770809","targetHints":{"allow":["GET"]}}],"collection":[{"href":"https:\/\/roveyayinevi.com.tr\/index.php\/wp-json\/wp\/v2\/product"}],"about":[{"href":"https:\/\/roveyayinevi.com.tr\/index.php\/wp-json\/wp\/v2\/types\/product"}],"wp:attachment":[{"href":"https:\/\/roveyayinevi.com.tr\/index.php\/wp-json\/wp\/v2\/media?parent=770809"}],"wp:term":[{"taxonomy":"product_brand","embeddable":true,"href":"https:\/\/roveyayinevi.com.tr\/index.php\/wp-json\/wp\/v2\/product_brand?post=770809"},{"taxonomy":"product_cat","embeddable":true,"href":"https:\/\/roveyayinevi.com.tr\/index.php\/wp-json\/wp\/v2\/product_cat?post=770809"},{"taxonomy":"product_tag","embeddable":true,"href":"https:\/\/roveyayinevi.com.tr\/index.php\/wp-json\/wp\/v2\/product_tag?post=770809"}],"curies":[{"name":"wp","href":"https:\/\/api.w.org\/{rel}","templated":true}]}}