{"id":770807,"date":"2025-08-28T14:43:56","date_gmt":"2025-08-28T11:43:56","guid":{"rendered":"https:\/\/roveyayinevi.com.tr\/index.php\/urun\/venedikte-aziz-jerome-giovanni-bellini-ve-yalniz-yasam-ruyasi\/"},"modified":"2026-04-15T03:37:12","modified_gmt":"2026-04-15T00:37:12","slug":"venedikte-aziz-jerome-giovanni-bellini-ve-yalniz-yasam-ruyasi","status":"publish","type":"product","link":"https:\/\/roveyayinevi.com.tr\/index.php\/urun\/venedikte-aziz-jerome-giovanni-bellini-ve-yalniz-yasam-ruyasi\/","title":{"rendered":"Venedik\u2019te Aziz Jerome: Giovanni Bellini ve Yaln\u0131z Ya\u015fam R\u00fcyas\u0131"},"content":{"rendered":"<p>Aziz Jerome sadece bir \u00e7\u00f6l azizi midir, yoksa i\u00e7e bak\u0131\u015f\u0131n g\u00f6rsel bir tasviri mi? Giovanni Bellini, Venedik topraklar\u0131nda, do\u011fayla i\u00e7 i\u00e7e bir fig\u00fcr resmederken yaln\u0131zl\u0131\u011f\u0131n farkl\u0131 boyutlar\u0131n\u0131 g\u00f6zler \u00f6n\u00fcne serer. Bellini\u2019nin tasar\u0131m\u0131nda zaman adeta durmu\u015f gibidir; bu dinginlik i\u00e7erisinde her bir \u00e7izgi ve detay, anlam aray\u0131\u015f\u0131 i\u00e7in bir f\u0131rsatt\u0131r. Hans Belting, Bellini\u2019nin eserlerinde bizi g\u00f6rsel huzurun \u00f6tesinde zihinsel bir yolculu\u011fa \u00e7\u0131kar\u0131rken, yaln\u0131zl\u0131k, manevi g\u00fc\u00e7 ve resmedilmi\u015f sessizli\u011fin ne anlama geldi\u011fini yeniden d\u00fc\u015f\u00fcnmemize olanak tan\u0131r. <\/p>\n","protected":false},"excerpt":{"rendered":"<p>Aziz Jerome sadece bir \u00e7\u00f6l azizi midir, yoksa i\u00e7e bak\u0131\u015f\u0131n g\u00f6rsel bir tasviri mi? Giovanni Bellini, Venedik topraklar\u0131nda, do\u011fayla i\u00e7 i\u00e7e bir fig\u00fcr resmederken yaln\u0131zl\u0131\u011f\u0131n farkl\u0131<span class=\"excerpt-hellip\"> [\u2026]<\/span><\/p>\n","protected":false},"featured_media":0,"template":"","meta":{"_monsterinsights_skip_tracking":false,"_monsterinsights_sitenote_active":false,"_monsterinsights_sitenote_note":"","_monsterinsights_sitenote_category":0},"product_brand":[],"product_cat":[15733,12408],"product_tag":[],"class_list":{"0":"post-770807","1":"product","2":"type-product","3":"status-publish","5":"product_cat-resim","6":"product_cat-sanat","7":"pa_cilt-ciltsiz","8":"pa_tur-kitap","9":"pa_yayinevi-fol-kitap","10":"pa_yazar-hans-belting","12":"first","13":"instock","14":"sale","15":"shipping-taxable","16":"purchasable","17":"product-type-simple"},"_links":{"self":[{"href":"https:\/\/roveyayinevi.com.tr\/index.php\/wp-json\/wp\/v2\/product\/770807","targetHints":{"allow":["GET"]}}],"collection":[{"href":"https:\/\/roveyayinevi.com.tr\/index.php\/wp-json\/wp\/v2\/product"}],"about":[{"href":"https:\/\/roveyayinevi.com.tr\/index.php\/wp-json\/wp\/v2\/types\/product"}],"wp:attachment":[{"href":"https:\/\/roveyayinevi.com.tr\/index.php\/wp-json\/wp\/v2\/media?parent=770807"}],"wp:term":[{"taxonomy":"product_brand","embeddable":true,"href":"https:\/\/roveyayinevi.com.tr\/index.php\/wp-json\/wp\/v2\/product_brand?post=770807"},{"taxonomy":"product_cat","embeddable":true,"href":"https:\/\/roveyayinevi.com.tr\/index.php\/wp-json\/wp\/v2\/product_cat?post=770807"},{"taxonomy":"product_tag","embeddable":true,"href":"https:\/\/roveyayinevi.com.tr\/index.php\/wp-json\/wp\/v2\/product_tag?post=770807"}],"curies":[{"name":"wp","href":"https:\/\/api.w.org\/{rel}","templated":true}]}}