{"id":770800,"date":"2025-08-28T14:43:43","date_gmt":"2025-08-28T11:43:43","guid":{"rendered":"https:\/\/roveyayinevi.com.tr\/index.php\/urun\/kis-gunesi-ciltli\/"},"modified":"2026-04-15T03:37:11","modified_gmt":"2026-04-15T00:37:11","slug":"kis-gunesi-ciltli","status":"publish","type":"product","link":"https:\/\/roveyayinevi.com.tr\/index.php\/urun\/kis-gunesi-ciltli\/","title":{"rendered":"K\u0131\u015f G\u00fcne\u015fi (Ciltli)"},"content":{"rendered":"<p>ON K\u0130\u015e\u0130, B\u0130R SU\u00c7&#8230; A\u015eK VE ARKADA\u015eLIK&#8230;   Nilperi \u00d6zsoy arkada\u015flar\u0131yla i\u015fledi\u011fi su\u00e7un bedelini sonsuz bir yaz uykusuyla \u00f6demektedir. Ta ki Ya\u011f\u0131z G\u00fc\u00e7l\u00fc, da\u011f\u0131lan arkada\u015f grubunu yeniden bir araya getirmek isteyene dek\u2026   Birbirlerini bulmak i\u00e7in \u00e7\u0131kt\u0131klar\u0131 yolculukta biri vurulur, di\u011feri ka\u00e7\u0131r\u0131l\u0131r, bir ba\u015fkas\u0131 \u00f6l\u00fcm uykusuna yatarken d\u00fc\u015fledikleri son, yaln\u0131zca \u00f6zg\u00fcrl\u00fckt\u00fcr. Onlar art\u0131k i\u00e7lerinden birini kurtarmak isteyen sekiz arkada\u015f de\u011fil, birbirleri i\u00e7in ya\u015fayan on ki\u015fidir.   \u0130\u015fledikleri su\u00e7 k\u00f6t\u00fc bir s\u00fcrpriz sonucu kar\u015f\u0131lar\u0131na \u00e7\u0131kt\u0131\u011f\u0131nda hayatta kalmak i\u00e7in Alt\u0131nsoylar\u2019\u0131n teklifini kabul etmek zorunda kal\u0131rlar. Fakat Arden Koral\u2019\u0131n bir kez daha su\u00e7 i\u015fleyip hapse girmeye hi\u00e7 niyeti yoktur.   \u201cBaz\u0131 hik\u00e2yeler kendini yazd\u0131r\u0131r, baz\u0131 hik\u00e2yeleri sizin yazman\u0131z gerekir. Bu bir yolculuk hik\u00e2yesiydi, sonunu hep birlikte yazd\u0131\u011f\u0131m\u0131z.\u201d <\/p>\n","protected":false},"excerpt":{"rendered":"<p>ON K\u0130\u015e\u0130, B\u0130R SU\u00c7&#8230; A\u015eK VE ARKADA\u015eLIK&#8230; Nilperi \u00d6zsoy arkada\u015flar\u0131yla i\u015fledi\u011fi su\u00e7un bedelini sonsuz bir yaz uykusuyla \u00f6demektedir. Ta ki Ya\u011f\u0131z G\u00fc\u00e7l\u00fc, da\u011f\u0131lan arkada\u015f grubunu yeniden<span class=\"excerpt-hellip\"> [\u2026]<\/span><\/p>\n","protected":false},"featured_media":0,"template":"","meta":{"_monsterinsights_skip_tracking":false,"_monsterinsights_sitenote_active":false,"_monsterinsights_sitenote_note":"","_monsterinsights_sitenote_category":0},"product_brand":[],"product_cat":[12291,12711],"product_tag":[],"class_list":{"0":"post-770800","1":"product","2":"type-product","3":"status-publish","5":"product_cat-edebiyat","6":"product_cat-roman-oyku","7":"pa_cilt-ciltli","8":"pa_tur-kitap","9":"pa_yayinevi-athica-yayinlari","10":"pa_yazar-zeynep-sey","12":"first","13":"instock","14":"sale","15":"shipping-taxable","16":"purchasable","17":"product-type-simple"},"_links":{"self":[{"href":"https:\/\/roveyayinevi.com.tr\/index.php\/wp-json\/wp\/v2\/product\/770800","targetHints":{"allow":["GET"]}}],"collection":[{"href":"https:\/\/roveyayinevi.com.tr\/index.php\/wp-json\/wp\/v2\/product"}],"about":[{"href":"https:\/\/roveyayinevi.com.tr\/index.php\/wp-json\/wp\/v2\/types\/product"}],"wp:attachment":[{"href":"https:\/\/roveyayinevi.com.tr\/index.php\/wp-json\/wp\/v2\/media?parent=770800"}],"wp:term":[{"taxonomy":"product_brand","embeddable":true,"href":"https:\/\/roveyayinevi.com.tr\/index.php\/wp-json\/wp\/v2\/product_brand?post=770800"},{"taxonomy":"product_cat","embeddable":true,"href":"https:\/\/roveyayinevi.com.tr\/index.php\/wp-json\/wp\/v2\/product_cat?post=770800"},{"taxonomy":"product_tag","embeddable":true,"href":"https:\/\/roveyayinevi.com.tr\/index.php\/wp-json\/wp\/v2\/product_tag?post=770800"}],"curies":[{"name":"wp","href":"https:\/\/api.w.org\/{rel}","templated":true}]}}