{"id":770776,"date":"2025-08-28T14:42:55","date_gmt":"2025-08-28T11:42:55","guid":{"rendered":"https:\/\/roveyayinevi.com.tr\/index.php\/urun\/michelangelo-ve-medusanin-bakisi\/"},"modified":"2026-04-15T03:37:11","modified_gmt":"2026-04-15T00:37:11","slug":"michelangelo-ve-medusanin-bakisi","status":"publish","type":"product","link":"https:\/\/roveyayinevi.com.tr\/index.php\/urun\/michelangelo-ve-medusanin-bakisi\/","title":{"rendered":"Michelangelo ve Medusa\u2019n\u0131n Bak\u0131\u015f\u0131"},"content":{"rendered":"<p>Michelangelo\u2019nun Kleopatra \u00e7izimi, sadece birer form olmaktan \u00f6te ayn\u0131 zamanda bak\u0131\u015f\u0131n g\u00fc\u00e7l\u00fc bir ifadesidir. Mary D. Garrard, Medusa efsanesi ve Michelangelo\u2019nun \u00e7izimi aras\u0131nda paralellik kurarak, bu fig\u00fcrlerin sahip oldu\u011fu g\u00fc\u00e7 ve korku unsurunu cinsiyet \u00fczerinden ara\u015ft\u0131r\u0131r. Garrard, sanat\u00e7\u0131n\u0131n \u00e7izimlerinde bak\u0131\u015f ve donmu\u015f bedenler aras\u0131nda yarat\u0131lan gerilimin anlam\u0131n\u0131 sorgulamaya tabi tutar. \u00c7al\u0131\u015fma, sanatta mitolojik \u00f6gelerin kullan\u0131m\u0131yla ortaya \u00e7\u0131kan d\u00f6n\u00fc\u015f\u00fcm\u00fcn izini s\u00fcrer ve okuyucuyu Medusa etkisinden \u00f6nceki an\u0131 g\u00f6rmeye \u00e7a\u011f\u0131r\u0131r. Michelangelo\u2019nun eserlerinde gizlenen bu an, sanatta derin bir anlam ta\u015f\u0131r. <\/p>\n","protected":false},"excerpt":{"rendered":"<p>Michelangelo\u2019nun Kleopatra \u00e7izimi, sadece birer form olmaktan \u00f6te ayn\u0131 zamanda bak\u0131\u015f\u0131n g\u00fc\u00e7l\u00fc bir ifadesidir. Mary D. Garrard, Medusa efsanesi ve Michelangelo\u2019nun \u00e7izimi aras\u0131nda paralellik kurarak, bu<span class=\"excerpt-hellip\"> [\u2026]<\/span><\/p>\n","protected":false},"featured_media":0,"template":"","meta":{"_monsterinsights_skip_tracking":false,"_monsterinsights_sitenote_active":false,"_monsterinsights_sitenote_note":"","_monsterinsights_sitenote_category":0},"product_brand":[],"product_cat":[12408],"product_tag":[],"class_list":{"0":"post-770776","1":"product","2":"type-product","3":"status-publish","5":"product_cat-sanat","6":"pa_cilt-ciltsiz","7":"pa_tur-kitap","8":"pa_yayinevi-fol-kitap","9":"pa_yazar-mary-d-garrard","11":"first","12":"instock","13":"sale","14":"shipping-taxable","15":"purchasable","16":"product-type-simple"},"_links":{"self":[{"href":"https:\/\/roveyayinevi.com.tr\/index.php\/wp-json\/wp\/v2\/product\/770776","targetHints":{"allow":["GET"]}}],"collection":[{"href":"https:\/\/roveyayinevi.com.tr\/index.php\/wp-json\/wp\/v2\/product"}],"about":[{"href":"https:\/\/roveyayinevi.com.tr\/index.php\/wp-json\/wp\/v2\/types\/product"}],"wp:attachment":[{"href":"https:\/\/roveyayinevi.com.tr\/index.php\/wp-json\/wp\/v2\/media?parent=770776"}],"wp:term":[{"taxonomy":"product_brand","embeddable":true,"href":"https:\/\/roveyayinevi.com.tr\/index.php\/wp-json\/wp\/v2\/product_brand?post=770776"},{"taxonomy":"product_cat","embeddable":true,"href":"https:\/\/roveyayinevi.com.tr\/index.php\/wp-json\/wp\/v2\/product_cat?post=770776"},{"taxonomy":"product_tag","embeddable":true,"href":"https:\/\/roveyayinevi.com.tr\/index.php\/wp-json\/wp\/v2\/product_tag?post=770776"}],"curies":[{"name":"wp","href":"https:\/\/api.w.org\/{rel}","templated":true}]}}