{"id":770755,"date":"2025-08-28T14:42:05","date_gmt":"2025-08-28T11:42:05","guid":{"rendered":"https:\/\/roveyayinevi.com.tr\/index.php\/urun\/uzay-feneri-23\/"},"modified":"2026-04-15T03:37:10","modified_gmt":"2026-04-15T00:37:10","slug":"uzay-feneri-23","status":"publish","type":"product","link":"https:\/\/roveyayinevi.com.tr\/index.php\/urun\/uzay-feneri-23\/","title":{"rendered":"Uzay Feneri 23"},"content":{"rendered":"<p>S\u0130LO\u2019nun yazar\u0131 Hugh Howey\u2019den Uzay Feneri 23, insan do\u011fas\u0131n\u0131n derinliklerine inen, sava\u015f\u0131n ve yaln\u0131zl\u0131\u011f\u0131n insan \u00fczerindeki etkilerini sorgulayan heyecan dolu bir bilimkurgu roman\u0131.   Y\u00fczy\u0131llar boyunca deniz fenerleri, f\u0131rt\u0131nalara ve karanl\u0131\u011fa kar\u015f\u0131 gemilere rehberlik etti. Bu yaln\u0131z ve \u00e7o\u011fu zaman unutulmu\u015f g\u00f6revin k\u0131ymeti, ancak bir \u015feyler ters gitti\u011finde anla\u015f\u0131l\u0131rd\u0131. Yirmi \u00fc\u00e7\u00fcnc\u00fc y\u00fczy\u0131lda, bu g\u00f6rev y\u0131ld\u0131zlara ta\u015f\u0131nd\u0131. Art\u0131k bir galaksi boyunca \u0131\u015f\u0131k h\u0131z\u0131n\u0131n katbekat \u00f6tesinde seyahat eden gemilere y\u00f6n veren uzay fenerleri vard\u0131. Galaksinin \u00fccra bir k\u00f6\u015fesindeki Uzay Feneri 23 de bunlardan biriydi.   Galaksiler aras\u0131 sava\u015f sona ermi\u015fti. Uzay Feneri 23\u2019te kalan eski askerin g\u00f6revi basitti ve i\u015fler yolunda gitti\u011fi s\u00fcrece sakin bir hayat\u0131 vard\u0131. Ama k\u0131sa bir s\u00fcre sonra Uzay Feneri 23\u2019te baz\u0131 s\u0131rad\u0131\u015f\u0131 \u015feyler olmaya ba\u015flayacakt\u0131: bozulan sistemler, devred\u0131\u015f\u0131 kalan ayg\u0131tlar ve kaza yapan bir kargo gemisi\u2026 T\u00fcm bunlarla ba\u015fa \u00e7\u0131kmaya \u00e7al\u0131\u015fan uzay feneri bek\u00e7isinin vermesi gereken \u00e7ok daha b\u00fcy\u00fck bir karar olacakt\u0131 ama bu karar milyonlarca insan\u0131n hayat\u0131n\u0131 etkileyebilirdi.   \u201cHugh Howey yine heyecan\u0131 ve gerilimi bir an bile azalmayan bir roman yazm\u0131\u015f.\u201d \u2013Washington Post   \u201cSava\u015fa ve \u0131ss\u0131zl\u0131\u011fa dair \u015fahane bir bilimkurgu roman\u0131.\u201d \u2013Warren Ellis <\/p>\n","protected":false},"excerpt":{"rendered":"<p>S\u0130LO\u2019nun yazar\u0131 Hugh Howey\u2019den Uzay Feneri 23, insan do\u011fas\u0131n\u0131n derinliklerine inen, sava\u015f\u0131n ve yaln\u0131zl\u0131\u011f\u0131n insan \u00fczerindeki etkilerini sorgulayan heyecan dolu bir bilimkurgu roman\u0131. Y\u00fczy\u0131llar boyunca deniz<span class=\"excerpt-hellip\"> [\u2026]<\/span><\/p>\n","protected":false},"featured_media":0,"template":"","meta":{"_monsterinsights_skip_tracking":false,"_monsterinsights_sitenote_active":false,"_monsterinsights_sitenote_note":"","_monsterinsights_sitenote_category":0},"product_brand":[],"product_cat":[12540,12291],"product_tag":[],"class_list":{"0":"post-770755","1":"product","2":"type-product","3":"status-publish","5":"product_cat-bilim-kurgu","6":"product_cat-edebiyat","7":"pa_cilt-ciltsiz","8":"pa_tur-kitap","9":"pa_yayinevi-ithaki-yayinlari","10":"pa_yazar-hugh-howey","12":"first","13":"instock","14":"sale","15":"shipping-taxable","16":"purchasable","17":"product-type-simple"},"_links":{"self":[{"href":"https:\/\/roveyayinevi.com.tr\/index.php\/wp-json\/wp\/v2\/product\/770755","targetHints":{"allow":["GET"]}}],"collection":[{"href":"https:\/\/roveyayinevi.com.tr\/index.php\/wp-json\/wp\/v2\/product"}],"about":[{"href":"https:\/\/roveyayinevi.com.tr\/index.php\/wp-json\/wp\/v2\/types\/product"}],"wp:attachment":[{"href":"https:\/\/roveyayinevi.com.tr\/index.php\/wp-json\/wp\/v2\/media?parent=770755"}],"wp:term":[{"taxonomy":"product_brand","embeddable":true,"href":"https:\/\/roveyayinevi.com.tr\/index.php\/wp-json\/wp\/v2\/product_brand?post=770755"},{"taxonomy":"product_cat","embeddable":true,"href":"https:\/\/roveyayinevi.com.tr\/index.php\/wp-json\/wp\/v2\/product_cat?post=770755"},{"taxonomy":"product_tag","embeddable":true,"href":"https:\/\/roveyayinevi.com.tr\/index.php\/wp-json\/wp\/v2\/product_tag?post=770755"}],"curies":[{"name":"wp","href":"https:\/\/api.w.org\/{rel}","templated":true}]}}