{"id":770754,"date":"2025-08-28T14:42:03","date_gmt":"2025-08-28T11:42:03","guid":{"rendered":"https:\/\/roveyayinevi.com.tr\/index.php\/urun\/satrancta-acilis-ilkeleri\/"},"modified":"2026-04-15T03:37:10","modified_gmt":"2026-04-15T00:37:10","slug":"satrancta-acilis-ilkeleri","status":"publish","type":"product","link":"https:\/\/roveyayinevi.com.tr\/index.php\/urun\/satrancta-acilis-ilkeleri\/","title":{"rendered":"Satran\u00e7ta A\u00e7\u0131l\u0131\u015f \u0130lkeleri"},"content":{"rendered":"<p>Satran\u00e7; hayat\u0131n zorluklar\u0131 kar\u015f\u0131s\u0131nda pes etmeyen, m\u00fccadele eden bireyler yeti\u015fmesini sa\u011flamaktad\u0131r. Satran\u00e7; stratejik d\u00fc\u015f\u00fcnmeyi sa\u011flayarak bireyin daha do\u011fru kararlar vermesine olanak tan\u0131maktad\u0131r. Satran\u00e7; problem \u00e7\u00f6zme, h\u0131zl\u0131 d\u00fc\u015f\u00fcnebilme becerilerini ve kendine g\u00fcven duygusunu geli\u015ftirmekte, planl\u0131 hareket etmenin \u00f6nemini g\u00f6stermektedir. Satran\u00e7; dost\u00e7a oynamay\u0131, kaybetmeyi kabullenmeyi, kurallara uymay\u0131, kazanan\u0131 kutlamay\u0131 \u00f6\u011fretmektedir. Satran\u00e7; bireyin hayatta daha ba\u015far\u0131l\u0131 olmas\u0131na yard\u0131mc\u0131 olmaktad\u0131r. Satran\u00e7; hayat\u0131n 64 karelik bir d\u00fcnyaya yans\u0131mas\u0131d\u0131r. Serinin ikinci kitab\u0131 olan bu kitap ile konu anlat\u0131mlar\u0131n\u0131n yan\u0131 s\u0131ra diyagramlar \u00fczerinde satranc\u0131n a\u00e7\u0131l\u0131\u015f ilkelerinin (ta\u015f geli\u015fimi, merkez hakimiyeti, \u015fah g\u00fcvenli\u011fi) \u00f6\u011frenilmesi hedeflenmektedir. Ayr\u0131ca bu kitapta, en yayg\u0131n kullan\u0131lan a\u00e7\u0131l\u0131\u015flar (\u0130talyan a\u00e7\u0131l\u0131\u015f\u0131, \u0130sko\u00e7 a\u00e7\u0131l\u0131\u015f\u0131, \u0130spanyol a\u00e7\u0131l\u0131\u015f\u0131, Sicilya savunmas\u0131, Vezir Gambiti vb.) ile bu a\u00e7\u0131l\u0131\u015flar\u0131n oynand\u0131\u011f\u0131 ustalardan ma\u00e7lar da yer almaktad\u0131r. <\/p>\n","protected":false},"excerpt":{"rendered":"<p>Satran\u00e7; hayat\u0131n zorluklar\u0131 kar\u015f\u0131s\u0131nda pes etmeyen, m\u00fccadele eden bireyler yeti\u015fmesini sa\u011flamaktad\u0131r. Satran\u00e7; stratejik d\u00fc\u015f\u00fcnmeyi sa\u011flayarak bireyin daha do\u011fru kararlar vermesine olanak tan\u0131maktad\u0131r. Satran\u00e7; problem \u00e7\u00f6zme, h\u0131zl\u0131<span class=\"excerpt-hellip\"> [\u2026]<\/span><\/p>\n","protected":false},"featured_media":0,"template":"","meta":{"_monsterinsights_skip_tracking":false,"_monsterinsights_sitenote_active":false,"_monsterinsights_sitenote_note":"","_monsterinsights_sitenote_category":0},"product_brand":[],"product_cat":[28265,15563],"product_tag":[],"class_list":{"0":"post-770754","1":"product","2":"type-product","3":"status-publish","5":"product_cat-diger-hobi","6":"product_cat-hobi","7":"pa_cilt-ciltsiz","8":"pa_tur-kitap","9":"pa_yayinevi-ulysses-yayinlari","10":"pa_yazar-hakan-bilici-emre-mecit","12":"first","13":"instock","14":"sale","15":"shipping-taxable","16":"purchasable","17":"product-type-simple"},"_links":{"self":[{"href":"https:\/\/roveyayinevi.com.tr\/index.php\/wp-json\/wp\/v2\/product\/770754","targetHints":{"allow":["GET"]}}],"collection":[{"href":"https:\/\/roveyayinevi.com.tr\/index.php\/wp-json\/wp\/v2\/product"}],"about":[{"href":"https:\/\/roveyayinevi.com.tr\/index.php\/wp-json\/wp\/v2\/types\/product"}],"wp:attachment":[{"href":"https:\/\/roveyayinevi.com.tr\/index.php\/wp-json\/wp\/v2\/media?parent=770754"}],"wp:term":[{"taxonomy":"product_brand","embeddable":true,"href":"https:\/\/roveyayinevi.com.tr\/index.php\/wp-json\/wp\/v2\/product_brand?post=770754"},{"taxonomy":"product_cat","embeddable":true,"href":"https:\/\/roveyayinevi.com.tr\/index.php\/wp-json\/wp\/v2\/product_cat?post=770754"},{"taxonomy":"product_tag","embeddable":true,"href":"https:\/\/roveyayinevi.com.tr\/index.php\/wp-json\/wp\/v2\/product_tag?post=770754"}],"curies":[{"name":"wp","href":"https:\/\/api.w.org\/{rel}","templated":true}]}}