{"id":770750,"date":"2025-08-28T14:41:52","date_gmt":"2025-08-28T11:41:52","guid":{"rendered":"https:\/\/roveyayinevi.com.tr\/index.php\/urun\/karanlik-gecenin-izleri\/"},"modified":"2026-04-15T03:37:10","modified_gmt":"2026-04-15T00:37:10","slug":"karanlik-gecenin-izleri","status":"publish","type":"product","link":"https:\/\/roveyayinevi.com.tr\/index.php\/urun\/karanlik-gecenin-izleri\/","title":{"rendered":"Karanl\u0131k Gecenin \u0130zleri"},"content":{"rendered":"<p>Bir kad\u0131n d\u00fc\u015f\u00fcn\u2026 K\u00fc\u00e7\u00fck bir k\u00f6yde ailesi ve ni\u015fanl\u0131s\u0131yla huzurlu bir hayat ya\u015farken, karanl\u0131k bir gecede t\u00fcm gelece\u011fi elinden al\u0131nan, hayalleri y\u0131k\u0131lan parampar\u00e7a bir kad\u0131n. Bir kad\u0131n d\u00fc\u015f\u00fcn\u2026 Do\u011fup b\u00fcy\u00fcd\u00fc\u011f\u00fc yerde dedikodu ve bask\u0131lara maruz kal\u0131p ni\u015fanl\u0131s\u0131 taraf\u0131ndan terk edilen, su\u00e7suz bir kad\u0131n. O kad\u0131n\u0131n tek su\u00e7u, yard\u0131ma ihtiyac\u0131 olan arkada\u015f\u0131na el uzatmakt\u0131. Nereden bilebilirdi ki en yak\u0131n arkada\u015f\u0131n\u0131n ona k\u00f6t\u00fc bir tuzak kurdu\u011funu? O gece Suna oraya hi\u00e7 gitmemi\u015f olsayd\u0131 bu korkun\u00e7 olaylar\u0131n hi\u00e7biri ba\u015f\u0131na gelmeyecekti. Peki, Suna k\u00f6ydeki dedikodular, ailesinin bask\u0131s\u0131 ve ni\u015fanl\u0131s\u0131n\u0131n onu terk etmesi \u00fczerine neler ya\u015fayacak ve o karanl\u0131k gecenin izlerinden kurtulmay\u0131 nas\u0131l ba\u015faracak? <\/p>\n","protected":false},"excerpt":{"rendered":"<p>Bir kad\u0131n d\u00fc\u015f\u00fcn\u2026 K\u00fc\u00e7\u00fck bir k\u00f6yde ailesi ve ni\u015fanl\u0131s\u0131yla huzurlu bir hayat ya\u015farken, karanl\u0131k bir gecede t\u00fcm gelece\u011fi elinden al\u0131nan, hayalleri y\u0131k\u0131lan parampar\u00e7a bir kad\u0131n. Bir<span class=\"excerpt-hellip\"> [\u2026]<\/span><\/p>\n","protected":false},"featured_media":0,"template":"","meta":{"_monsterinsights_skip_tracking":false,"_monsterinsights_sitenote_active":false,"_monsterinsights_sitenote_note":"","_monsterinsights_sitenote_category":0},"product_brand":[],"product_cat":[12291,12711],"product_tag":[],"class_list":{"0":"post-770750","1":"product","2":"type-product","3":"status-publish","5":"product_cat-edebiyat","6":"product_cat-roman-oyku","7":"pa_cilt-ciltsiz","8":"pa_tur-kitap","9":"pa_yayinevi-ulysses-yayinlari","10":"pa_yazar-dilara-yilmaz","12":"first","13":"instock","14":"sale","15":"shipping-taxable","16":"purchasable","17":"product-type-simple"},"_links":{"self":[{"href":"https:\/\/roveyayinevi.com.tr\/index.php\/wp-json\/wp\/v2\/product\/770750","targetHints":{"allow":["GET"]}}],"collection":[{"href":"https:\/\/roveyayinevi.com.tr\/index.php\/wp-json\/wp\/v2\/product"}],"about":[{"href":"https:\/\/roveyayinevi.com.tr\/index.php\/wp-json\/wp\/v2\/types\/product"}],"wp:attachment":[{"href":"https:\/\/roveyayinevi.com.tr\/index.php\/wp-json\/wp\/v2\/media?parent=770750"}],"wp:term":[{"taxonomy":"product_brand","embeddable":true,"href":"https:\/\/roveyayinevi.com.tr\/index.php\/wp-json\/wp\/v2\/product_brand?post=770750"},{"taxonomy":"product_cat","embeddable":true,"href":"https:\/\/roveyayinevi.com.tr\/index.php\/wp-json\/wp\/v2\/product_cat?post=770750"},{"taxonomy":"product_tag","embeddable":true,"href":"https:\/\/roveyayinevi.com.tr\/index.php\/wp-json\/wp\/v2\/product_tag?post=770750"}],"curies":[{"name":"wp","href":"https:\/\/api.w.org\/{rel}","templated":true}]}}