{"id":770732,"date":"2025-08-28T14:41:17","date_gmt":"2025-08-28T11:41:17","guid":{"rendered":"https:\/\/roveyayinevi.com.tr\/index.php\/urun\/osmanlidan-erken-cumhuriyete-ufurukculer-cinciler-falcilar\/"},"modified":"2026-04-15T03:37:10","modified_gmt":"2026-04-15T00:37:10","slug":"osmanlidan-erken-cumhuriyete-ufurukculer-cinciler-falcilar","status":"publish","type":"product","link":"https:\/\/roveyayinevi.com.tr\/index.php\/urun\/osmanlidan-erken-cumhuriyete-ufurukculer-cinciler-falcilar\/","title":{"rendered":"Osmanl\u0131&#8217;dan Erken Cumhuriyet&#8217;e \u00dcf\u00fcr\u00fck\u00e7\u00fcler, Cinciler, Falc\u0131lar"},"content":{"rendered":"<p>\u00d6mer Obuz, Osmanl\u0131 \u0130mparatorlu\u011fu\u2019ndan erken Cumhuriyet\u2019e hatta bug\u00fcne- kadar uzanan bir yelpazede \u00fcf\u00fcr\u00fck\u00e7\u00fclerin, cincilerin, falc\u0131lar\u0131n toplumsal konumlar\u0131n\u0131 ve itibarlar\u0131n\u0131n kaynaklar\u0131n\u0131, g\u00fcndelik hayata ne \u00f6l\u00e7\u00fcde etki ettiklerini titiz bir \u00e7al\u0131\u015fmayla ortaya koyuyor. Osmanl\u0131\u2019dan Erken Cumhuriyet\u2019e \u00dcf\u00fcr\u00fck\u00e7\u00fcler, Cinciler, Falc\u0131lar de\u011fi\u015fen rejimle birlikte bu konuda asl\u0131nda pek de de\u011fi\u015fmeyen sosyok\u00fclt\u00fcrel ortama i\u015faret ederek bat\u0131l itikatlar\u0131n ve hurafelerin insanlar\u0131n duygular\u0131yla oynamaya nas\u0131l arac\u0131l\u0131k ettiklerini; sosyal ve siyasal hayatta oynad\u0131klar\u0131 rol\u00fc; iktidarlar\u0131n tutum ve pozisyonlar\u0131n\u0131 ele al\u0131yor. Trajik, abs\u00fcrt, komik, dramatik, fantastik hik\u00e2yelerle dolu, as\u0131rl\u0131k bir sorunun daha iyi anla\u015f\u0131lmas\u0131na katk\u0131 sunan bir \u00e7al\u0131\u015fma. \u201c\u00dcf\u00fcr\u00fck\u00e7\u00fc tak\u0131m\u0131 Osmanl\u0131\u2019dan Cumhuriyet\u2019e insanlar\u0131n mahremine ustal\u0131kla s\u0131zmay\u0131 ve say\u0131s\u0131z ma\u011fdura ra\u011fmen ard\u0131llar\u0131na yeni f\u0131rsatlar sunmay\u0131 nas\u0131l ba\u015farm\u0131\u015flard\u0131? \u0130nsanlar ak\u0131l almaz iddia ve y\u00f6ntemlerine ra\u011fmen nas\u0131l olup da neredeyse her sorunlar\u0131nda kendilerini cinci, b\u00fcy\u00fcc\u00fc, falc\u0131 ve t\u00fcrevlerine teslim edebilmi\u015flerdi? Bu g\u00fcvenin kayna\u011f\u0131 neydi ve insanlar\u0131n motivasyonunu ne sa\u011fl\u0131yordu?\u201d \u00d6MER OBUZ<\/p>\n","protected":false},"excerpt":{"rendered":"<p>\u00d6mer Obuz, Osmanl\u0131 \u0130mparatorlu\u011fu\u2019ndan erken Cumhuriyet\u2019e hatta bug\u00fcne- kadar uzanan bir yelpazede \u00fcf\u00fcr\u00fck\u00e7\u00fclerin, cincilerin, falc\u0131lar\u0131n toplumsal konumlar\u0131n\u0131 ve itibarlar\u0131n\u0131n kaynaklar\u0131n\u0131, g\u00fcndelik hayata ne \u00f6l\u00e7\u00fcde etki ettiklerini<span class=\"excerpt-hellip\"> [\u2026]<\/span><\/p>\n","protected":false},"featured_media":0,"template":"","meta":{"_monsterinsights_skip_tracking":false,"_monsterinsights_sitenote_active":false,"_monsterinsights_sitenote_note":"","_monsterinsights_sitenote_category":0},"product_brand":[],"product_cat":[13517,12304],"product_tag":[],"class_list":{"0":"post-770732","1":"product","2":"type-product","3":"status-publish","5":"product_cat-osmanli-tarihi","6":"product_cat-tarih","7":"pa_cilt-ciltsiz","8":"pa_tur-kitap","9":"pa_yayinevi-iletisim-yayinlari","10":"pa_yazar-omer-obuz","12":"first","13":"instock","14":"sale","15":"shipping-taxable","16":"purchasable","17":"product-type-simple"},"_links":{"self":[{"href":"https:\/\/roveyayinevi.com.tr\/index.php\/wp-json\/wp\/v2\/product\/770732","targetHints":{"allow":["GET"]}}],"collection":[{"href":"https:\/\/roveyayinevi.com.tr\/index.php\/wp-json\/wp\/v2\/product"}],"about":[{"href":"https:\/\/roveyayinevi.com.tr\/index.php\/wp-json\/wp\/v2\/types\/product"}],"wp:attachment":[{"href":"https:\/\/roveyayinevi.com.tr\/index.php\/wp-json\/wp\/v2\/media?parent=770732"}],"wp:term":[{"taxonomy":"product_brand","embeddable":true,"href":"https:\/\/roveyayinevi.com.tr\/index.php\/wp-json\/wp\/v2\/product_brand?post=770732"},{"taxonomy":"product_cat","embeddable":true,"href":"https:\/\/roveyayinevi.com.tr\/index.php\/wp-json\/wp\/v2\/product_cat?post=770732"},{"taxonomy":"product_tag","embeddable":true,"href":"https:\/\/roveyayinevi.com.tr\/index.php\/wp-json\/wp\/v2\/product_tag?post=770732"}],"curies":[{"name":"wp","href":"https:\/\/api.w.org\/{rel}","templated":true}]}}