{"id":770729,"date":"2025-08-28T14:41:11","date_gmt":"2025-08-28T11:41:11","guid":{"rendered":"https:\/\/roveyayinevi.com.tr\/index.php\/urun\/gozlerin-siir-ben-de\/"},"modified":"2026-04-15T03:37:09","modified_gmt":"2026-04-15T00:37:09","slug":"gozlerin-siir-ben-de","status":"publish","type":"product","link":"https:\/\/roveyayinevi.com.tr\/index.php\/urun\/gozlerin-siir-ben-de\/","title":{"rendered":"G\u00f6zlerin \u015eiir Ben de"},"content":{"rendered":"<p>Ben hi\u00e7 \u015fiir yazmazd\u0131m Bilmezdim ki \u015fiirin G\u00f6zde k\u00e2\u011f\u0131t Bak\u0131\u015fta kalem Y\u00fcrekte m\u0131sra Hece hece b\u00f6l\u00fcn\u00fcp Kur\u015fun gibi vurdu\u011funu Bilmezdim ki \u015fiirin Ate\u015f olup kor kor Kelimelerde tutu\u015ftu\u011funu G\u00f6zlerin bir kitap kadar \u015eiir okudu\u011funu Bilmezdim ki \u015fiirin sen oldu\u011funu G\u00f6zlerin \u015fiir bende\u2026 <\/p>\n","protected":false},"excerpt":{"rendered":"<p>Ben hi\u00e7 \u015fiir yazmazd\u0131m Bilmezdim ki \u015fiirin G\u00f6zde k\u00e2\u011f\u0131t Bak\u0131\u015fta kalem Y\u00fcrekte m\u0131sra Hece hece b\u00f6l\u00fcn\u00fcp Kur\u015fun gibi vurdu\u011funu Bilmezdim ki \u015fiirin Ate\u015f olup kor kor<span class=\"excerpt-hellip\"> [\u2026]<\/span><\/p>\n","protected":false},"featured_media":0,"template":"","meta":{"_monsterinsights_skip_tracking":false,"_monsterinsights_sitenote_active":false,"_monsterinsights_sitenote_note":"","_monsterinsights_sitenote_category":0},"product_brand":[],"product_cat":[12291,12509],"product_tag":[],"class_list":{"0":"post-770729","1":"product","2":"type-product","3":"status-publish","5":"product_cat-edebiyat","6":"product_cat-siir","7":"pa_cilt-ciltsiz","8":"pa_tur-kitap","9":"pa_yayinevi-ugi","10":"pa_yazar-aliye-bozkurt","12":"first","13":"instock","14":"sale","15":"shipping-taxable","16":"purchasable","17":"product-type-simple"},"_links":{"self":[{"href":"https:\/\/roveyayinevi.com.tr\/index.php\/wp-json\/wp\/v2\/product\/770729","targetHints":{"allow":["GET"]}}],"collection":[{"href":"https:\/\/roveyayinevi.com.tr\/index.php\/wp-json\/wp\/v2\/product"}],"about":[{"href":"https:\/\/roveyayinevi.com.tr\/index.php\/wp-json\/wp\/v2\/types\/product"}],"wp:attachment":[{"href":"https:\/\/roveyayinevi.com.tr\/index.php\/wp-json\/wp\/v2\/media?parent=770729"}],"wp:term":[{"taxonomy":"product_brand","embeddable":true,"href":"https:\/\/roveyayinevi.com.tr\/index.php\/wp-json\/wp\/v2\/product_brand?post=770729"},{"taxonomy":"product_cat","embeddable":true,"href":"https:\/\/roveyayinevi.com.tr\/index.php\/wp-json\/wp\/v2\/product_cat?post=770729"},{"taxonomy":"product_tag","embeddable":true,"href":"https:\/\/roveyayinevi.com.tr\/index.php\/wp-json\/wp\/v2\/product_tag?post=770729"}],"curies":[{"name":"wp","href":"https:\/\/api.w.org\/{rel}","templated":true}]}}